CRAN Package Check Results for Package geoops

Last updated on 2018-10-17 08:48:16 CEST.

Flavor Version Tinstall Tcheck Ttotal Status Flags
r-devel-linux-x86_64-debian-clang 0.2.0 167.80 30.41 198.21 OK
r-devel-linux-x86_64-debian-gcc 0.2.0 154.73 24.41 179.14 OK
r-devel-linux-x86_64-fedora-clang 0.2.0 301.86 NOTE
r-devel-linux-x86_64-fedora-gcc 0.2.0 283.95 OK
r-devel-windows-ix86+x86_64 0.2.0 468.00 86.00 554.00 OK
r-patched-linux-x86_64 0.2.0 187.65 27.10 214.75 OK
r-patched-solaris-x86 0.2.0 253.70 OK
r-release-linux-x86_64 0.2.0 190.85 27.34 218.19 OK
r-release-windows-ix86+x86_64 0.2.0 385.00 57.00 442.00 OK
r-release-osx-x86_64 0.2.0 NOTE
r-oldrel-windows-ix86+x86_64 0.2.0 463.00 65.00 528.00 OK
r-oldrel-osx-x86_64 0.2.0 NOTE

Check Details

Version: 0.2.0
Check: installed package size
Result: NOTE
     installed size is 14.7Mb
     sub-directories of 1Mb or more:
     doc 1.0Mb
     libs 13.0Mb
Flavors: r-devel-linux-x86_64-fedora-clang, r-release-osx-x86_64, r-oldrel-osx-x86_64