CRAN Package Check Results for Package geoops

Last updated on 2019-01-23 08:49:05 CET.

Flavor Version Tinstall Tcheck Ttotal Status Flags
r-devel-linux-x86_64-debian-clang 0.2.0 167.78 29.61 197.39 OK
r-devel-linux-x86_64-debian-gcc 0.2.0 153.50 23.82 177.32 OK
r-devel-linux-x86_64-fedora-clang 0.2.0 302.14 NOTE
r-devel-linux-x86_64-fedora-gcc 0.2.0 287.11 OK
r-devel-windows-ix86+x86_64 0.2.0 447.00 78.00 525.00 OK
r-patched-linux-x86_64 0.2.0 191.26 27.31 218.57 OK
r-patched-solaris-x86 0.2.0 264.40 OK
r-release-linux-x86_64 0.2.0 192.95 27.16 220.11 OK
r-release-windows-ix86+x86_64 0.2.0 352.00 102.00 454.00 OK
r-release-osx-x86_64 0.2.0 NOTE
r-oldrel-windows-ix86+x86_64 0.2.0 363.00 87.00 450.00 OK
r-oldrel-osx-x86_64 0.2.0 NOTE

Check Details

Version: 0.2.0
Check: installed package size
Result: NOTE
     installed size is 14.7Mb
     sub-directories of 1Mb or more:
     doc 1.0Mb
     libs 13.0Mb
Flavors: r-devel-linux-x86_64-fedora-clang, r-release-osx-x86_64, r-oldrel-osx-x86_64