CRAN Package Check Results for Package geoops

Last updated on 2018-08-16 12:50:12 CEST.

Flavor Version Tinstall Tcheck Ttotal Status Flags
r-devel-linux-x86_64-debian-clang 0.2.0 160.09 30.09 190.18 OK
r-devel-linux-x86_64-debian-gcc 0.2.0 156.53 24.58 181.11 OK
r-devel-linux-x86_64-fedora-clang 0.2.0 281.90 NOTE
r-devel-linux-x86_64-fedora-gcc 0.2.0 283.44 OK
r-devel-windows-ix86+x86_64 0.2.0 359.00 89.00 448.00 OK
r-patched-linux-x86_64 0.2.0 191.34 27.09 218.43 OK
r-patched-solaris-x86 0.2.0 259.30 OK
r-release-linux-x86_64 0.2.0 191.42 26.94 218.36 OK
r-release-windows-ix86+x86_64 0.2.0 442.00 83.00 525.00 OK
r-release-osx-x86_64 0.2.0 NOTE
r-oldrel-windows-ix86+x86_64 0.2.0 467.00 63.00 530.00 OK
r-oldrel-osx-x86_64 0.2.0 NOTE

Check Details

Version: 0.2.0
Check: installed package size
Result: NOTE
     installed size is 14.1Mb
     sub-directories of 1Mb or more:
     doc 1.0Mb
     libs 12.3Mb
Flavors: r-devel-linux-x86_64-fedora-clang, r-release-osx-x86_64, r-oldrel-osx-x86_64