CRAN Package Check Results for Package geoops

Last updated on 2018-05-27 15:46:54 CEST.

Flavor Version Tinstall Tcheck Ttotal Status Flags
r-devel-linux-x86_64-debian-clang 0.1.8 144.13 29.98 174.11 WARN
r-devel-linux-x86_64-debian-gcc 0.1.8 135.17 23.81 158.98 WARN
r-devel-linux-x86_64-fedora-clang 0.1.8 253.97 NOTE
r-devel-linux-x86_64-fedora-gcc 0.1.8 263.33 NOTE
r-devel-windows-ix86+x86_64 0.1.8 315.00 84.00 399.00 OK
r-patched-linux-x86_64 0.1.8 164.84 26.43 191.27 OK
r-patched-solaris-x86 0.1.8 239.30 OK
r-release-linux-x86_64 0.1.8 164.59 26.50 191.09 OK
r-release-windows-ix86+x86_64 0.1.8 421.00 85.00 506.00 OK
r-release-osx-x86_64 0.1.8 OK
r-oldrel-windows-ix86+x86_64 0.1.8 408.00 63.00 471.00 OK
r-oldrel-osx-x86_64 0.1.8 OK

Check Details

Version: 0.1.8
Check: for unstated dependencies in ‘tests’
Result: WARN
    '::' or ':::' import not declared from: ‘jsonlite’
Flavors: r-devel-linux-x86_64-debian-clang, r-devel-linux-x86_64-debian-gcc

Version: 0.1.8
Check: installed package size
Result: NOTE
     installed size is 10.6Mb
     sub-directories of 1Mb or more:
     doc 1.0Mb
     libs 8.8Mb
Flavors: r-devel-linux-x86_64-fedora-clang, r-devel-linux-x86_64-fedora-gcc