CRAN Package Check Results for Package geoops

Last updated on 2018-02-22 16:47:42 CET.

Flavor Version Tinstall Tcheck Ttotal Status Flags
r-devel-linux-x86_64-debian-clang 0.1.2 144.52 24.74 169.26 WARN
r-devel-linux-x86_64-debian-gcc 0.1.2 131.12 21.34 152.46 WARN
r-devel-linux-x86_64-fedora-clang 0.1.2 255.06 WARN
r-devel-linux-x86_64-fedora-gcc 0.1.2 256.38 WARN
r-devel-windows-ix86+x86_64 0.1.2 403.00 65.00 468.00 WARN
r-patched-linux-x86_64 0.1.2 157.91 28.28 186.19 OK
r-patched-solaris-x86 0.1.2 249.10 OK
r-release-linux-x86_64 0.1.2 159.66 27.98 187.64 OK
r-release-windows-ix86+x86_64 0.1.2 415.00 77.00 492.00 OK
r-release-osx-x86_64 0.1.2 OK
r-oldrel-windows-ix86+x86_64 0.1.2 323.00 56.00 379.00 OK
r-oldrel-osx-x86_64 0.1.2 ERROR

Check Details

Version: 0.1.2
Check: pragmas in C/C++ headers and code
Result: WARN
    File which contains pragma(s) suppressing important diagnostics:
     ‘src/json.h’
Flavors: r-devel-linux-x86_64-debian-clang, r-devel-linux-x86_64-debian-gcc, r-devel-linux-x86_64-fedora-clang, r-devel-linux-x86_64-fedora-gcc, r-devel-windows-ix86+x86_64

Version: 0.1.2
Check: installed package size
Result: NOTE
     installed size is 10.9Mb
     sub-directories of 1Mb or more:
     doc 1.2Mb
     libs 8.9Mb
Flavors: r-devel-linux-x86_64-fedora-clang, r-devel-linux-x86_64-fedora-gcc

Version: 0.1.2
Check: whether package can be installed
Result: ERROR
    Installation failed.
Flavor: r-oldrel-osx-x86_64