CRAN Package Check Results for Package geosptdb

Last updated on 2019-09-16 22:49:22 CEST.

Flavor Version Tinstall Tcheck Ttotal Status Flags
r-devel-linux-x86_64-debian-clang 0.5-0 11.60 114.57 126.17 NOTE
r-devel-linux-x86_64-debian-gcc 0.5-0 10.99 91.73 102.72 NOTE
r-devel-linux-x86_64-fedora-clang 0.5-0 154.43 NOTE
r-devel-linux-x86_64-fedora-gcc 0.5-0 153.85 NOTE
r-devel-windows-ix86+x86_64 0.5-0 44.00 189.00 233.00 NOTE
r-patched-linux-x86_64 0.5-0 11.98 115.15 127.13 NOTE
r-patched-solaris-x86 0.5-0 250.00 NOTE
r-release-linux-x86_64 0.5-0 10.94 115.39 126.33 NOTE
r-release-windows-ix86+x86_64 0.5-0 29.00 148.00 177.00 NOTE
r-release-osx-x86_64 0.5-0 NOTE
r-oldrel-windows-ix86+x86_64 0.5-0 24.00 121.00 145.00 NOTE
r-oldrel-osx-x86_64 0.5-0 NOTE

Check Details

Version: 0.5-0
Check: R code for possible problems
Result: NOTE
    criterioST.cv: no visible global function definition for 'cor'
    dblm: no visible global function definition for 'cmdscale'
    dblm: no visible global function definition for 'cor'
    dblm: no visible global function definition for 'lm'
    extractFormula: no visible global function definition for 'model.frame'
    extractFormula: no visible global function definition for 'terms'
    extractFormula: no visible global function definition for 'as'
    extractFormula: no visible global function definition for
     'model.extract'
    extractFormula: no visible global function definition for
     'model.matrix'
    extractFormula: no visible global function definition for
     'delete.response'
    graph.rbfST: no visible global function definition for 'optimize'
    graph.rbfST: no visible global function definition for 'txtProgressBar'
    graph.rbfST: no visible global function definition for
     'setTxtProgressBar'
    graph.rbfST: no visible global function definition for 'plot'
    graph.rbfST: no visible global function definition for 'heat.colors'
    idwST: no visible global function definition for 'sd'
    idwST: no visible global function definition for 'txtProgressBar'
    idwST: no visible global function definition for 'setTxtProgressBar'
    idwST.cv: no visible global function definition for 'txtProgressBar'
    idwST.cv: no visible global function definition for 'setTxtProgressBar'
    idwST.cv1: no visible global function definition for 'txtProgressBar'
    idwST.cv1: no visible global function definition for
     'setTxtProgressBar'
    idwST.tcv: no visible global function definition for 'txtProgressBar'
    idwST.tcv: no visible global function definition for
     'setTxtProgressBar'
    rbfST: no visible global function definition for 'sd'
    rbfST: no visible global function definition for 'txtProgressBar'
    rbfST: no visible global function definition for 'setTxtProgressBar'
    rbfST.tcv: no visible global function definition for 'txtProgressBar'
    rbfST.tcv: no visible global function definition for
     'setTxtProgressBar'
    Undefined global functions or variables:
     as cmdscale cor delete.response heat.colors lm model.extract
     model.frame model.matrix optimize plot sd setTxtProgressBar terms
     txtProgressBar
    Consider adding
     importFrom("grDevices", "heat.colors")
     importFrom("graphics", "plot")
     importFrom("methods", "as")
     importFrom("stats", "cmdscale", "cor", "delete.response", "lm",
     "model.extract", "model.frame", "model.matrix", "optimize",
     "sd", "terms")
     importFrom("utils", "setTxtProgressBar", "txtProgressBar")
    to your NAMESPACE file (and ensure that your DESCRIPTION Imports field
    contains 'methods').
Flavors: r-devel-linux-x86_64-debian-clang, r-devel-linux-x86_64-debian-gcc, r-devel-linux-x86_64-fedora-clang, r-devel-linux-x86_64-fedora-gcc, r-devel-windows-ix86+x86_64, r-patched-linux-x86_64, r-patched-solaris-x86, r-release-linux-x86_64, r-release-windows-ix86+x86_64, r-release-osx-x86_64, r-oldrel-windows-ix86+x86_64, r-oldrel-osx-x86_64