CRAN Package Check Results for Package geostatsp

Last updated on 2018-11-21 16:48:19 CET.

Flavor Version Tinstall Tcheck Ttotal Status Flags
r-devel-linux-x86_64-debian-clang 1.7.2 17.59 392.31 409.90 NOTE
r-devel-linux-x86_64-debian-gcc 1.7.2 17.56 300.44 318.00 NOTE
r-devel-linux-x86_64-fedora-clang 1.7.2 494.83 NOTE
r-devel-linux-x86_64-fedora-gcc 1.7.2 490.21 OK
r-devel-windows-ix86+x86_64 1.7.2 48.00 667.00 715.00 NOTE
r-patched-linux-x86_64 1.7.2 16.67 388.79 405.46 NOTE
r-patched-solaris-x86 1.7.2 774.90 NOTE
r-release-linux-x86_64 1.7.2 19.39 390.80 410.19 NOTE
r-release-windows-ix86+x86_64 1.7.2 36.00 653.00 689.00 NOTE
r-release-osx-x86_64 1.7.2 NOTE
r-oldrel-windows-ix86+x86_64 1.7.2 37.00 962.00 999.00 OK
r-oldrel-osx-x86_64 1.7.2 NOTE

Additional issues

ATLAS rchk

Check Details

Version: 1.7.2
Check: package dependencies
Result: NOTE
    Package which this enhances but not available for checking: ‘INLA’
Flavors: r-devel-linux-x86_64-debian-clang, r-devel-linux-x86_64-debian-gcc, r-patched-linux-x86_64, r-patched-solaris-x86, r-release-linux-x86_64, r-release-osx-x86_64, r-oldrel-osx-x86_64

Version: 1.7.2
Check: installed package size
Result: NOTE
     installed size is 5.3Mb
     sub-directories of 1Mb or more:
     data 3.8Mb
Flavors: r-devel-linux-x86_64-fedora-clang, r-devel-windows-ix86+x86_64, r-patched-solaris-x86, r-release-windows-ix86+x86_64, r-release-osx-x86_64