CRAN Package Check Results for Package geostatsp

Last updated on 2018-02-24 04:48:33 CET.

Flavor Version Tinstall Tcheck Ttotal Status Flags
r-devel-linux-x86_64-debian-clang 1.6.0 12.82 581.41 594.23 NOTE
r-devel-linux-x86_64-debian-gcc 1.6.0 14.04 446.79 460.83 NOTE
r-devel-linux-x86_64-fedora-clang 1.6.0 711.30 NOTE
r-devel-linux-x86_64-fedora-gcc 1.6.0 733.28 NOTE
r-devel-windows-ix86+x86_64 1.6.0 49.00 1259.00 1308.00 NOTE
r-patched-linux-x86_64 1.6.0 10.14 601.36 611.50 NOTE
r-patched-solaris-x86 1.6.0 1365.30 NOTE
r-release-linux-x86_64 1.6.0 9.27 594.16 603.43 NOTE
r-release-windows-ix86+x86_64 1.6.0 36.00 0.00 36.00 FAIL
r-release-osx-x86_64 1.6.0 NOTE
r-oldrel-windows-ix86+x86_64 1.6.0 23.00 1583.00 1606.00 FAIL
r-oldrel-osx-x86_64 1.6.0 NOTE

Check Details

Version: 1.6.0
Check: package dependencies
Result: NOTE
    Package which this enhances but not available for checking: ‘INLA’
Flavors: r-devel-linux-x86_64-debian-clang, r-devel-linux-x86_64-debian-gcc, r-patched-linux-x86_64, r-patched-solaris-x86, r-release-linux-x86_64, r-release-osx-x86_64, r-oldrel-osx-x86_64

Version: 1.6.0
Check: Rd cross-references
Result: NOTE
    Package unavailable to check Rd xrefs: ‘INLA’
Flavors: r-devel-linux-x86_64-debian-clang, r-devel-linux-x86_64-debian-gcc, r-patched-linux-x86_64, r-patched-solaris-x86, r-release-linux-x86_64, r-release-osx-x86_64, r-oldrel-osx-x86_64

Version: 1.6.0
Check: installed package size
Result: NOTE
     installed size is 5.2Mb
     sub-directories of 1Mb or more:
     data 3.8Mb
Flavors: r-devel-linux-x86_64-fedora-clang, r-devel-linux-x86_64-fedora-gcc, r-devel-windows-ix86+x86_64, r-patched-solaris-x86

Version: 1.6.0
Check: package dependencies
Result: NOTE
    Package which this enhances but not available for checking: 'Ryacas'
Flavor: r-devel-windows-ix86+x86_64

Version: 1.6.0
Check: re-building of vignette outputs
Result: FAIL
    Check process probably crashed or hung up for 20 minutes ... killed
    Most likely this happened in the example checks (?),
    if not, ignore the following last lines of example output:
    
    ======== End of example output (where/before crash/hang up occured ?) ========
Flavors: r-release-windows-ix86+x86_64, r-oldrel-windows-ix86+x86_64