CRAN Package Check Results for Package geostatsp

Last updated on 2018-05-22 11:47:28 CEST.

Flavor Version Tinstall Tcheck Ttotal Status Flags
r-devel-linux-x86_64-debian-clang 1.7.1 19.26 362.33 381.59 NOTE
r-devel-linux-x86_64-debian-gcc 1.7.1 15.79 311.80 327.59 NOTE
r-devel-linux-x86_64-fedora-clang 1.7.1 522.06 NOTE
r-devel-linux-x86_64-fedora-gcc 1.7.1 528.44 NOTE
r-devel-windows-ix86+x86_64 1.7.1 44.00 517.00 561.00 NOTE
r-patched-linux-x86_64 1.7.1 18.97 385.97 404.94 NOTE
r-patched-solaris-x86 1.7.1 757.90 NOTE
r-release-linux-x86_64 1.7.1 17.60 380.72 398.32 NOTE
r-release-windows-ix86+x86_64 1.7.1 50.00 589.00 639.00 NOTE
r-release-osx-x86_64 1.7.1 NOTE
r-oldrel-windows-ix86+x86_64 1.7.1 35.00 1014.00 1049.00 OK
r-oldrel-osx-x86_64 1.7.1 NOTE

Check Details

Version: 1.7.1
Check: package dependencies
Result: NOTE
    Package which this enhances but not available for checking: ‘INLA’
Flavors: r-devel-linux-x86_64-debian-clang, r-devel-linux-x86_64-debian-gcc, r-patched-linux-x86_64, r-patched-solaris-x86, r-release-linux-x86_64, r-release-osx-x86_64, r-oldrel-osx-x86_64

Version: 1.7.1
Check: Rd cross-references
Result: NOTE
    Package unavailable to check Rd xrefs: ‘INLA’
Flavors: r-devel-linux-x86_64-debian-clang, r-devel-linux-x86_64-debian-gcc, r-patched-linux-x86_64, r-patched-solaris-x86, r-release-linux-x86_64, r-release-osx-x86_64, r-oldrel-osx-x86_64

Version: 1.7.1
Check: installed package size
Result: NOTE
     installed size is 5.3Mb
     sub-directories of 1Mb or more:
     data 3.8Mb
Flavors: r-devel-linux-x86_64-fedora-clang, r-devel-linux-x86_64-fedora-gcc, r-devel-windows-ix86+x86_64, r-patched-solaris-x86, r-release-windows-ix86+x86_64, r-release-osx-x86_64