CRAN Package Check Results for Package geostatsp

Last updated on 2018-08-21 06:50:07 CEST.

Flavor Version Tinstall Tcheck Ttotal Status Flags
r-devel-linux-x86_64-debian-clang 1.7.2 16.12 404.47 420.59 NOTE
r-devel-linux-x86_64-debian-gcc 1.7.2 17.27 319.62 336.89 NOTE
r-devel-linux-x86_64-fedora-clang 1.7.2 530.13 NOTE
r-devel-linux-x86_64-fedora-gcc 1.7.2 517.92 OK
r-devel-windows-ix86+x86_64 1.7.2 51.00 677.00 728.00 NOTE
r-patched-linux-x86_64 1.7.2 16.61 376.04 392.65 NOTE
r-patched-solaris-x86 1.7.2 751.30 NOTE
r-release-linux-x86_64 1.7.2 16.49 377.28 393.77 NOTE
r-release-windows-ix86+x86_64 1.7.2 45.00 509.00 554.00 NOTE
r-release-osx-x86_64 1.7.2 NOTE
r-oldrel-windows-ix86+x86_64 1.7.2 24.00 1109.00 1133.00 OK
r-oldrel-osx-x86_64 1.7.2 NOTE

Additional issues

ATLAS

Check Details

Version: 1.7.2
Check: package dependencies
Result: NOTE
    Package which this enhances but not available for checking: ‘INLA’
Flavors: r-devel-linux-x86_64-debian-clang, r-devel-linux-x86_64-debian-gcc, r-patched-linux-x86_64, r-patched-solaris-x86, r-release-linux-x86_64, r-release-osx-x86_64, r-oldrel-osx-x86_64

Version: 1.7.2
Check: installed package size
Result: NOTE
     installed size is 5.3Mb
     sub-directories of 1Mb or more:
     data 3.8Mb
Flavors: r-devel-linux-x86_64-fedora-clang, r-devel-windows-ix86+x86_64, r-patched-solaris-x86, r-release-windows-ix86+x86_64, r-release-osx-x86_64