CRAN Package Check Results for Package geozoning

Last updated on 2018-05-27 21:47:43 CEST.

Flavor Version Tinstall Tcheck Ttotal Status Flags
r-devel-linux-x86_64-debian-clang 1.0.0 16.37 602.78 619.15 OK
r-devel-linux-x86_64-debian-gcc 1.0.0 10.97 454.97 465.94 OK
r-devel-linux-x86_64-fedora-clang 1.0.0 696.22 NOTE
r-devel-linux-x86_64-fedora-gcc 1.0.0 685.32 NOTE
r-devel-windows-ix86+x86_64 1.0.0 30.00 572.00 602.00 OK
r-patched-linux-x86_64 1.0.0 9.52 529.53 539.05 OK
r-patched-solaris-x86 1.0.0 629.20 WARN
r-release-linux-x86_64 1.0.0 12.97 551.06 564.03 OK
r-release-windows-ix86+x86_64 1.0.0 31.00 732.00 763.00 OK
r-release-osx-x86_64 1.0.0 NOTE
r-oldrel-windows-ix86+x86_64 1.0.0 30.00 512.00 542.00 OK
r-oldrel-osx-x86_64 1.0.0 NOTE

Check Details

Version: 1.0.0
Check: dependencies in R code
Result: NOTE
    Namespaces in Imports field not imported from:
     ‘ggplot2’ ‘utils’
     All declared Imports should be used.
Flavors: r-devel-linux-x86_64-fedora-clang, r-devel-linux-x86_64-fedora-gcc, r-patched-solaris-x86, r-release-osx-x86_64, r-oldrel-osx-x86_64

Version: 1.0.0
Check: re-building of vignette outputs
Result: WARN
    Error in re-building vignettes:
     ...
    Warning in engine$weave(file, quiet = quiet, encoding = enc) :
     Pandoc (>= 1.12.3) and/or pandoc-citeproc not available. Falling back to R Markdown v1.
    Loading required package: spam
    Loading required package: dotCall64
    Loading required package: grid
    Spam version 2.1-4 (2018-04-12) is loaded.
    Type 'help( Spam)' or 'demo( spam)' for a short introduction
    and overview of this package.
    Help for individual functions is also obtained by adding the
    suffix '.spam' to the function name, e.g. 'help( chol.spam)'.
    
    Attaching package: 'spam'
    
    The following objects are masked from 'package:base':
    
     backsolve, forwardsolve
    
    Loading required package: maps
    See www.image.ucar.edu/~nychka/Fields for
     a vignette and other supplements.
    New output format of RFsimulate: S4 object of class 'RFsp';
    for a bare, but faster array format use 'RFoptions(spConform=FALSE)'.
    
     PLEASE NOTE: The components "delsgs" and "summary" of the
     object returned by deldir() are now DATA FRAMES rather than
     matrices (as they were prior to release 0.0-18).
     See help("deldir").
    
     PLEASE NOTE: The process that deldir() uses for determining
     duplicated points has changed from that used in version
     0.0-9 of this package (and previously). See help("deldir").
    
    
    Warning in engine$weave(file, quiet = quiet, encoding = enc) :
     Pandoc (>= 1.12.3) and/or pandoc-citeproc not available. Falling back to R Markdown v1.
    Quitting from lines 79-89 (zoningSimu.Rmd)
    Error: processing vignette 'zoningSimu.Rmd' failed with diagnostics:
    subscript out of bounds
    Execution halted
Flavor: r-patched-solaris-x86