CRAN Package Check Results for Package geozoning

Last updated on 2018-08-17 07:47:32 CEST.

Flavor Version Tinstall Tcheck Ttotal Status Flags
r-devel-linux-x86_64-debian-clang 1.0.0 13.45 561.24 574.69 OK
r-devel-linux-x86_64-debian-gcc 1.0.0 11.36 445.70 457.06 OK
r-devel-linux-x86_64-fedora-clang 1.0.0 694.01 NOTE
r-devel-linux-x86_64-fedora-gcc 1.0.0 675.28 NOTE
r-devel-windows-ix86+x86_64 1.0.0 41.00 768.00 809.00 OK
r-patched-linux-x86_64 1.0.0 14.64 523.12 537.76 OK
r-patched-solaris-x86 1.0.0 469.20 ERROR
r-release-linux-x86_64 1.0.0 12.62 526.47 539.09 OK
r-release-windows-ix86+x86_64 1.0.0 35.00 705.00 740.00 OK
r-release-osx-x86_64 1.0.0 NOTE
r-oldrel-windows-ix86+x86_64 1.0.0 29.00 688.00 717.00 OK
r-oldrel-osx-x86_64 1.0.0 NOTE

Check Details

Version: 1.0.0
Check: dependencies in R code
Result: NOTE
    Namespaces in Imports field not imported from:
     ‘ggplot2’ ‘utils’
     All declared Imports should be used.
Flavors: r-devel-linux-x86_64-fedora-clang, r-devel-linux-x86_64-fedora-gcc, r-patched-solaris-x86, r-release-osx-x86_64, r-oldrel-osx-x86_64

Version: 1.0.0
Check: examples
Result: ERROR
    Running examples in ‘geozoning-Ex.R’ failed
    The error most likely occurred in:
    
    > ### Name: Transition_Zone_Near_Boundary
    > ### Title: Transition_Zone_Near_Boundary
    > ### Aliases: Transition_Zone_Near_Boundary
    >
    > ### ** Examples
    >
    > seed=21
    > map=genMap(DataObj=NULL,seed=seed,krig=2,typeMod="Exp",nPointsK=800)
    [1] "DataObj=NULL, generating DataObj-seed= 21"
    New output format of RFsimulate: S4 object of class 'RFsp';
    for a bare, but faster array format use 'RFoptions(spConform=FALSE)'.
    [inverse distance weighted interpolation]
    
     PLEASE NOTE: The components "delsgs" and "summary" of the
     object returned by deldir() are now DATA FRAMES rather than
     matrices (as they were prior to release 0.0-18).
     See help("deldir").
    
     PLEASE NOTE: The process that deldir() uses for determining
     duplicated points has changed from that used in version
     0.0-9 of this package (and previously). See help("deldir").
    
    
    > ZK=initialZoning(qProb=c(0.55,0.85),map)
    > Z=ZK$resZ$zonePolygone # list of zones
    > lab = ZK$resZ$lab # label of zones
    > plotM(map = map,Z = Z,lab = lab, byLab = FALSE)
    > # zone 3 is a transition zone that has commun boundary with the map
    > numZ = 3
    > Estimation = Transition_Zone_Near_Boundary(map = map, Z = Z, numZ = numZ)
    Error in listPointNei[[i]] : subscript out of bounds
    Calls: Transition_Zone_Near_Boundary
    Execution halted
Flavor: r-patched-solaris-x86

Version: 1.0.0
Check: re-building of vignette outputs
Result: WARN
    Error in re-building vignettes:
     ...
    Warning in engine$weave(file, quiet = quiet, encoding = enc) :
     Pandoc (>= 1.12.3) and/or pandoc-citeproc not available. Falling back to R Markdown v1.
    Loading required package: spam
    Loading required package: dotCall64
    Loading required package: grid
    Spam version 2.2-0 (2018-06-19) is loaded.
    Type 'help( Spam)' or 'demo( spam)' for a short introduction
    and overview of this package.
    Help for individual functions is also obtained by adding the
    suffix '.spam' to the function name, e.g. 'help( chol.spam)'.
    
    Attaching package: 'spam'
    
    The following objects are masked from 'package:base':
    
     backsolve, forwardsolve
    
    Loading required package: maps
    See www.image.ucar.edu/~nychka/Fields for
     a vignette and other supplements.
    New output format of RFsimulate: S4 object of class 'RFsp';
    for a bare, but faster array format use 'RFoptions(spConform=FALSE)'.
    
     PLEASE NOTE: The components "delsgs" and "summary" of the
     object returned by deldir() are now DATA FRAMES rather than
     matrices (as they were prior to release 0.0-18).
     See help("deldir").
    
     PLEASE NOTE: The process that deldir() uses for determining
     duplicated points has changed from that used in version
     0.0-9 of this package (and previously). See help("deldir").
    
    
    Warning in engine$weave(file, quiet = quiet, encoding = enc) :
     Pandoc (>= 1.12.3) and/or pandoc-citeproc not available. Falling back to R Markdown v1.
    Quitting from lines 79-89 (zoningSimu.Rmd)
    Error: processing vignette 'zoningSimu.Rmd' failed with diagnostics:
    subscript out of bounds
    Execution halted
Flavor: r-patched-solaris-x86