CRAN Package Check Results for Package geozoning

Last updated on 2018-10-16 11:48:04 CEST.

Flavor Version Tinstall Tcheck Ttotal Status Flags
r-devel-linux-x86_64-debian-clang 1.0.0 12.50 566.08 578.58 OK
r-devel-linux-x86_64-debian-gcc 1.0.0 12.42 443.54 455.96 OK
r-devel-linux-x86_64-fedora-clang 1.0.0 674.60 NOTE
r-devel-linux-x86_64-fedora-gcc 1.0.0 684.71 NOTE
r-devel-windows-ix86+x86_64 1.0.0 39.00 755.00 794.00 OK
r-patched-linux-x86_64 1.0.0 11.23 515.77 527.00 OK
r-patched-solaris-x86 1.0.0 2466.40 WARN
r-release-linux-x86_64 1.0.0 11.61 517.47 529.08 OK
r-release-windows-ix86+x86_64 1.0.0 34.00 711.00 745.00 OK
r-release-osx-x86_64 1.0.0 NOTE
r-oldrel-windows-ix86+x86_64 1.0.0 27.00 573.00 600.00 OK
r-oldrel-osx-x86_64 1.0.0 NOTE

Check Details

Version: 1.0.0
Check: dependencies in R code
Result: NOTE
    Namespaces in Imports field not imported from:
     ‘ggplot2’ ‘utils’
     All declared Imports should be used.
Flavors: r-devel-linux-x86_64-fedora-clang, r-devel-linux-x86_64-fedora-gcc, r-patched-solaris-x86, r-release-osx-x86_64, r-oldrel-osx-x86_64

Version: 1.0.0
Check: re-building of vignette outputs
Result: WARN
    Error in re-building vignettes:
     ...
    Warning in engine$weave(file, quiet = quiet, encoding = enc) :
     Pandoc (>= 1.12.3) and/or pandoc-citeproc not available. Falling back to R Markdown v1.
    Loading required package: spam
    Loading required package: dotCall64
    Loading required package: grid
    Spam version 2.2-0 (2018-06-19) is loaded.
    Type 'help( Spam)' or 'demo( spam)' for a short introduction
    and overview of this package.
    Help for individual functions is also obtained by adding the
    suffix '.spam' to the function name, e.g. 'help( chol.spam)'.
    
    Attaching package: 'spam'
    
    The following objects are masked from 'package:base':
    
     backsolve, forwardsolve
    
    Loading required package: maps
    See www.image.ucar.edu/~nychka/Fields for
     a vignette and other supplements.
    New output format of RFsimulate: S4 object of class 'RFsp';
    for a bare, but faster array format use 'RFoptions(spConform=FALSE)'.
    
     PLEASE NOTE: The components "delsgs" and "summary" of the
     object returned by deldir() are now DATA FRAMES rather than
     matrices (as they were prior to release 0.0-18).
     See help("deldir").
    
     PLEASE NOTE: The process that deldir() uses for determining
     duplicated points has changed from that used in version
     0.0-9 of this package (and previously). See help("deldir").
Flavor: r-patched-solaris-x86