CRAN Package Check Results for Package gepaf

Last updated on 2024-07-22 15:57:22 CEST.

Flavor Version Tinstall Tcheck Ttotal Status Flags
r-devel-linux-x86_64-debian-clang 0.1.1 1.57 20.75 22.32 NOTE
r-devel-linux-x86_64-debian-gcc 0.1.1 1.26 15.81 17.07 NOTE
r-devel-linux-x86_64-fedora-clang 0.1.1 28.70 NOTE
r-devel-linux-x86_64-fedora-gcc 0.1.1 27.79 NOTE
r-devel-windows-x86_64 0.1.1 3.00 36.00 39.00 NOTE
r-patched-linux-x86_64 0.1.1 1.50 19.26 20.76 NOTE
r-release-linux-x86_64 0.1.1 1.56 19.76 21.32 NOTE
r-release-macos-arm64 0.1.1 14.00 NOTE
r-release-macos-x86_64 0.1.1 19.00 NOTE
r-release-windows-x86_64 0.1.1 2.00 36.00 38.00 NOTE
r-oldrel-macos-arm64 0.1.1 14.00 NOTE
r-oldrel-macos-x86_64 0.1.1 19.00 NOTE
r-oldrel-windows-x86_64 0.1.1 3.00 36.00 39.00 NOTE

Check Details

Version: 0.1.1
Check: LazyData
Result: NOTE 'LazyData' is specified without a 'data' directory Flavors: r-devel-linux-x86_64-debian-clang, r-devel-linux-x86_64-debian-gcc, r-devel-linux-x86_64-fedora-clang, r-devel-linux-x86_64-fedora-gcc, r-devel-windows-x86_64, r-patched-linux-x86_64, r-release-linux-x86_64, r-release-macos-arm64, r-release-macos-x86_64, r-release-windows-x86_64, r-oldrel-macos-arm64, r-oldrel-macos-x86_64, r-oldrel-windows-x86_64