CRAN Package Check Results for Package gert

Last updated on 2024-07-19 22:56:46 CEST.

Flavor Version Tinstall Tcheck Ttotal Status Flags
r-devel-linux-x86_64-debian-clang 2.0.1 10.17 41.48 51.65 NOTE
r-devel-linux-x86_64-debian-gcc 2.0.1 7.34 32.00 39.34 NOTE
r-devel-linux-x86_64-fedora-clang 2.1.0 73.30 OK
r-devel-linux-x86_64-fedora-gcc 2.1.0 83.15 OK
r-devel-windows-x86_64 2.0.1 22.00 121.00 143.00 NOTE
r-patched-linux-x86_64 2.0.1 9.04 40.83 49.87 OK
r-release-linux-x86_64 2.0.1 8.29 40.50 48.79 OK
r-release-macos-arm64 2.0.1 36.00 OK
r-release-macos-x86_64 2.1.0 85.00 OK
r-release-windows-x86_64 2.0.1 21.00 124.00 145.00 NOTE
r-oldrel-macos-arm64 2.0.1 40.00 OK
r-oldrel-macos-x86_64 2.1.0 65.00 ERROR
r-oldrel-windows-x86_64 2.0.1 24.00 139.00 163.00 NOTE

Check Details

Version: 2.0.1
Check: compiled code
Result: NOTE File ‘gert/libs/gert.so’: Found non-API call to R: ‘R_curErrorBuf’ Compiled code should not call non-API entry points in R. See ‘Writing portable packages’ in the ‘Writing R Extensions’ manual, and section ‘Moving into C API compliance’ for issues with the use of non-API entry points. Flavors: r-devel-linux-x86_64-debian-clang, r-devel-linux-x86_64-debian-gcc

Version: 2.0.1
Check: installed package size
Result: NOTE installed size is 7.3Mb sub-directories of 1Mb or more: libs 7.0Mb Flavors: r-devel-windows-x86_64, r-release-windows-x86_64, r-oldrel-windows-x86_64

Version: 2.0.1
Check: compiled code
Result: NOTE File 'gert/libs/x64/gert.dll': Found non-API call to R: 'R_curErrorBuf' Compiled code should not call non-API entry points in R. See 'Writing portable packages' in the 'Writing R Extensions' manual, and section 'Moving into C API compliance' for issues with the use of non-API entry points. Flavor: r-devel-windows-x86_64

Version: 2.1.0
Check: running R code from vignettes
Result: ERROR Errors in running code in vignettes: when running code in ‘gert.Rmd’ ... > dir.create(file.path(r, "child_dir")) > git_find(file.path(r, "child_dir")) [1] "/private/var/folders/2b/t0kwbtmn3p7brv2mvx39c9cr0000gn/T/RtmpGGr27J/aaa/bbb/repo_ccc" > git_find(file.path(tempdir(), "aaa", "bbb")) When sourcing ‘gert.R’: Error: could not find repository from '/private/var/folders/2b/t0kwbtmn3p7brv2mvx39c9cr0000gn/T/RtmpGGr27J/aaa/bbb' Execution halted ‘gert.Rmd’ using ‘UTF-8’... failed Flavor: r-oldrel-macos-x86_64