CRAN Package Check Results for Package gesis

Last updated on 2018-08-22 08:48:51 CEST.

Flavor Version Tinstall Tcheck Ttotal Status Flags
r-devel-linux-x86_64-debian-clang 0.2.1 1.66 32.42 34.08 OK
r-devel-linux-x86_64-debian-gcc 0.2.1 1.27 25.81 27.08 OK
r-devel-linux-x86_64-fedora-clang 0.2.1 38.89 OK
r-devel-linux-x86_64-fedora-gcc 0.2.1 37.94 OK
r-devel-windows-ix86+x86_64 0.2.1 3.00 50.00 53.00 OK
r-patched-linux-x86_64 0.2.1 1.34 28.91 30.25 OK
r-patched-solaris-x86 0.2.1 57.40 ERROR
r-release-linux-x86_64 0.2.1 1.38 28.89 30.27 OK
r-release-windows-ix86+x86_64 0.2.1 4.00 53.00 57.00 OK
r-release-osx-x86_64 0.2.1 OK
r-oldrel-windows-ix86+x86_64 0.2.1 4.00 72.00 76.00 OK
r-oldrel-osx-x86_64 0.2.1 OK

Check Details

Version: 0.2.1
Check: tests
Result: ERROR
     Running ‘testthat.R’ [3s/22s]
    Running the tests in ‘tests/testthat.R’ failed.
    Complete output:
     > library(testthat)
     > library(gesis)
     >
     > test_check("gesis")
     ── 1. Error: get_datasets() works (@test-availability.R#10) ───────────────────
     Timeout was reached: Operation timed out after 10000 milliseconds with 0 out of 0 bytes received
     1: get_datasets("0001") at testthat/test-availability.R:10
     2: read_html(url)
     3: read_html.default(url)
     4: suppressWarnings(read_xml(x, encoding = encoding, ..., as_html = TRUE, options = options))
     5: withCallingHandlers(expr, warning = function(w) invokeRestart("muffleWarning"))
     6: read_xml(x, encoding = encoding, ..., as_html = TRUE, options = options)
     7: read_xml.character(x, encoding = encoding, ..., as_html = TRUE, options = options)
     8: read_xml.connection(con, encoding = encoding, ..., as_html = as_html, base_url = x,
     options = options)
     9: open(x, "rb")
     10: open.connection(x, "rb")
    
     ══ testthat results ═══════════════════════════════════════════════════════════
     OK: 2 SKIPPED: 0 FAILED: 1
     1. Error: get_datasets() works (@test-availability.R#10)
    
     Error: testthat unit tests failed
     Execution halted
Flavor: r-patched-solaris-x86

Version: 0.2.1
Check: re-building of vignette outputs
Result: WARN
    Error in re-building vignettes:
     ...
    Warning in engine$weave(file, quiet = quiet, encoding = enc) :
     Pandoc (>= 1.12.3) and/or pandoc-citeproc not available. Falling back to R Markdown v1.
    Quitting from lines 60-61 (gesis.Rmd)
    Error: processing vignette 'gesis.Rmd' failed with diagnostics:
    Timeout was reached: Operation timed out after 10000 milliseconds with 0 out of 0 bytes received
    Execution halted
Flavor: r-patched-solaris-x86