CRAN Package Check Results for Package gesis

Last updated on 2018-05-23 04:48:36 CEST.

Flavor Version Tinstall Tcheck Ttotal Status Flags
r-devel-linux-x86_64-debian-clang 0.2.1 1.02 31.36 32.38 OK
r-devel-linux-x86_64-debian-gcc 0.2.1 1.15 24.95 26.10 OK
r-devel-linux-x86_64-fedora-clang 0.2.1 37.60 OK
r-devel-linux-x86_64-fedora-gcc 0.2.1 37.86 OK
r-devel-windows-ix86+x86_64 0.2.1 3.00 68.00 71.00 OK
r-patched-linux-x86_64 0.2.1 1.41 29.25 30.66 OK
r-patched-solaris-x86 0.2.1 54.30 ERROR
r-release-linux-x86_64 0.2.1 1.42 29.23 30.65 OK
r-release-windows-ix86+x86_64 0.2.1 4.00 67.00 71.00 OK
r-release-osx-x86_64 0.2.1 OK
r-oldrel-windows-ix86+x86_64 0.2.1 5.00 61.00 66.00 OK
r-oldrel-osx-x86_64 0.2.1 OK

Check Details

Version: 0.2.1
Check: examples
Result: ERROR
    Running examples in ‘gesis-Ex.R’ failed
    The error most likely occurred in:
    
    > ### Name: download_codebook
    > ### Title: Download the codebook for a Gesis data set
    > ### Aliases: download_codebook
    >
    > ### ** Examples
    >
    > download_codebook(doi = "0078")
    Error in curl::curl_fetch_memory(url, handle = handle) :
     Timeout was reached: Operation timed out after 10000 milliseconds with 0 out of 0 bytes received
    Calls: download_codebook ... request_fetch -> request_fetch.write_memory -> <Anonymous>
    Execution halted
Flavor: r-patched-solaris-x86

Version: 0.2.1
Check: tests
Result: ERROR
     Running ‘testthat.R’ [3s/23s]
    Running the tests in ‘tests/testthat.R’ failed.
    Complete output:
     > library(testthat)
     > library(gesis)
     >
     > test_check("gesis")
     ── 1. Error: get_datasets() works (@test-availability.R#10) ───────────────────
     Timeout was reached: Operation timed out after 10000 milliseconds with 0 out of 0 bytes received
     1: get_datasets("0001") at testthat/test-availability.R:10
     2: read_html(url)
     3: read_html.default(url)
     4: suppressWarnings(read_xml(x, encoding = encoding, ..., as_html = TRUE, options = options))
     5: withCallingHandlers(expr, warning = function(w) invokeRestart("muffleWarning"))
     6: read_xml(x, encoding = encoding, ..., as_html = TRUE, options = options)
     7: read_xml.character(x, encoding = encoding, ..., as_html = TRUE, options = options)
     8: read_xml.connection(con, encoding = encoding, ..., as_html = as_html, base_url = x,
     options = options)
     9: open(x, "rb")
     10: open.connection(x, "rb")
    
     ══ testthat results ═══════════════════════════════════════════════════════════
     OK: 2 SKIPPED: 0 FAILED: 1
     1. Error: get_datasets() works (@test-availability.R#10)
    
     Error: testthat unit tests failed
     Execution halted
Flavor: r-patched-solaris-x86

Version: 0.2.1
Check: re-building of vignette outputs
Result: WARN
    Error in re-building vignettes:
     ...
    Warning in engine$weave(file, quiet = quiet, encoding = enc) :
     Pandoc (>= 1.12.3) and/or pandoc-citeproc not available. Falling back to R Markdown v1.
    Quitting from lines 30-32 (gesis.Rmd)
    Error: processing vignette 'gesis.Rmd' failed with diagnostics:
    Timeout was reached: Operation timed out after 10000 milliseconds with 0 out of 0 bytes received
    Execution halted
Flavor: r-patched-solaris-x86