CRAN Package Check Results for Package gesis

Last updated on 2018-11-20 19:47:44 CET.

Flavor Version Tinstall Tcheck Ttotal Status Flags
r-devel-linux-x86_64-debian-clang 0.2.1 1.38 30.50 31.88 OK
r-devel-linux-x86_64-debian-gcc 0.2.1 1.17 25.11 26.28 OK
r-devel-linux-x86_64-fedora-clang 0.2.1 37.16 OK
r-devel-linux-x86_64-fedora-gcc 0.2.1 36.16 OK
r-devel-windows-ix86+x86_64 0.2.1 4.00 47.00 51.00 OK
r-patched-linux-x86_64 0.2.1 1.20 29.05 30.25 OK
r-patched-solaris-x86 0.2.1 54.90 ERROR
r-release-linux-x86_64 0.2.1 1.30 29.36 30.66 OK
r-release-windows-ix86+x86_64 0.2.1 3.00 70.00 73.00 OK
r-release-osx-x86_64 0.2.1 OK
r-oldrel-windows-ix86+x86_64 0.2.1 5.00 52.00 57.00 OK
r-oldrel-osx-x86_64 0.2.1 OK

Check Details

Version: 0.2.1
Check: examples
Result: ERROR
    Running examples in ‘gesis-Ex.R’ failed
    The error most likely occurred in:
    
    > ### Name: get_study_groups
    > ### Title: Get a dataframe with all available groups of studies
    > ### Aliases: get_study_groups
    >
    > ### ** Examples
    >
    > groups <- get_study_groups()
    Error in open.connection(x, "rb") :
     Timeout was reached: Operation timed out after 10000 milliseconds with 0 out of 0 bytes received
    Calls: get_study_groups -> read_html -> read_html.default
    Execution halted
Flavor: r-patched-solaris-x86

Version: 0.2.1
Check: re-building of vignette outputs
Result: WARN
    Error in re-building vignettes:
     ...
    Warning in engine$weave(file, quiet = quiet, encoding = enc) :
     Pandoc (>= 1.12.3) and/or pandoc-citeproc not available. Falling back to R Markdown v1.
    Quitting from lines 22-24 (gesis.Rmd)
    Error: processing vignette 'gesis.Rmd' failed with diagnostics:
    Timeout was reached: Operation timed out after 10000 milliseconds with 0 out of 0 bytes received
    Execution halted
Flavor: r-patched-solaris-x86