CRAN Package Check Results for Package gesisdata

Last updated on 2022-12-07 20:55:58 CET.

Flavor Version Tinstall Tcheck Ttotal Status Flags
r-devel-linux-x86_64-debian-clang 0.1.0 8.09 65.17 73.26 NOTE
r-devel-linux-x86_64-debian-gcc 0.1.0 5.53 48.63 54.16 NOTE
r-devel-linux-x86_64-fedora-clang 0.1.0 101.85 NOTE
r-devel-linux-x86_64-fedora-gcc 0.1.0 107.59 NOTE
r-devel-windows-x86_64 0.1.0 15.00 92.00 107.00 NOTE
r-patched-linux-x86_64 0.1.0 6.98 61.61 68.59 NOTE
r-release-linux-x86_64 0.1.0 5.35 63.61 68.96 NOTE
r-release-macos-arm64 0.1.0 31.00 NOTE
r-release-macos-x86_64 0.1.0 53.00 NOTE
r-release-windows-x86_64 0.1.0 19.00 91.00 110.00 NOTE
r-oldrel-macos-arm64 0.1.0 35.00 NOTE
r-oldrel-macos-x86_64 0.1.0 50.00 NOTE
r-oldrel-windows-ix86+x86_64 0.1.0 21.00 90.00 111.00 NOTE

Check Details

Version: 0.1.0
Check: LazyData
Result: NOTE
     'LazyData' is specified without a 'data' directory
Flavors: r-devel-linux-x86_64-debian-clang, r-devel-linux-x86_64-debian-gcc, r-devel-linux-x86_64-fedora-clang, r-devel-linux-x86_64-fedora-gcc, r-devel-windows-x86_64, r-patched-linux-x86_64, r-release-linux-x86_64, r-release-macos-arm64, r-release-macos-x86_64, r-release-windows-x86_64, r-oldrel-macos-arm64, r-oldrel-macos-x86_64, r-oldrel-windows-ix86+x86_64