CRAN Package Check Results for Package gesso

Last updated on 2024-02-29 22:58:45 CET.

Flavor Version Tinstall Tcheck Ttotal Status Flags
r-devel-linux-x86_64-debian-clang 1.0.2 159.41 202.50 361.91 NOTE
r-devel-linux-x86_64-debian-gcc 1.0.2 145.44 160.19 305.63 NOTE
r-devel-linux-x86_64-fedora-clang 1.0.2 453.23 NOTE
r-devel-linux-x86_64-fedora-gcc 1.0.2 553.18 NOTE
r-devel-windows-x86_64 1.0.2 119.00 170.00 289.00 NOTE
r-patched-linux-x86_64 1.0.2 171.82 208.80 380.62 NOTE
r-release-linux-x86_64 1.0.2 179.30 210.34 389.64 NOTE
r-release-macos-arm64 1.0.2 136.00 NOTE
r-release-macos-x86_64 1.0.2 209.00 NOTE
r-release-windows-x86_64 1.0.2 152.00 202.00 354.00 NOTE
r-oldrel-macos-arm64 1.0.2 127.00 NOTE
r-oldrel-windows-x86_64 1.0.2 139.00 188.00 327.00 OK

Check Details

Version: 1.0.2
Check: C++ specification
Result: NOTE Specified C++11: please drop specification unless essential Flavors: r-devel-linux-x86_64-debian-clang, r-devel-linux-x86_64-debian-gcc, r-devel-linux-x86_64-fedora-clang, r-devel-linux-x86_64-fedora-gcc, r-devel-windows-x86_64, r-patched-linux-x86_64, r-release-linux-x86_64, r-release-macos-arm64, r-release-macos-x86_64, r-release-windows-x86_64

Version: 1.0.2
Check: Rd files
Result: NOTE checkRd: (-1) gesso.cv.Rd:46: Lost braces in \itemize; \value handles \item{}{} directly checkRd: (-1) gesso.cv.Rd:47: Lost braces in \itemize; \value handles \item{}{} directly checkRd: (-1) gesso.cv.Rd:48: Lost braces in \itemize; \value handles \item{}{} directly checkRd: (-1) gesso.cv.Rd:49: Lost braces in \itemize; \value handles \item{}{} directly checkRd: (-1) gesso.cv.Rd:50: Lost braces in \itemize; \value handles \item{}{} directly Flavors: r-devel-linux-x86_64-debian-clang, r-devel-linux-x86_64-debian-gcc, r-devel-linux-x86_64-fedora-clang, r-devel-linux-x86_64-fedora-gcc

Version: 1.0.2
Check: installed package size
Result: NOTE installed size is 34.1Mb sub-directories of 1Mb or more: libs 33.8Mb Flavors: r-release-macos-arm64, r-release-macos-x86_64, r-oldrel-macos-arm64