CRAN Package Check Results for Package getCRUCLdata

Last updated on 2018-05-27 17:49:04 CEST.

Flavor Version Tinstall Tcheck Ttotal Status Flags
r-devel-linux-x86_64-debian-clang 0.2.3 1.56 51.88 53.44 OK
r-devel-linux-x86_64-debian-gcc 0.2.3 1.37 38.47 39.84 OK
r-devel-linux-x86_64-fedora-clang 0.2.3 64.17 NOTE
r-devel-linux-x86_64-fedora-gcc 0.2.3 60.90 NOTE
r-devel-windows-ix86+x86_64 0.2.3 4.00 64.00 68.00 OK
r-patched-linux-x86_64 0.2.3 1.68 44.50 46.18 OK
r-patched-solaris-x86 0.2.3 101.80 NOTE
r-release-linux-x86_64 0.2.3 1.64 45.91 47.55 OK
r-release-windows-ix86+x86_64 0.2.3 7.00 87.00 94.00 OK
r-release-osx-x86_64 0.2.3 NOTE
r-oldrel-windows-ix86+x86_64 0.2.3 6.00 57.00 63.00 OK
r-oldrel-osx-x86_64 0.2.2 OK

Check Details

Version: 0.2.3
Check: dependencies in R code
Result: NOTE
    Namespace in Imports field not imported from: ‘rappdirs’
     All declared Imports should be used.
Flavors: r-devel-linux-x86_64-fedora-clang, r-devel-linux-x86_64-fedora-gcc, r-patched-solaris-x86, r-release-osx-x86_64