CRAN Package Check Results for Package getCRUCLdata

Last updated on 2021-05-14 01:48:37 CEST.

Flavor Version Tinstall Tcheck Ttotal Status Flags
r-devel-linux-x86_64-debian-clang 0.3.2 3.41 63.02 66.43 NOTE
r-devel-linux-x86_64-debian-gcc 0.3.2 2.53 48.31 50.84 NOTE
r-devel-linux-x86_64-fedora-clang 0.3.2 92.62 NOTE
r-devel-linux-x86_64-fedora-gcc 0.3.2 83.01 NOTE
r-devel-windows-ix86+x86_64 0.3.2 7.00 76.00 83.00 NOTE
r-devel-windows-x86_64-gcc10-UCRT 0.3.2 NOTE
r-patched-linux-x86_64 0.3.2 6.79 59.67 66.46 NOTE
r-patched-solaris-x86 0.3.2 135.10 NOTE
r-release-linux-x86_64 0.3.2 2.80 61.32 64.12 OK
r-release-macos-x86_64 0.3.2 OK
r-release-windows-ix86+x86_64 0.3.2 6.00 99.00 105.00 OK
r-oldrel-macos-x86_64 0.3.2 ERROR
r-oldrel-windows-ix86+x86_64 0.3.2 7.00 89.00 96.00 OK

Check Details

Version: 0.3.2
Check: LazyData
Result: NOTE
     'LazyData' is specified without a 'data' directory
Flavors: r-devel-linux-x86_64-debian-clang, r-devel-linux-x86_64-debian-gcc, r-devel-linux-x86_64-fedora-clang, r-devel-linux-x86_64-fedora-gcc, r-devel-windows-ix86+x86_64, r-devel-windows-x86_64-gcc10-UCRT, r-patched-linux-x86_64, r-patched-solaris-x86

Version: 0.3.2
Check: tests
Result: ERROR
     Running ‘testthat.R’ [32s/32s]
    Running the tests in ‘tests/testthat.R’ failed.
    Last 13 lines of output:
     >
     > test_check("getCRUCLdata")
     ══ Skipped tests ═══════════════════════════════════════════════════════════════
     • On CRAN (23)
    
     ══ Failed tests ════════════════════════════════════════════════════════════════
     ── Failure (test_caching.R:29:3): cache directory is created if necessary ──────
     dir.exists(manage_cache$cache_path_get()) is not TRUE
    
     `actual`: FALSE
     `expected`: TRUE
    
     [ FAIL 1 | WARN 1 | SKIP 23 | PASS 34 ]
     Error: Test failures
     Execution halted
Flavor: r-oldrel-macos-x86_64