CRAN Package Check Results for Package getCRUCLdata

Last updated on 2020-10-28 23:47:14 CET.

Flavor Version Tinstall Tcheck Ttotal Status Flags
r-devel-linux-x86_64-debian-clang 0.3.2 3.09 72.50 75.59 OK
r-devel-linux-x86_64-debian-gcc 0.3.2 2.41 46.41 48.82 OK
r-devel-linux-x86_64-fedora-clang 0.3.2 127.27 OK
r-devel-linux-x86_64-fedora-gcc 0.3.2 44.33 OK
r-devel-windows-ix86+x86_64 0.3.2 7.00 87.00 94.00 OK
r-patched-linux-x86_64 0.3.2 2.93 59.89 62.82 OK
r-patched-solaris-x86 0.3.2 120.80 OK
r-release-linux-x86_64 0.3.2 3.05 56.88 59.93 OK
r-release-macos-x86_64 0.3.2 OK
r-release-windows-ix86+x86_64 0.3.2 6.00 69.00 75.00 OK
r-oldrel-macos-x86_64 0.3.2 ERROR
r-oldrel-windows-ix86+x86_64 0.3.1 6.00 86.00 92.00 OK

Check Details

Version: 0.3.2
Check: tests
Result: ERROR
     Running ‘testthat.R’ [32s/32s]
    Running the tests in ‘tests/testthat.R’ failed.
    Complete output:
     > library(testthat)
     > library(getCRUCLdata)
     >
     > test_check("getCRUCLdata")
     ── 1. Failure: cache directory is created if necessary (@test_caching.R#29) ───
     dir.exists(manage_cache$cache_path_get()) isn't true.
    
     ══ testthat results ═══════════════════════════════════════════════════════════
     [ OK: 34 | SKIPPED: 23 | WARNINGS: 1 | FAILED: 1 ]
     1. Failure: cache directory is created if necessary (@test_caching.R#29)
    
     Error: testthat unit tests failed
     Execution halted
Flavor: r-oldrel-macos-x86_64