CRAN Package Check Results for Package getLattes

Last updated on 2025-01-17 20:49:19 CET.

Flavor Version Tinstall Tcheck Ttotal Status Flags
r-devel-linux-x86_64-debian-clang 0.2.0 6.03 73.99 80.02 OK
r-devel-linux-x86_64-debian-gcc 0.2.0 4.59 52.97 57.56 OK
r-devel-linux-x86_64-fedora-clang 0.2.0 131.22 NOTE
r-devel-linux-x86_64-fedora-gcc 0.2.0 141.29 NOTE
r-devel-windows-x86_64 0.2.0 9.00 92.00 101.00 OK
r-patched-linux-x86_64 0.2.0 6.20 69.59 75.79 OK
r-release-linux-x86_64 0.2.0 5.99 69.22 75.21 OK
r-release-macos-arm64 0.2.0 47.00 OK
r-release-macos-x86_64 0.2.0 69.00 OK
r-release-windows-x86_64 0.2.0 8.00 95.00 103.00 OK
r-oldrel-macos-arm64 0.2.0 49.00 OK
r-oldrel-macos-x86_64 0.2.0 71.00 OK
r-oldrel-windows-x86_64 0.2.0 8.00 108.00 116.00 OK

Check Details

Version: 0.2.0
Check: dependencies in R code
Result: NOTE Namespaces in Imports field not imported from: ‘pipeR’ ‘rlang’ All declared Imports should be used. Flavors: r-devel-linux-x86_64-fedora-clang, r-devel-linux-x86_64-fedora-gcc