CRAN Package Check Results for Package gexp

Last updated on 2022-12-08 22:59:49 CET.

Flavor Version Tinstall Tcheck Ttotal Status Flags
r-devel-linux-x86_64-debian-clang 1.0-1 4.58 44.82 49.40 NOTE
r-devel-linux-x86_64-debian-gcc 1.0-1 4.01 41.76 45.77 NOTE
r-devel-linux-x86_64-fedora-clang 1.0-1 78.90 NOTE
r-devel-linux-x86_64-fedora-gcc 1.0-1 82.74 NOTE
r-devel-windows-x86_64 1.0-1 22.00 90.00 112.00 NOTE
r-patched-linux-x86_64 1.0-1 5.97 47.06 53.03 OK
r-release-linux-x86_64 1.0-1 6.30 48.77 55.07 OK
r-release-macos-arm64 1.0-1 35.00 OK
r-release-macos-x86_64 1.0-1 44.00 OK
r-release-windows-x86_64 1.0-1 19.00 77.00 96.00 OK
r-oldrel-macos-arm64 1.0-1 49.00 OK
r-oldrel-macos-x86_64 1.0-1 60.00 OK
r-oldrel-windows-ix86+x86_64 1.0-1 10.00 72.00 82.00 OK

Check Details

Version: 1.0-1
Check: Rd files
Result: NOTE
    checkRd: (-1) gexp.Rd:123: Escaped LaTeX specials: \&
Flavors: r-devel-linux-x86_64-debian-clang, r-devel-linux-x86_64-debian-gcc, r-devel-linux-x86_64-fedora-clang, r-devel-linux-x86_64-fedora-gcc, r-devel-windows-x86_64