CRAN Package Check Results for Package gfer

Last updated on 2018-08-20 11:48:42 CEST.

Flavor Version Tinstall Tcheck Ttotal Status Flags
r-devel-linux-x86_64-debian-clang 0.1.10 4.18 53.44 57.62 OK
r-devel-linux-x86_64-debian-gcc 0.1.10 4.10 42.23 46.33 OK
r-devel-linux-x86_64-fedora-clang 0.1.10 71.19 NOTE
r-devel-linux-x86_64-fedora-gcc 0.1.10 67.31 NOTE
r-devel-windows-ix86+x86_64 0.1.10 14.00 98.00 112.00 OK
r-patched-linux-x86_64 0.1.10 4.41 47.34 51.75 OK
r-patched-solaris-x86 0.1.10 106.00 NOTE
r-release-linux-x86_64 0.1.10 3.21 47.26 50.47 OK
r-release-windows-ix86+x86_64 0.1.10 18.00 65.00 83.00 OK
r-release-osx-x86_64 0.1.10 NOTE
r-oldrel-windows-ix86+x86_64 0.1.10 9.00 105.00 114.00 OK
r-oldrel-osx-x86_64 0.1.10 NOTE

Check Details

Version: 0.1.10
Check: dependencies in R code
Result: NOTE
    Namespace in Imports field not imported from: ‘tidyr’
     All declared Imports should be used.
Flavors: r-devel-linux-x86_64-fedora-clang, r-devel-linux-x86_64-fedora-gcc, r-patched-solaris-x86, r-release-osx-x86_64, r-oldrel-osx-x86_64