CRAN Package Check Results for Package gfer

Last updated on 2018-02-25 13:47:05 CET.

Flavor Version Tinstall Tcheck Ttotal Status Flags
r-devel-linux-x86_64-debian-clang 0.1.9 3.26 47.19 50.45 WARN
r-devel-linux-x86_64-debian-gcc 0.1.9 2.82 37.44 40.26 WARN
r-devel-linux-x86_64-fedora-clang 0.1.9 62.67 WARN
r-devel-linux-x86_64-fedora-gcc 0.1.9 64.39 WARN
r-devel-windows-ix86+x86_64 0.1.9 12.00 94.00 106.00 WARN
r-patched-linux-x86_64 0.1.9 3.03 47.61 50.64 OK
r-patched-solaris-x86 0.1.9 83.50 NOTE
r-release-linux-x86_64 0.1.9 2.87 47.77 50.64 OK
r-release-windows-ix86+x86_64 0.1.9 13.00 98.00 111.00 OK
r-release-osx-x86_64 0.1.9 NOTE
r-oldrel-windows-ix86+x86_64 0.1.9 7.00 72.00 79.00 OK
r-oldrel-osx-x86_64 0.1.9 NOTE

Check Details

Version: 0.1.9
Check: whether package can be installed
Result: WARN
    Found the following significant warnings:
     Note: break may be used in wrong context: no loop is visible
Flavors: r-devel-linux-x86_64-debian-clang, r-devel-linux-x86_64-debian-gcc, r-devel-linux-x86_64-fedora-clang, r-devel-linux-x86_64-fedora-gcc, r-devel-windows-ix86+x86_64

Version: 0.1.9
Check: dependencies in R code
Result: NOTE
    Namespace in Imports field not imported from: ‘tidyr’
     All declared Imports should be used.
Flavors: r-devel-linux-x86_64-fedora-clang, r-devel-linux-x86_64-fedora-gcc, r-patched-solaris-x86, r-release-osx-x86_64, r-oldrel-osx-x86_64