CRAN Package Check Results for Package gfer

Last updated on 2018-05-26 13:46:33 CEST.

Flavor Version Tinstall Tcheck Ttotal Status Flags
r-devel-linux-x86_64-debian-clang 0.1.10 5.23 52.29 57.52 OK
r-devel-linux-x86_64-debian-gcc 0.1.10 3.88 41.27 45.15 OK
r-devel-linux-x86_64-fedora-clang 0.1.10 71.78 NOTE
r-devel-linux-x86_64-fedora-gcc 0.1.10 68.85 NOTE
r-devel-windows-ix86+x86_64 0.1.10 11.00 77.00 88.00 OK
r-patched-linux-x86_64 0.1.10 3.13 47.58 50.71 OK
r-patched-solaris-x86 0.1.10 98.90 NOTE
r-release-linux-x86_64 0.1.10 3.36 47.34 50.70 OK
r-release-windows-ix86+x86_64 0.1.10 15.00 102.00 117.00 OK
r-release-osx-x86_64 0.1.10 NOTE
r-oldrel-windows-ix86+x86_64 0.1.10 20.00 66.00 86.00 OK
r-oldrel-osx-x86_64 0.1.10 NOTE

Check Details

Version: 0.1.10
Check: dependencies in R code
Result: NOTE
    Namespace in Imports field not imported from: ‘tidyr’
     All declared Imports should be used.
Flavors: r-devel-linux-x86_64-fedora-clang, r-devel-linux-x86_64-fedora-gcc, r-patched-solaris-x86, r-release-osx-x86_64, r-oldrel-osx-x86_64