CRAN Package Check Results for Package gfer

Last updated on 2019-02-18 06:46:58 CET.

Flavor Version Tinstall Tcheck Ttotal Status Flags
r-devel-linux-x86_64-debian-clang 0.1.10 5.26 52.92 58.18 OK
r-devel-linux-x86_64-debian-gcc 0.1.10 3.38 40.73 44.11 OK
r-devel-linux-x86_64-fedora-clang 0.1.10 70.95 NOTE
r-devel-linux-x86_64-fedora-gcc 0.1.10 63.75 NOTE
r-devel-windows-ix86+x86_64 0.1.10 17.00 79.00 96.00 OK
r-patched-linux-x86_64 0.1.10 4.91 48.32 53.23 OK
r-patched-solaris-x86 0.1.10 101.70 NOTE
r-release-linux-x86_64 0.1.10 OK
r-release-windows-ix86+x86_64 0.1.10 12.00 77.00 89.00 OK
r-release-osx-x86_64 0.1.10 NOTE
r-oldrel-windows-ix86+x86_64 0.1.10 11.00 90.00 101.00 OK
r-oldrel-osx-x86_64 0.1.10 NOTE

Check Details

Version: 0.1.10
Check: dependencies in R code
Result: NOTE
    Namespace in Imports field not imported from: ‘tidyr’
     All declared Imports should be used.
Flavors: r-devel-linux-x86_64-fedora-clang, r-devel-linux-x86_64-fedora-gcc, r-patched-solaris-x86, r-release-osx-x86_64, r-oldrel-osx-x86_64