CRAN Package Check Results for Package gfer

Last updated on 2018-11-13 01:46:21 CET.

Flavor Version Tinstall Tcheck Ttotal Status Flags
r-devel-linux-x86_64-debian-clang 0.1.10 5.57 55.39 60.96 OK
r-devel-linux-x86_64-debian-gcc 0.1.10 4.40 43.72 48.12 OK
r-devel-linux-x86_64-fedora-clang 0.1.10 71.51 NOTE
r-devel-linux-x86_64-fedora-gcc 0.1.10 67.51 NOTE
r-devel-windows-ix86+x86_64 0.1.10 11.00 100.00 111.00 OK
r-patched-linux-x86_64 0.1.10 3.54 48.07 51.61 OK
r-patched-solaris-x86 0.1.10 103.80 NOTE
r-release-linux-x86_64 0.1.10 4.30 47.60 51.90 OK
r-release-windows-ix86+x86_64 0.1.10 20.00 75.00 95.00 OK
r-release-osx-x86_64 0.1.10 NOTE
r-oldrel-windows-ix86+x86_64 0.1.10 17.00 104.00 121.00 OK
r-oldrel-osx-x86_64 0.1.10 NOTE

Check Details

Version: 0.1.10
Check: dependencies in R code
Result: NOTE
    Namespace in Imports field not imported from: ‘tidyr’
     All declared Imports should be used.
Flavors: r-devel-linux-x86_64-fedora-clang, r-devel-linux-x86_64-fedora-gcc, r-patched-solaris-x86, r-release-osx-x86_64, r-oldrel-osx-x86_64