CRAN Package Check Results for Package gfiExtremes

Last updated on 2023-12-09 19:54:10 CET.

Flavor Version Tinstall Tcheck Ttotal Status Flags
r-devel-linux-x86_64-debian-clang 1.0.0 34.97 36.26 71.23 NOTE
r-devel-linux-x86_64-debian-gcc 1.0.0 28.59 28.58 57.17 NOTE
r-devel-linux-x86_64-fedora-clang 1.0.0 111.41 NOTE
r-devel-linux-x86_64-fedora-gcc 1.0.0 120.29 NOTE
r-devel-windows-x86_64 1.0.0 35.00 127.00 162.00 NOTE
r-patched-linux-x86_64 1.0.0 34.14 36.60 70.74 NOTE
r-release-linux-x86_64 1.0.0 38.56 36.10 74.66 NOTE
r-release-macos-arm64 1.0.0 69.00 NOTE
r-release-macos-x86_64 1.0.0 111.00 NOTE
r-release-windows-x86_64 1.0.0 43.00 142.00 185.00 NOTE
r-oldrel-macos-arm64 1.0.0 60.00 OK
r-oldrel-macos-x86_64 1.0.0 76.00 OK
r-oldrel-windows-x86_64 1.0.0 42.00 145.00 187.00 OK

Check Details

Version: 1.0.0
Check: C++ specification
Result: NOTE Specified C++11: please drop specification unless essential Flavors: r-devel-linux-x86_64-debian-clang, r-devel-linux-x86_64-debian-gcc, r-devel-linux-x86_64-fedora-clang, r-devel-linux-x86_64-fedora-gcc, r-devel-windows-x86_64, r-patched-linux-x86_64, r-release-linux-x86_64, r-release-macos-arm64, r-release-macos-x86_64, r-release-windows-x86_64