CRAN Package Check Results for Package ggExtra

Last updated on 2019-01-16 15:48:33 CET.

Flavor Version Tinstall Tcheck Ttotal Status Flags
r-devel-linux-x86_64-debian-clang 0.8 1.84 55.93 57.77 OK
r-devel-linux-x86_64-debian-gcc 0.8 2.02 43.66 45.68 OK
r-devel-linux-x86_64-fedora-clang 0.8 70.82 NOTE
r-devel-linux-x86_64-fedora-gcc 0.8 66.60 NOTE
r-devel-windows-ix86+x86_64 0.8 6.00 68.00 74.00 OK
r-patched-linux-x86_64 0.8 2.25 52.73 54.98 OK
r-patched-solaris-x86 0.8 97.20 NOTE
r-release-linux-x86_64 0.8 2.31 53.41 55.72 OK
r-release-windows-ix86+x86_64 0.8 8.00 68.00 76.00 OK
r-release-osx-x86_64 0.8 NOTE
r-oldrel-windows-ix86+x86_64 0.8 5.00 108.00 113.00 OK
r-oldrel-osx-x86_64 0.8 NOTE

Check Details

Version: 0.8
Check: dependencies in R code
Result: NOTE
    Namespace in Imports field not imported from: ‘grDevices’
     All declared Imports should be used.
Flavors: r-devel-linux-x86_64-fedora-clang, r-devel-linux-x86_64-fedora-gcc, r-patched-solaris-x86, r-release-osx-x86_64, r-oldrel-osx-x86_64