CRAN Package Check Results for Package ggExtra

Last updated on 2018-05-25 10:48:23 CEST.

Flavor Version Tinstall Tcheck Ttotal Status Flags
r-devel-linux-x86_64-debian-clang 0.8 2.46 45.30 47.76 OK
r-devel-linux-x86_64-debian-gcc 0.8 1.55 40.76 42.31 OK
r-devel-linux-x86_64-fedora-clang 0.8 64.31 NOTE
r-devel-linux-x86_64-fedora-gcc 0.8 62.96 NOTE
r-devel-windows-ix86+x86_64 0.8 5.00 76.00 81.00 OK
r-patched-linux-x86_64 0.8 2.29 49.45 51.74 OK
r-patched-solaris-x86 0.8 88.70 NOTE
r-release-linux-x86_64 0.8 2.22 48.72 50.94 OK
r-release-windows-ix86+x86_64 0.8 7.00 90.00 97.00 OK
r-release-osx-x86_64 0.8 NOTE
r-oldrel-windows-ix86+x86_64 0.8 7.00 69.00 76.00 OK
r-oldrel-osx-x86_64 0.8 NOTE

Check Details

Version: 0.8
Check: dependencies in R code
Result: NOTE
    Namespace in Imports field not imported from: ‘grDevices’
     All declared Imports should be used.
Flavors: r-devel-linux-x86_64-fedora-clang, r-devel-linux-x86_64-fedora-gcc, r-patched-solaris-x86, r-release-osx-x86_64, r-oldrel-osx-x86_64