CRAN Package Check Results for Package ggExtra

Last updated on 2018-02-18 04:46:28 CET.

Flavor Version Tinstall Tcheck Ttotal Status Flags
r-devel-linux-x86_64-debian-clang 0.7 2.36 46.90 49.26 OK
r-devel-linux-x86_64-debian-gcc 0.7 1.58 35.25 36.83 OK
r-devel-linux-x86_64-fedora-clang 0.7 56.06 WARN
r-devel-linux-x86_64-fedora-gcc 0.7 53.94 WARN
r-devel-windows-ix86+x86_64 0.7 4.00 60.00 64.00 OK
r-patched-linux-x86_64 0.7 1.44 50.96 52.40 OK
r-patched-solaris-x86 0.7 79.10 NOTE
r-release-linux-x86_64 0.7 1.20 51.03 52.23 OK
r-release-windows-ix86+x86_64 0.7 7.00 73.00 80.00 OK
r-release-osx-x86_64 0.7 NOTE
r-oldrel-windows-ix86+x86_64 0.7 3.00 77.00 80.00 OK
r-oldrel-osx-x86_64 0.7 NOTE

Check Details

Version: 0.7
Check: dependencies in R code
Result: NOTE
    Namespace in Imports field not imported from: ‘grDevices’
     All declared Imports should be used.
Flavors: r-devel-linux-x86_64-fedora-clang, r-devel-linux-x86_64-fedora-gcc, r-patched-solaris-x86, r-release-osx-x86_64, r-oldrel-osx-x86_64

Version: 0.7
Check: re-building of vignette outputs
Result: WARN
    Error in re-building vignettes:
     ...
    pandoc: Could not fetch http://www.r-pkg.org/badges/version/ggExtra
    HttpExceptionRequest Request {
     host = "www.r-pkg.org"
     port = 80
     secure = False
     requestHeaders = []
     path = "/badges/version/ggExtra"
     queryString = ""
     method = "GET"
     proxy = Nothing
     rawBody = False
     redirectCount = 10
     responseTimeout = ResponseTimeoutDefault
     requestVersion = HTTP/1.1
    }
     (InternalException (HandshakeFailed Error_EOF))
    Error: processing vignette 'ggExtra.Rmd' failed with diagnostics:
    pandoc document conversion failed with error 67
    Execution halted
Flavors: r-devel-linux-x86_64-fedora-clang, r-devel-linux-x86_64-fedora-gcc