CRAN Package Check Results for Package ggExtra

Last updated on 2018-10-21 17:54:09 CEST.

Flavor Version Tinstall Tcheck Ttotal Status Flags
r-devel-linux-x86_64-debian-clang 0.8 2.63 55.27 57.90 OK
r-devel-linux-x86_64-debian-gcc 0.8 1.54 43.70 45.24 OK
r-devel-linux-x86_64-fedora-clang 0.8 67.67 NOTE
r-devel-linux-x86_64-fedora-gcc 0.8 65.81 NOTE
r-devel-windows-ix86+x86_64 0.8 9.00 102.00 111.00 OK
r-patched-linux-x86_64 0.8 2.28 51.22 53.50 OK
r-patched-solaris-x86 0.8 93.40 NOTE
r-release-linux-x86_64 0.8 0.28 2.17 2.45 ERROR
r-release-windows-ix86+x86_64 0.8 9.00 99.00 108.00 OK
r-release-osx-x86_64 0.8 NOTE
r-oldrel-windows-ix86+x86_64 0.8 6.00 102.00 108.00 OK
r-oldrel-osx-x86_64 0.8 NOTE

Check Details

Version: 0.8
Check: dependencies in R code
Result: NOTE
    Namespace in Imports field not imported from: ‘grDevices’
     All declared Imports should be used.
Flavors: r-devel-linux-x86_64-fedora-clang, r-devel-linux-x86_64-fedora-gcc, r-patched-solaris-x86, r-release-osx-x86_64, r-oldrel-osx-x86_64

Version: 0.8
Check: package dependencies
Result: ERROR
    Package required but not available: ‘colourpicker’
    
    Package suggested but not available for checking: ‘vdiffr’
    
    See section ‘The DESCRIPTION file’ in the ‘Writing R Extensions’
    manual.
Flavor: r-release-linux-x86_64