CRAN Package Check Results for Package ggExtra

Last updated on 2018-08-18 10:50:30 CEST.

Flavor Version Tinstall Tcheck Ttotal Status Flags
r-devel-linux-x86_64-debian-clang 0.8 2.02 54.58 56.60 OK
r-devel-linux-x86_64-debian-gcc 0.8 1.80 42.89 44.69 OK
r-devel-linux-x86_64-fedora-clang 0.8 69.29 NOTE
r-devel-linux-x86_64-fedora-gcc 0.8 66.51 NOTE
r-devel-windows-ix86+x86_64 0.8 6.00 91.00 97.00 OK
r-patched-linux-x86_64 0.8 2.27 51.00 53.27 OK
r-patched-solaris-x86 0.8 94.20 NOTE
r-release-linux-x86_64 0.8 2.00 51.79 53.79 OK
r-release-windows-ix86+x86_64 0.8 6.00 95.00 101.00 OK
r-release-osx-x86_64 0.8 NOTE
r-oldrel-windows-ix86+x86_64 0.8 4.00 104.00 108.00 OK
r-oldrel-osx-x86_64 0.8 NOTE

Check Details

Version: 0.8
Check: dependencies in R code
Result: NOTE
    Namespace in Imports field not imported from: ‘grDevices’
     All declared Imports should be used.
Flavors: r-devel-linux-x86_64-fedora-clang, r-devel-linux-x86_64-fedora-gcc, r-patched-solaris-x86, r-release-osx-x86_64, r-oldrel-osx-x86_64