CRAN Package Check Results for Package ggPMX

Last updated on 2020-02-24 14:48:03 CET.

Flavor Version Tinstall Tcheck Ttotal Status Flags
r-devel-linux-x86_64-debian-clang 1.0 11.95 306.17 318.12 OK
r-devel-linux-x86_64-debian-gcc 1.0 9.35 283.25 292.60 OK
r-devel-linux-x86_64-fedora-clang 1.0 298.62 NOTE
r-devel-linux-x86_64-fedora-gcc 1.0 279.21 NOTE
r-devel-windows-ix86+x86_64 1.0 25.00 201.00 226.00 OK
r-devel-windows-ix86+x86_64-gcc8 1.0 38.00 286.00 324.00 OK
r-patched-linux-x86_64 1.0 OK
r-patched-solaris-x86 1.0 281.50 NOTE
r-release-linux-x86_64 1.0 11.58 262.83 274.41 OK
r-release-windows-ix86+x86_64 1.0 22.00 191.00 213.00 OK
r-release-osx-x86_64 1.0 NOTE
r-oldrel-windows-ix86+x86_64 1.0 20.00 194.00 214.00 OK
r-oldrel-osx-x86_64 1.0 NOTE

Check Details

Version: 1.0
Check: dependencies in R code
Result: NOTE
    Namespace in Imports field not imported from: ‘checkmate’
     All declared Imports should be used.
Flavors: r-devel-linux-x86_64-fedora-clang, r-devel-linux-x86_64-fedora-gcc, r-patched-solaris-x86, r-release-osx-x86_64, r-oldrel-osx-x86_64