CRAN Package Check Results for Package ggPMX

Last updated on 2019-09-23 14:47:23 CEST.

Flavor Version Tinstall Tcheck Ttotal Status Flags
r-devel-linux-x86_64-debian-clang 0.9.4 9.85 260.12 269.97 OK
r-devel-linux-x86_64-debian-gcc 0.9.4 9.54 252.45 261.99 OK
r-devel-linux-x86_64-fedora-clang 0.9.4 255.57 NOTE
r-devel-linux-x86_64-fedora-gcc 0.9.4 234.31 NOTE
r-devel-windows-ix86+x86_64 0.9.4 42.00 496.00 538.00 OK
r-patched-linux-x86_64 0.9.4 10.22 233.83 244.05 OK
r-patched-solaris-x86 0.9.4 241.70 NOTE
r-release-linux-x86_64 0.9.4 10.28 239.26 249.54 OK
r-release-windows-ix86+x86_64 0.9.4 39.00 493.00 532.00 OK
r-release-osx-x86_64 0.9.4 NOTE
r-oldrel-windows-ix86+x86_64 0.9.4 18.00 357.00 375.00 OK
r-oldrel-osx-x86_64 0.9.4 NOTE

Check Details

Version: 0.9.4
Check: dependencies in R code
Result: NOTE
    Namespace in Imports field not imported from: ‘checkmate’
     All declared Imports should be used.
Flavors: r-devel-linux-x86_64-fedora-clang, r-devel-linux-x86_64-fedora-gcc, r-patched-solaris-x86, r-release-osx-x86_64, r-oldrel-osx-x86_64