CRAN Package Check Results for Package ggQC

Last updated on 2018-02-25 05:47:25 CET.

Flavor Version Tinstall Tcheck Ttotal Status Flags
r-devel-linux-x86_64-debian-clang 0.0.2 4.52 63.57 68.09 OK
r-devel-linux-x86_64-debian-gcc 0.0.2 3.42 46.63 50.05 OK
r-devel-linux-x86_64-fedora-clang 0.0.2 77.99 OK
r-devel-linux-x86_64-fedora-gcc 0.0.2 77.48 OK
r-devel-windows-ix86+x86_64 0.0.2 9.00 107.00 116.00 OK
r-patched-linux-x86_64 0.0.2 1.88 71.09 72.97 OK
r-patched-solaris-x86 0.0.2 98.50 OK
r-release-linux-x86_64 0.0.2 2.01 71.86 73.87 OK
r-release-windows-ix86+x86_64 0.0.2 7.00 115.00 122.00 OK
r-release-osx-x86_64 0.0.2 OK
r-oldrel-windows-ix86+x86_64 0.0.2 4.00 73.00 77.00 OK
r-oldrel-osx-x86_64 0.0.1 NOTE

Check Details

Version: 0.0.1
Check: dependencies in R code
Result: NOTE
    Namespaces in Imports field not imported from:
     ‘plyr’ ‘reshape2’
     All declared Imports should be used.
Flavor: r-oldrel-osx-x86_64