CRAN Package Check Results for Package ggRandomForests

Last updated on 2019-01-23 20:48:04 CET.

Flavor Version Tinstall Tcheck Ttotal Status Flags
r-devel-linux-x86_64-debian-clang 2.0.1 9.67 92.44 102.11 OK
r-devel-linux-x86_64-debian-gcc 2.0.1 7.97 68.73 76.70 OK
r-devel-linux-x86_64-fedora-clang 2.0.1 115.51 NOTE
r-devel-linux-x86_64-fedora-gcc 2.0.1 105.42 NOTE
r-devel-windows-ix86+x86_64 2.0.1 20.00 130.00 150.00 OK
r-patched-linux-x86_64 2.0.1 7.08 81.80 88.88 OK
r-patched-solaris-x86 2.0.1 170.00 NOTE
r-release-linux-x86_64 2.0.1 6.49 80.79 87.28 OK
r-release-windows-ix86+x86_64 2.0.1 14.00 129.00 143.00 OK
r-release-osx-x86_64 2.0.1 NOTE
r-oldrel-windows-ix86+x86_64 2.0.1 19.00 143.00 162.00 OK
r-oldrel-osx-x86_64 2.0.1 NOTE

Check Details

Version: 2.0.1
Check: dependencies in R code
Result: NOTE
    Namespace in Imports field not imported from: ‘randomForest’
     All declared Imports should be used.
Flavors: r-devel-linux-x86_64-fedora-clang, r-devel-linux-x86_64-fedora-gcc, r-patched-solaris-x86, r-release-osx-x86_64, r-oldrel-osx-x86_64