CRAN Package Check Results for Package ggRandomForests

Last updated on 2018-05-26 10:49:18 CEST.

Flavor Version Tinstall Tcheck Ttotal Status Flags
r-devel-linux-x86_64-debian-clang 2.0.1 8.88 90.11 98.99 OK
r-devel-linux-x86_64-debian-gcc 2.0.1 7.96 68.01 75.97 OK
r-devel-linux-x86_64-fedora-clang 2.0.1 117.92 NOTE
r-devel-linux-x86_64-fedora-gcc 2.0.1 113.37 NOTE
r-devel-windows-ix86+x86_64 2.0.1 14.00 99.00 113.00 OK
r-patched-linux-x86_64 2.0.1 7.11 75.76 82.87 OK
r-patched-solaris-x86 2.0.1 150.80 NOTE
r-release-linux-x86_64 2.0.1 7.32 75.61 82.93 OK
r-release-windows-ix86+x86_64 2.0.1 21.00 124.00 145.00 OK
r-release-osx-x86_64 2.0.1 NOTE
r-oldrel-windows-ix86+x86_64 2.0.1 13.00 93.00 106.00 OK
r-oldrel-osx-x86_64 2.0.1 NOTE

Check Details

Version: 2.0.1
Check: dependencies in R code
Result: NOTE
    Namespace in Imports field not imported from: ‘randomForest’
     All declared Imports should be used.
Flavors: r-devel-linux-x86_64-fedora-clang, r-devel-linux-x86_64-fedora-gcc, r-patched-solaris-x86, r-release-osx-x86_64, r-oldrel-osx-x86_64