CRAN Package Check Results for Package ggRandomForests

Last updated on 2018-08-17 14:47:52 CEST.

Flavor Version Tinstall Tcheck Ttotal Status Flags
r-devel-linux-x86_64-debian-clang 2.0.1 9.72 96.55 106.27 OK
r-devel-linux-x86_64-debian-gcc 2.0.1 7.64 73.58 81.22 OK
r-devel-linux-x86_64-fedora-clang 2.0.1 125.33 NOTE
r-devel-linux-x86_64-fedora-gcc 2.0.1 115.97 NOTE
r-devel-windows-ix86+x86_64 2.0.1 26.00 135.00 161.00 OK
r-patched-linux-x86_64 2.0.1 6.67 79.56 86.23 OK
r-patched-solaris-x86 2.0.1 161.90 NOTE
r-release-linux-x86_64 2.0.1 6.36 80.04 86.40 OK
r-release-windows-ix86+x86_64 2.0.1 22.00 132.00 154.00 OK
r-release-osx-x86_64 2.0.1 NOTE
r-oldrel-windows-ix86+x86_64 2.0.1 16.00 129.00 145.00 OK
r-oldrel-osx-x86_64 2.0.1 NOTE

Check Details

Version: 2.0.1
Check: dependencies in R code
Result: NOTE
    Namespace in Imports field not imported from: ‘randomForest’
     All declared Imports should be used.
Flavors: r-devel-linux-x86_64-fedora-clang, r-devel-linux-x86_64-fedora-gcc, r-patched-solaris-x86, r-release-osx-x86_64, r-oldrel-osx-x86_64