CRAN Package Check Results for Package ggRandomForests

Last updated on 2018-02-22 01:49:47 CET.

Flavor Version Tinstall Tcheck Ttotal Status Flags
r-devel-linux-x86_64-debian-clang 2.0.1 7.55 71.59 79.14 OK
r-devel-linux-x86_64-debian-gcc 2.0.1 6.80 60.72 67.52 OK
r-devel-linux-x86_64-fedora-clang 2.0.1 104.31 NOTE
r-devel-linux-x86_64-fedora-gcc 2.0.1 99.98 NOTE
r-devel-windows-ix86+x86_64 2.0.1 21.00 90.00 111.00 OK
r-patched-linux-x86_64 2.0.1 4.28 85.52 89.80 OK
r-patched-solaris-x86 2.0.1 149.90 NOTE
r-release-linux-x86_64 2.0.1 5.06 84.03 89.09 OK
r-release-windows-ix86+x86_64 2.0.1 15.00 123.00 138.00 OK
r-release-osx-x86_64 2.0.1 NOTE
r-oldrel-windows-ix86+x86_64 2.0.1 9.00 88.00 97.00 OK
r-oldrel-osx-x86_64 2.0.1 NOTE

Check Details

Version: 2.0.1
Check: dependencies in R code
Result: NOTE
    Namespace in Imports field not imported from: ‘randomForest’
     All declared Imports should be used.
Flavors: r-devel-linux-x86_64-fedora-clang, r-devel-linux-x86_64-fedora-gcc, r-patched-solaris-x86, r-release-osx-x86_64, r-oldrel-osx-x86_64