CRAN Package Check Results for Package ggRtsy

Last updated on 2024-02-21 02:52:15 CET.

Flavor Version Tinstall Tcheck Ttotal Status Flags
r-devel-linux-x86_64-debian-clang 0.1.0 OK
r-devel-linux-x86_64-debian-gcc 0.1.0 3.79 39.94 43.73 OK
r-devel-linux-x86_64-fedora-clang 0.1.0 71.60 NOTE
r-devel-linux-x86_64-fedora-gcc 0.1.0 79.75 NOTE
r-devel-windows-x86_64 0.1.0 5.00 61.00 66.00 OK
r-patched-linux-x86_64 0.1.0 3.90 51.73 55.63 OK
r-release-linux-x86_64 0.1.0 3.35 50.47 53.82 OK
r-release-macos-arm64 0.1.0 39.00 OK
r-release-macos-x86_64 0.1.0 81.00 OK
r-release-windows-x86_64 0.1.0 7.00 68.00 75.00 OK
r-oldrel-macos-arm64 0.1.0 42.00 OK
r-oldrel-windows-x86_64 0.1.0 8.00 75.00 83.00 OK

Check Details

Version: 0.1.0
Check: data for non-ASCII characters
Result: NOTE Note: found 19 marked UTF-8 strings Flavors: r-devel-linux-x86_64-fedora-clang, r-devel-linux-x86_64-fedora-gcc