CRAN Package Check Results for Package ggThemeAssist

Last updated on 2021-10-23 10:56:53 CEST.

Flavor Version Tinstall Tcheck Ttotal Status Flags
r-devel-linux-x86_64-debian-clang 0.1.5 5.91 53.93 59.84 NOTE
r-devel-linux-x86_64-debian-gcc 0.1.5 4.39 40.43 44.82 NOTE
r-devel-linux-x86_64-fedora-clang 0.1.5 81.37 NOTE
r-devel-linux-x86_64-fedora-gcc 0.1.5 68.30 NOTE
r-devel-windows-x86_64 0.1.5 11.00 76.00 87.00 NOTE
r-devel-windows-x86_64-gcc10-UCRT 0.1.5 NOTE
r-patched-linux-x86_64 0.1.5 5.91 51.07 56.98 NOTE
r-patched-solaris-x86 0.1.5 98.80 NOTE
r-release-linux-x86_64 0.1.5 4.72 49.89 54.61 NOTE
r-release-macos-arm64 0.1.5 NOTE
r-release-macos-x86_64 0.1.5 NOTE
r-release-windows-ix86+x86_64 0.1.5 12.00 76.00 88.00 NOTE
r-oldrel-macos-x86_64 0.1.5 OK
r-oldrel-windows-ix86+x86_64 0.1.5 17.00 75.00 92.00 OK

Check Details

Version: 0.1.5
Check: LazyData
Result: NOTE
     'LazyData' is specified without a 'data' directory
Flavors: r-devel-linux-x86_64-debian-clang, r-devel-linux-x86_64-debian-gcc, r-devel-linux-x86_64-fedora-clang, r-devel-linux-x86_64-fedora-gcc, r-devel-windows-x86_64, r-devel-windows-x86_64-gcc10-UCRT, r-patched-linux-x86_64, r-patched-solaris-x86, r-release-linux-x86_64, r-release-macos-arm64, r-release-macos-x86_64, r-release-windows-ix86+x86_64