CRAN Package Check Results for Package ggalt

Last updated on 2018-02-18 19:46:22 CET.

Flavor Version Tinstall Tcheck Ttotal Status Flags
r-devel-linux-x86_64-debian-clang 0.4.0 4.43 87.13 91.56 OK
r-devel-linux-x86_64-debian-gcc 0.4.0 3.61 64.10 67.71 OK
r-devel-linux-x86_64-fedora-clang 0.4.0 105.13 NOTE
r-devel-linux-x86_64-fedora-gcc 0.4.0 102.01 NOTE
r-devel-windows-ix86+x86_64 0.4.0 9.00 91.00 100.00 OK
r-patched-linux-x86_64 0.4.0 2.94 91.83 94.77 OK
r-patched-solaris-x86 0.4.0 137.70 NOTE
r-release-linux-x86_64 0.4.0 2.80 90.40 93.20 OK
r-release-windows-ix86+x86_64 0.4.0 15.00 141.00 156.00 OK
r-release-osx-x86_64 0.4.0 NOTE
r-oldrel-windows-ix86+x86_64 0.4.0 7.00 130.00 137.00 OK
r-oldrel-osx-x86_64 0.4.0 NOTE

Check Details

Version: 0.4.0
Check: dependencies in R code
Result: NOTE
    Namespace in Imports field not imported from: ‘plotly’
     All declared Imports should be used.
Flavors: r-devel-linux-x86_64-fedora-clang, r-devel-linux-x86_64-fedora-gcc, r-patched-solaris-x86, r-release-osx-x86_64, r-oldrel-osx-x86_64