CRAN Package Check Results for Package ggalt

Last updated on 2018-08-21 08:48:54 CEST.

Flavor Version Tinstall Tcheck Ttotal Status Flags
r-devel-linux-x86_64-debian-clang 0.4.0 5.40 91.30 96.70 OK
r-devel-linux-x86_64-debian-gcc 0.4.0 4.62 72.00 76.62 OK
r-devel-linux-x86_64-fedora-clang 0.4.0 119.56 NOTE
r-devel-linux-x86_64-fedora-gcc 0.4.0 112.43 NOTE
r-devel-windows-ix86+x86_64 0.4.0 17.00 157.00 174.00 OK
r-patched-linux-x86_64 0.4.0 3.87 86.08 89.95 OK
r-patched-solaris-x86 0.4.0 154.50 NOTE
r-release-linux-x86_64 0.4.0 5.87 86.28 92.15 OK
r-release-windows-ix86+x86_64 0.4.0 17.00 104.00 121.00 OK
r-release-osx-x86_64 0.4.0 NOTE
r-oldrel-windows-ix86+x86_64 0.4.0 8.00 169.00 177.00 OK
r-oldrel-osx-x86_64 0.4.0 NOTE

Check Details

Version: 0.4.0
Check: dependencies in R code
Result: NOTE
    Namespace in Imports field not imported from: ‘plotly’
     All declared Imports should be used.
Flavors: r-devel-linux-x86_64-fedora-clang, r-devel-linux-x86_64-fedora-gcc, r-patched-solaris-x86, r-release-osx-x86_64, r-oldrel-osx-x86_64