CRAN Package Check Results for Package ggalt

Last updated on 2019-02-21 01:50:43 CET.

Flavor Version Tinstall Tcheck Ttotal Status Flags
r-devel-linux-x86_64-debian-clang 0.4.0 6.98 93.52 100.50 OK
r-devel-linux-x86_64-debian-gcc 0.4.0 4.88 70.82 75.70 OK
r-devel-linux-x86_64-fedora-clang 0.4.0 128.30 NOTE
r-devel-linux-x86_64-fedora-gcc 0.4.0 112.40 NOTE
r-devel-windows-ix86+x86_64 0.4.0 16.00 163.00 179.00 OK
r-patched-linux-x86_64 0.4.0 OK
r-patched-solaris-x86 0.4.0 161.40 NOTE
r-release-linux-x86_64 0.4.0 OK
r-release-windows-ix86+x86_64 0.4.0 10.00 145.00 155.00 OK
r-release-osx-x86_64 0.4.0 NOTE
r-oldrel-windows-ix86+x86_64 0.4.0 9.00 122.00 131.00 OK
r-oldrel-osx-x86_64 0.4.0 NOTE

Check Details

Version: 0.4.0
Check: dependencies in R code
Result: NOTE
    Namespace in Imports field not imported from: ‘plotly’
     All declared Imports should be used.
Flavors: r-devel-linux-x86_64-fedora-clang, r-devel-linux-x86_64-fedora-gcc, r-patched-solaris-x86, r-release-osx-x86_64, r-oldrel-osx-x86_64