CRAN Package Check Results for Package ggalt

Last updated on 2018-05-21 17:48:12 CEST.

Flavor Version Tinstall Tcheck Ttotal Status Flags
r-devel-linux-x86_64-debian-clang 0.4.0 4.04 72.88 76.92 OK
r-devel-linux-x86_64-debian-gcc 0.4.0 3.99 67.75 71.74 OK
r-devel-linux-x86_64-fedora-clang 0.4.0 109.65 NOTE
r-devel-linux-x86_64-fedora-gcc 0.4.0 109.00 NOTE
r-devel-windows-ix86+x86_64 0.4.0 10.00 92.00 102.00 OK
r-patched-linux-x86_64 0.4.0 5.25 81.43 86.68 OK
r-patched-solaris-x86 0.4.0 146.00 NOTE
r-release-linux-x86_64 0.4.0 5.09 79.92 85.01 OK
r-release-windows-ix86+x86_64 0.4.0 9.00 145.00 154.00 OK
r-release-osx-x86_64 0.4.0 NOTE
r-oldrel-windows-ix86+x86_64 0.4.0 10.00 156.00 166.00 OK
r-oldrel-osx-x86_64 0.4.0 NOTE

Check Details

Version: 0.4.0
Check: dependencies in R code
Result: NOTE
    Namespace in Imports field not imported from: ‘plotly’
     All declared Imports should be used.
Flavors: r-devel-linux-x86_64-fedora-clang, r-devel-linux-x86_64-fedora-gcc, r-patched-solaris-x86, r-release-osx-x86_64, r-oldrel-osx-x86_64