Last updated on 2021-02-26 05:48:27 CET.
Flavor | Version | Tinstall | Tcheck | Ttotal | Status | Flags |
---|---|---|---|---|---|---|
r-devel-linux-x86_64-debian-clang | 0.4.0 | 8.46 | 109.19 | 117.65 | OK | |
r-devel-linux-x86_64-debian-gcc | 0.4.0 | 6.68 | 80.63 | 87.31 | OK | |
r-devel-linux-x86_64-fedora-clang | 0.4.0 | 143.84 | NOTE | |||
r-devel-linux-x86_64-fedora-gcc | 0.4.0 | 132.99 | NOTE | |||
r-devel-windows-ix86+x86_64 | 0.4.0 | 13.00 | 91.00 | 104.00 | OK | |
r-patched-linux-x86_64 | 0.4.0 | 8.11 | 101.72 | 109.83 | OK | |
r-patched-solaris-x86 | 0.4.0 | 173.80 | NOTE | |||
r-release-linux-x86_64 | 0.4.0 | 7.78 | 101.77 | 109.55 | OK | |
r-release-macos-x86_64 | 0.4.0 | NOTE | ||||
r-release-windows-ix86+x86_64 | 0.4.0 | 22.00 | 140.00 | 162.00 | OK | |
r-oldrel-macos-x86_64 | 0.4.0 | NOTE | ||||
r-oldrel-windows-ix86+x86_64 | 0.4.0 | 11.00 | 124.00 | 135.00 | OK |
Version: 0.4.0
Check: dependencies in R code
Result: NOTE
Namespace in Imports field not imported from: ‘plotly’
All declared Imports should be used.
Flavors: r-devel-linux-x86_64-fedora-clang, r-devel-linux-x86_64-fedora-gcc, r-patched-solaris-x86, r-release-macos-x86_64, r-oldrel-macos-x86_64