Last updated on 2019-12-07 08:49:27 CET.
Flavor | Version | Tinstall | Tcheck | Ttotal | Status | Flags |
---|---|---|---|---|---|---|
r-devel-linux-x86_64-debian-clang | 0.6.0 | 3.71 | 122.31 | 126.02 | OK | |
r-devel-linux-x86_64-debian-gcc | 0.6.0 | 2.84 | 99.01 | 101.85 | OK | |
r-devel-linux-x86_64-fedora-clang | 0.6.0 | 154.41 | OK | |||
r-devel-linux-x86_64-fedora-gcc | 0.6.0 | 155.44 | OK | |||
r-devel-windows-ix86+x86_64 | 0.6.0 | 11.00 | 79.00 | 90.00 | OK | |
r-devel-windows-ix86+x86_64-gcc8 | 0.6.0 | 16.00 | 80.00 | 96.00 | OK | |
r-patched-linux-x86_64 | 0.6.0 | 3.15 | 119.19 | 122.34 | OK | |
r-patched-solaris-x86 | 0.6.0 | 96.20 | OK | |||
r-release-linux-x86_64 | 0.6.0 | 3.35 | 129.45 | 132.80 | OK | |
r-release-windows-ix86+x86_64 | 0.6.0 | 6.00 | 80.00 | 86.00 | OK | |
r-release-osx-x86_64 | 0.6.0 | OK | ||||
r-oldrel-windows-ix86+x86_64 | 0.6.0 | 5.00 | 80.00 | 85.00 | WARN | |
r-oldrel-osx-x86_64 | 0.6.0 | OK |
Version: 0.6.0
Check: whether package can be installed
Result: WARN
Found the following significant warnings:
Warning: S3 methods '[.fun_list', '[.grouped_df', 'all.equal.tbl_df', 'anti_join.data.frame', 'anti_join.tbl_df', 'arrange.data.frame', 'arrange.default', 'arrange.grouped_df', 'arrange.tbl_df', 'arrange_.data.frame', 'arrange_.tbl_df', 'as.data.frame.grouped_df', 'as.data.frame.rowwise_df', 'as.data.frame.tbl_cube', 'as.table.tbl_cube', 'as.tbl.data.frame', 'as.tbl.tbl', 'as.tbl_cube.array', 'as.tbl_cube.data.frame', 'as.tbl_cube.matrix', 'as.tbl_cube.table', 'as_tibble.grouped_df', 'as_tibble.tbl_cube', 'auto_copy.tbl_cube', 'auto_copy.tbl_df', 'cbind.grouped_df', 'collapse.data.frame', 'collect.data.frame', 'common_by.NULL', 'common_by.character', 'common_by.default', 'common_by.list', 'compute.data.frame', 'copy_to.DBIConnection', 'copy_to.src_local', 'default_missing.data.frame', 'default_missing.default', 'dim.tbl_cube', 'distinct.data.frame', 'distinct.default', 'distinct.grouped_df', 'distinct.tbl_df', 'distinct_.data.frame', 'distinct_.grouped_df', 'distinct_.tbl_df', 'do.NULL', 'do.da [... truncated]
Flavor: r-oldrel-windows-ix86+x86_64