CRAN Package Check Results for Package ggbiplot

Last updated on 2024-07-20 12:48:10 CEST.

Flavor Version Tinstall Tcheck Ttotal Status Flags
r-devel-linux-x86_64-debian-clang 0.6.2 4.75 54.56 59.31 OK
r-devel-linux-x86_64-debian-gcc 0.6.2 4.32 41.21 45.53 OK
r-devel-linux-x86_64-fedora-clang 0.6.2 75.02 NOTE
r-devel-linux-x86_64-fedora-gcc 0.6.2 69.52 OK
r-devel-windows-x86_64 0.6.2 8.00 61.00 69.00 OK
r-patched-linux-x86_64 0.6.2 5.65 51.70 57.35 OK
r-release-linux-x86_64 0.6.2 4.53 51.88 56.41 OK
r-release-macos-arm64 0.6.2 25.00 OK
r-release-macos-x86_64 0.6.2 37.00 OK
r-release-windows-x86_64 0.6.2 6.00 61.00 67.00 OK
r-oldrel-macos-arm64 0.6.2 31.00 OK
r-oldrel-macos-x86_64 0.6.2 54.00 OK
r-oldrel-windows-x86_64 0.6.2 8.00 66.00 74.00 OK

Check Details

Version: 0.6.2
Check: Rd cross-references
Result: NOTE Undeclared packages ‘FactoMineR’, ‘ade4’, ‘factoextra’ in Rd xrefs Flavor: r-devel-linux-x86_64-fedora-clang