Last updated on 2022-05-28 22:55:09 CEST.
Flavor | Version | Tinstall | Tcheck | Ttotal | Status | Flags |
---|---|---|---|---|---|---|
r-devel-linux-x86_64-debian-clang | 0.1.0 | 5.59 | 59.96 | 65.55 | OK | |
r-devel-linux-x86_64-debian-gcc | 0.1.0 | 4.70 | 44.96 | 49.66 | OK | |
r-devel-linux-x86_64-fedora-clang | 0.1.0 | 78.52 | NOTE | |||
r-devel-linux-x86_64-fedora-gcc | 0.1.0 | 75.98 | NOTE | |||
r-devel-windows-x86_64 | 0.1.0 | 20.00 | 72.00 | 92.00 | OK | |
r-patched-linux-x86_64 | 0.1.0 | 4.31 | 56.28 | 60.59 | OK | |
r-release-linux-x86_64 | 0.1.0 | 4.61 | 56.31 | 60.92 | OK | |
r-release-macos-arm64 | 0.1.0 | 23.00 | NOTE | |||
r-release-macos-x86_64 | 0.1.0 | 41.00 | NOTE | |||
r-release-windows-x86_64 | 0.1.0 | 37.00 | 75.00 | 112.00 | OK | |
r-oldrel-macos-arm64 | 0.1.0 | 29.00 | NOTE | |||
r-oldrel-macos-x86_64 | 0.1.0 | 34.00 | NOTE | |||
r-oldrel-windows-ix86+x86_64 | 0.1.0 | 15.00 | 67.00 | 82.00 | OK |
Version: 0.1.0
Check: dependencies in R code
Result: NOTE
Namespace in Imports field not imported from: ‘scales’
All declared Imports should be used.
Flavors: r-devel-linux-x86_64-fedora-clang, r-devel-linux-x86_64-fedora-gcc, r-release-macos-arm64, r-release-macos-x86_64, r-oldrel-macos-arm64, r-oldrel-macos-x86_64