CRAN Package Check Results for Package ggbump

Last updated on 2024-02-26 05:57:39 CET.

Flavor Version Tinstall Tcheck Ttotal Status Flags
r-devel-linux-x86_64-debian-clang 0.1.0 5.96 45.01 50.97 NOTE
r-devel-linux-x86_64-debian-gcc 0.1.0 4.46 34.03 38.49 NOTE
r-devel-linux-x86_64-fedora-clang 0.1.0 61.78 NOTE
r-devel-linux-x86_64-fedora-gcc 0.1.0 57.39 NOTE
r-devel-windows-x86_64 0.1.0 6.00 53.00 59.00 NOTE
r-patched-linux-x86_64 0.1.0 3.99 43.43 47.42 NOTE
r-release-linux-x86_64 0.1.0 5.18 43.72 48.90 NOTE
r-release-macos-arm64 0.1.0 22.00 NOTE
r-release-macos-x86_64 0.1.0 32.00 NOTE
r-release-windows-x86_64 0.1.0 8.00 60.00 68.00 NOTE
r-oldrel-macos-arm64 0.1.0 23.00 NOTE
r-oldrel-windows-x86_64 0.1.0 8.00 62.00 70.00 NOTE

Check Details

Version: 0.1.0
Check: LazyData
Result: NOTE 'LazyData' is specified without a 'data' directory Flavors: r-devel-linux-x86_64-debian-clang, r-devel-linux-x86_64-debian-gcc, r-devel-linux-x86_64-fedora-clang, r-devel-linux-x86_64-fedora-gcc, r-devel-windows-x86_64, r-patched-linux-x86_64, r-release-linux-x86_64, r-release-macos-arm64, r-release-macos-x86_64, r-release-windows-x86_64, r-oldrel-macos-arm64, r-oldrel-windows-x86_64