CRAN Package Check Results for Package ggconf

Last updated on 2018-02-18 22:47:35 CET.

Flavor Version Tinstall Tcheck Ttotal Status Flags
r-devel-linux-x86_64-debian-clang 0.1 14.65 35.45 50.10 OK
r-devel-linux-x86_64-debian-gcc 0.1 14.12 28.13 42.25 OK
r-devel-linux-x86_64-fedora-clang 0.1 64.36 NOTE
r-devel-linux-x86_64-fedora-gcc 0.1 61.59 NOTE
r-devel-windows-ix86+x86_64 0.1 22.00 46.00 68.00 OK
r-patched-linux-x86_64 0.1 2.66 39.69 42.35 OK
r-patched-solaris-x86 0.1 65.80 NOTE
r-release-linux-x86_64 0.1 3.22 39.48 42.70 OK
r-release-windows-ix86+x86_64 0.1 9.00 78.00 87.00 OK
r-release-osx-x86_64 0.1 NOTE
r-oldrel-windows-ix86+x86_64 0.1 5.00 65.00 70.00 OK
r-oldrel-osx-x86_64 0.1 NOTE

Check Details

Version: 0.1
Check: dependencies in R code
Result: NOTE
    Namespace in Imports field not imported from: ‘tibble’
     All declared Imports should be used.
Flavors: r-devel-linux-x86_64-fedora-clang, r-devel-linux-x86_64-fedora-gcc, r-patched-solaris-x86, r-release-osx-x86_64, r-oldrel-osx-x86_64