CRAN Package Check Results for Package ggcorrplot

Last updated on 2021-05-10 18:50:38 CEST.

Flavor Version Tinstall Tcheck Ttotal Status Flags
r-devel-linux-x86_64-debian-clang 0.1.3 3.90 47.33 51.23 NOTE
r-devel-linux-x86_64-debian-gcc 0.1.3 3.25 34.79 38.04 NOTE
r-devel-linux-x86_64-fedora-clang 0.1.3 71.72 NOTE
r-devel-linux-x86_64-fedora-gcc 0.1.3 57.42 NOTE
r-devel-windows-ix86+x86_64 0.1.3 11.00 62.00 73.00 NOTE
r-devel-windows-x86_64-gcc10-UCRT 0.1.3 NOTE
r-patched-linux-x86_64 0.1.3 3.96 43.97 47.93 NOTE
r-patched-solaris-x86 0.1.3 86.30 NOTE
r-release-linux-x86_64 0.1.3 4.35 43.91 48.26 OK
r-release-macos-x86_64 0.1.3 OK
r-release-windows-ix86+x86_64 0.1.3 10.00 50.00 60.00 OK
r-oldrel-macos-x86_64 0.1.3 OK
r-oldrel-windows-ix86+x86_64 0.1.3 11.00 61.00 72.00 OK

Check Details

Version: 0.1.3
Check: LazyData
Result: NOTE
     'LazyData' is specified without a 'data' directory
Flavors: r-devel-linux-x86_64-debian-clang, r-devel-linux-x86_64-debian-gcc, r-devel-linux-x86_64-fedora-clang, r-devel-linux-x86_64-fedora-gcc, r-devel-windows-ix86+x86_64, r-devel-windows-x86_64-gcc10-UCRT, r-patched-linux-x86_64, r-patched-solaris-x86