CRAN Package Check Results for Package ggdag

Last updated on 2024-02-24 13:49:25 CET.

Flavor Version Tinstall Tcheck Ttotal Status Flags
r-devel-linux-x86_64-debian-clang 0.2.11 11.89 222.21 234.10 OK
r-devel-linux-x86_64-debian-gcc 0.2.11 8.41 167.44 175.85 OK
r-devel-linux-x86_64-fedora-clang 0.2.11 282.46 NOTE
r-devel-linux-x86_64-fedora-gcc 0.2.11 288.07 OK
r-devel-windows-x86_64 0.2.11 11.00 177.00 188.00 NOTE
r-patched-linux-x86_64 0.2.11 8.98 217.06 226.04 OK
r-release-linux-x86_64 0.2.11 9.69 216.43 226.12 OK
r-release-macos-arm64 0.2.11 86.00 NOTE
r-release-macos-x86_64 0.2.11 159.00 NOTE
r-release-windows-x86_64 0.2.11 15.00 222.00 237.00 NOTE
r-oldrel-macos-arm64 0.2.11 78.00 NOTE
r-oldrel-windows-x86_64 0.2.11 17.00 213.00 230.00 NOTE

Check Details

Version: 0.2.11
Check: installed package size
Result: NOTE installed size is 8.1Mb sub-directories of 1Mb or more: doc 6.6Mb help 1.1Mb Flavors: r-devel-linux-x86_64-fedora-clang, r-devel-windows-x86_64, r-release-macos-arm64, r-release-macos-x86_64, r-release-windows-x86_64, r-oldrel-macos-arm64, r-oldrel-windows-x86_64