Last updated on 2022-05-28 10:50:46 CEST.
Flavor | Version | Tinstall | Tcheck | Ttotal | Status | Flags |
---|---|---|---|---|---|---|
r-devel-linux-x86_64-debian-clang | 0.2.1 | 4.65 | 67.30 | 71.95 | NOTE | |
r-devel-linux-x86_64-debian-gcc | 0.2.1 | 3.93 | 51.20 | 55.13 | NOTE | |
r-devel-linux-x86_64-fedora-clang | 0.2.1 | 87.22 | NOTE | |||
r-devel-linux-x86_64-fedora-gcc | 0.2.1 | 83.88 | NOTE | |||
r-devel-windows-x86_64 | 0.2.1 | 15.00 | 82.00 | 97.00 | NOTE | |
r-patched-linux-x86_64 | 0.2.1 | 3.57 | 64.63 | 68.20 | NOTE | |
r-release-linux-x86_64 | 0.2.1 | 4.30 | 65.89 | 70.19 | NOTE | |
r-release-macos-arm64 | 0.2.1 | 25.00 | NOTE | |||
r-release-macos-x86_64 | 0.2.1 | 43.00 | NOTE | |||
r-release-windows-x86_64 | 0.2.1 | 21.00 | 82.00 | 103.00 | NOTE | |
r-oldrel-macos-arm64 | 0.2.1 | 27.00 | NOTE | |||
r-oldrel-macos-x86_64 | 0.2.1 | 38.00 | NOTE | |||
r-oldrel-windows-ix86+x86_64 | 0.2.1 | 16.00 | 79.00 | 95.00 | NOTE |
Version: 0.2.1
Check: LazyData
Result: NOTE
'LazyData' is specified without a 'data' directory
Flavors: r-devel-linux-x86_64-debian-clang, r-devel-linux-x86_64-debian-gcc, r-devel-linux-x86_64-fedora-clang, r-devel-linux-x86_64-fedora-gcc, r-devel-windows-x86_64, r-patched-linux-x86_64, r-release-linux-x86_64, r-release-macos-arm64, r-release-macos-x86_64, r-release-windows-x86_64, r-oldrel-macos-arm64, r-oldrel-macos-x86_64, r-oldrel-windows-ix86+x86_64