Last updated on 2023-09-22 14:51:55 CEST.
Flavor | Version | Tinstall | Tcheck | Ttotal | Status | Flags |
---|---|---|---|---|---|---|
r-devel-linux-x86_64-debian-clang | 0.1.23 | 4.99 | 73.55 | 78.54 | NOTE | |
r-devel-linux-x86_64-debian-gcc | 0.1.23 | 5.33 | 53.72 | 59.05 | NOTE | |
r-devel-linux-x86_64-fedora-clang | 0.1.23 | 96.35 | NOTE | |||
r-devel-linux-x86_64-fedora-gcc | 0.1.23 | 106.88 | NOTE | |||
r-devel-windows-x86_64 | 0.1.23 | 8.00 | 74.00 | 82.00 | NOTE | |
r-patched-linux-x86_64 | 0.1.23 | 6.09 | 68.34 | 74.43 | OK | |
r-release-linux-x86_64 | 0.1.23 | 5.65 | 68.45 | 74.10 | OK | |
r-release-macos-arm64 | 0.1.23 | 41.00 | OK | |||
r-release-macos-x86_64 | 0.1.23 | 85.00 | OK | |||
r-release-windows-x86_64 | 0.1.23 | 10.00 | 84.00 | 94.00 | OK | |
r-oldrel-macos-arm64 | 0.1.23 | 33.00 | OK | |||
r-oldrel-macos-x86_64 | 0.1.23 | 64.00 | OK | |||
r-oldrel-windows-x86_64 | 0.1.23 | 10.00 | 83.00 | 93.00 | OK |
Version: 0.1.23
Check: Rd \usage sections
Result: NOTE
Documented arguments not in \usage in documentation object 'labels.rpart':
‘pretty:’
Documented arguments not in \usage in documentation object 'rpart_labels':
‘model’ ‘...’
Documented arguments not in \usage in documentation object 'rpart_segments':
‘model’
Functions with \usage entries need to have the appropriate \alias
entries, and all their arguments documented.
The \usage entries must correspond to syntactically valid R code.
See chapter ‘Writing R documentation files’ in the ‘Writing R
Extensions’ manual.
Flavors: r-devel-linux-x86_64-debian-clang, r-devel-linux-x86_64-debian-gcc, r-devel-linux-x86_64-fedora-clang, r-devel-linux-x86_64-fedora-gcc, r-devel-windows-x86_64