CRAN Package Check Results for Package ggdmc

Last updated on 2021-01-23 19:47:36 CET.

Flavor Version Tinstall Tcheck Ttotal Status Flags
r-devel-linux-x86_64-debian-clang 0.2.6.0 140.32 70.70 211.02 OK
r-devel-linux-x86_64-debian-gcc 0.2.6.0 95.39 52.84 148.23 OK
r-devel-linux-x86_64-fedora-clang 0.2.6.0 291.92 NOTE
r-devel-linux-x86_64-fedora-gcc 0.2.6.0 263.61 OK
r-devel-windows-ix86+x86_64 0.2.6.0 316.00 124.00 440.00 OK
r-patched-linux-x86_64 0.2.6.0 116.51 65.19 181.70 OK
r-patched-solaris-x86 0.2.6.0 243.00 OK
r-release-linux-x86_64 0.2.6.0 109.67 64.49 174.16 OK
r-release-macos-x86_64 0.2.6.0 NOTE
r-release-windows-ix86+x86_64 0.2.6.0 283.00 128.00 411.00 OK
r-oldrel-macos-x86_64 0.2.6.0 NOTE
r-oldrel-windows-ix86+x86_64 0.2.6.0 241.00 116.00 357.00 OK

Check Details

Version: 0.2.6.0
Check: installed package size
Result: NOTE
     installed size is 6.6Mb
     sub-directories of 1Mb or more:
     libs 6.2Mb
Flavors: r-devel-linux-x86_64-fedora-clang, r-release-macos-x86_64, r-oldrel-macos-x86_64