CRAN Package Check Results for Package gge

Last updated on 2018-02-22 15:49:12 CET.

Flavor Version Tinstall Tcheck Ttotal Status Flags
r-devel-linux-x86_64-debian-clang 1.3 2.54 33.03 35.57 OK
r-devel-linux-x86_64-debian-gcc 1.3 1.93 29.25 31.18 OK
r-devel-linux-x86_64-fedora-clang 1.3 47.34 OK
r-devel-linux-x86_64-fedora-gcc 1.3 45.56 OK
r-devel-windows-ix86+x86_64 1.3 5.00 52.00 57.00 OK
r-patched-linux-x86_64 1.3 1.82 43.11 44.93 OK
r-patched-solaris-x86 1.3 65.50 OK
r-release-linux-x86_64 1.3 1.31 43.22 44.53 OK
r-release-windows-ix86+x86_64 1.3 8.00 76.00 84.00 OK
r-release-osx-x86_64 1.3 OK
r-oldrel-windows-ix86+x86_64 1.3 1.00 6.00 7.00 ERROR
r-oldrel-osx-x86_64 1.3 ERROR

Check Details

Version: 1.3
Check: package dependencies
Result: ERROR
    Package required but not available: 'nipals'
    
    See section 'The DESCRIPTION file' in the 'Writing R Extensions'
    manual.
Flavors: r-oldrel-windows-ix86+x86_64, r-oldrel-osx-x86_64