CRAN Package Check Results for Package gge

Last updated on 2018-05-23 06:46:50 CEST.

Flavor Version Tinstall Tcheck Ttotal Status Flags
r-devel-linux-x86_64-debian-clang 1.4 2.30 35.36 37.66 OK
r-devel-linux-x86_64-debian-gcc 1.4 1.86 27.48 29.34 OK
r-devel-linux-x86_64-fedora-clang 1.4 39.05 OK
r-devel-linux-x86_64-fedora-gcc 1.4 33.92 OK
r-devel-windows-ix86+x86_64 1.4 4.00 64.00 68.00 OK
r-patched-linux-x86_64 1.4 1.46 33.17 34.63 OK
r-patched-solaris-x86 1.4 54.20 OK
r-release-linux-x86_64 1.4 2.08 32.90 34.98 OK
r-release-windows-ix86+x86_64 1.4 6.00 64.00 70.00 OK
r-release-osx-x86_64 1.4 OK
r-oldrel-windows-ix86+x86_64 1.4 7.00 72.00 79.00 OK
r-oldrel-osx-x86_64 1.3 OK

Check Details

Version: 1.4
Check: tests
Result: FAIL
    
Flavor: r-release-osx-x86_64