CRAN Package Check Results for Package gge

Last updated on 2018-08-22 06:46:48 CEST.

Flavor Version Tinstall Tcheck Ttotal Status Flags
r-devel-linux-x86_64-debian-clang 1.4 2.49 36.64 39.13 OK
r-devel-linux-x86_64-debian-gcc 1.4 1.82 28.70 30.52 OK
r-devel-linux-x86_64-fedora-clang 1.4 48.16 OK
r-devel-linux-x86_64-fedora-gcc 1.4 47.24 OK
r-devel-windows-ix86+x86_64 1.4 5.00 45.00 50.00 OK
r-patched-linux-x86_64 1.4 2.14 32.83 34.97 OK
r-patched-solaris-x86 1.4 65.30 OK
r-release-linux-x86_64 1.4 1.59 33.56 35.15 OK
r-release-windows-ix86+x86_64 1.4 7.00 61.00 68.00 OK
r-release-osx-x86_64 1.4 ERROR
r-oldrel-windows-ix86+x86_64 1.4 4.00 78.00 82.00 OK
r-oldrel-osx-x86_64 1.4 ERROR

Check Details

Version: 1.4
Check: tests
Result: ERROR
     Running ‘testthat.R’ [2s/2s]
    Running the tests in ‘tests/testthat.R’ failed.
    Last 13 lines of output:
     Switching to 'nipals' method.
     Missing values detected: (3%)
     Missing values detected: (3%)
     Switching to 'nipals' method.
     Missing values detected: (3%)
     Switching to 'nipals' method.
     ── 1. Failure: rgl works (@test_gge.R#162) ────────────────────────────────────
     `{ ... }` produced warnings.
    
     ══ testthat results ═══════════════════════════════════════════════════════════
     OK: 14 SKIPPED: 0 FAILED: 1
     1. Failure: rgl works (@test_gge.R#162)
    
     Error: testthat unit tests failed
     Execution halted
Flavor: r-release-osx-x86_64

Version: 1.4
Check: tests
Result: ERROR
     Running ‘testthat.R’ [3s/3s]
    Running the tests in ‘tests/testthat.R’ failed.
    Last 13 lines of output:
     Switching to 'nipals' method.
     Missing values detected: (3%)
     Missing values detected: (3%)
     Switching to 'nipals' method.
     Missing values detected: (3%)
     Switching to 'nipals' method.
     ── 1. Failure: rgl works (@test_gge.R#162) ────────────────────────────────────
     `{ ... }` produced warnings.
    
     ══ testthat results ═══════════════════════════════════════════════════════════
     OK: 14 SKIPPED: 0 FAILED: 1
     1. Failure: rgl works (@test_gge.R#162)
    
     Error: testthat unit tests failed
     Execution halted
Flavor: r-oldrel-osx-x86_64