CRAN Package Check Results for Package gge

Last updated on 2019-06-18 00:17:56 CEST.

Flavor Version Tinstall Tcheck Ttotal Status Flags
r-devel-linux-x86_64-debian-clang 1.4 2.87 36.99 39.86 OK
r-devel-linux-x86_64-debian-gcc 1.4 2.22 29.59 31.81 OK
r-devel-linux-x86_64-fedora-clang 1.4 48.58 OK
r-devel-linux-x86_64-fedora-gcc 1.4 47.64 OK
r-devel-windows-ix86+x86_64 1.4 10.00 64.00 74.00 OK
r-patched-linux-x86_64 1.4 3.14 36.46 39.60 OK
r-patched-solaris-x86 1.4 66.30 OK
r-release-linux-x86_64 1.4 2.64 36.93 39.57 OK
r-release-windows-ix86+x86_64 1.4 8.00 65.00 73.00 OK
r-release-osx-x86_64 1.4 ERROR
r-oldrel-windows-ix86+x86_64 1.4 5.00 69.00 74.00 OK
r-oldrel-osx-x86_64 1.4 OK

Check Details

Version: 1.4
Check: tests
Result: ERROR
     Running ‘testthat.R’ [3s/5s]
    Running the tests in ‘tests/testthat.R’ failed.
    Last 13 lines of output:
     Switching to 'nipals' method.
     Missing values detected: (3%)
     Missing values detected: (3%)
     Switching to 'nipals' method.
     Missing values detected: (3%)
     Switching to 'nipals' method.
     ── 1. Failure: rgl works (@test_gge.R#162) ────────────────────────────────────
     `{ ... }` produced warnings.
    
     ══ testthat results ═══════════════════════════════════════════════════════════
     OK: 14 SKIPPED: 0 FAILED: 1
     1. Failure: rgl works (@test_gge.R#162)
    
     Error: testthat unit tests failed
     Execution halted
Flavor: r-release-osx-x86_64