CRAN Package Check Results for Package ggeffects

Last updated on 2019-02-21 01:50:43 CET.

Flavor Version Tinstall Tcheck Ttotal Status Flags
r-devel-linux-x86_64-debian-clang 0.8.0 11.75 402.31 414.06 OK
r-devel-linux-x86_64-debian-gcc 0.8.0 9.23 305.47 314.70 OK
r-devel-linux-x86_64-fedora-clang 0.8.0 520.67 OK
r-devel-linux-x86_64-fedora-gcc 0.8.0 500.96 OK
r-devel-windows-ix86+x86_64 0.8.0 30.00 563.00 593.00 OK
r-patched-linux-x86_64 0.8.0 OK
r-patched-solaris-x86 0.8.0 734.20 OK
r-release-linux-x86_64 0.8.0 OK
r-release-windows-ix86+x86_64 0.8.0 17.00 489.00 506.00 OK
r-release-osx-x86_64 0.8.0 OK
r-oldrel-windows-ix86+x86_64 0.8.0 17.00 471.00 488.00 OK
r-oldrel-osx-x86_64 0.8.0 ERROR

Check Details

Version: 0.8.0
Check: package dependencies
Result: ERROR
    Package required and available but unsuitable version: ‘sjstats’
    
    See section ‘The DESCRIPTION file’ in the ‘Writing R Extensions’
    manual.
Flavor: r-oldrel-osx-x86_64