CRAN Package Check Results for Package ggenealogy

Last updated on 2018-02-24 07:49:58 CET.

Flavor Version Tinstall Tcheck Ttotal Status Flags
r-devel-linux-x86_64-debian-clang 0.3.0 1.80 172.53 174.33 OK
r-devel-linux-x86_64-debian-gcc 0.3.0 2.32 132.83 135.15 OK
r-devel-linux-x86_64-fedora-clang 0.3.0 214.03 NOTE
r-devel-linux-x86_64-fedora-gcc 0.3.0 204.37 NOTE
r-devel-windows-ix86+x86_64 0.3.0 7.00 246.00 253.00 OK
r-patched-linux-x86_64 0.3.0 1.23 222.12 223.35 OK
r-patched-solaris-x86 0.3.0 246.30 NOTE
r-release-linux-x86_64 0.3.0 1.31 199.21 200.52 OK
r-release-windows-ix86+x86_64 0.3.0 5.00 262.00 267.00 OK
r-release-osx-x86_64 0.3.0 NOTE
r-oldrel-windows-ix86+x86_64 0.3.0 3.00 198.00 201.00 OK
r-oldrel-osx-x86_64 0.3.0 NOTE

Check Details

Version: 0.3.0
Check: dependencies in R code
Result: NOTE
    Namespace in Imports field not imported from: ‘tibble’
     All declared Imports should be used.
Flavors: r-devel-linux-x86_64-fedora-clang, r-devel-linux-x86_64-fedora-gcc, r-patched-solaris-x86, r-release-osx-x86_64, r-oldrel-osx-x86_64

Version: 0.3.0
Check: data for non-ASCII characters
Result: NOTE
     Note: found 2356 marked UTF-8 strings
Flavors: r-devel-linux-x86_64-fedora-clang, r-devel-linux-x86_64-fedora-gcc, r-patched-solaris-x86, r-release-osx-x86_64, r-oldrel-osx-x86_64

Version: 0.3.0
Check: re-building of vignette outputs
Result: NOTE
    Error in re-building vignettes:
     ...
     conversion failure on 'Barbara Choroś-Tomczyk' in 'mbcsToSbcs': dot substituted for <9b>
    Warning in grid.Call.graphics(C_text, as.graphicsAnnot(x$label), x$x, x$y, :
     conversion failure on 'Ondřej Chochola' in 'mbcsToSbcs': dot substituted for <c5>
    Warning in grid.Call.graphics(C_text, as.graphicsAnnot(x$label), x$x, x$y, :
     conversion failure on 'Ondřej Chochola' in 'mbcsToSbcs': dot substituted for <99>
    Warning in grid.Call.graphics(C_text, as.graphicsAnnot(x$label), x$x, x$y, :
     conversion failure on 'Ondřej Chochola' in 'mbcsToSbcs': dot substituted for <c5>
    Warning in grid.Call.graphics(C_text, as.graphicsAnnot(x$label), x$x, x$y, :
     conversion failure on 'Ondřej Chochola' in 'mbcsToSbcs': dot substituted for <99>
    Error in texi2dvi(file = file, pdf = TRUE, clean = clean, quiet = quiet, :
     Running 'texi2dvi' on 'ggenealogy.tex' failed.
    LaTeX errors:
    ! LaTeX Error: File `media9.sty' not found.
    
    Type X to quit or <RETURN> to proceed,
    or enter new name. (Default extension: sty)
    
    ! Emergency stop.
    <read *>
    
    l.4 ^^M
    
    ! ==> Fatal error occurred, no output PDF file produced!
    Calls: buildVignettes -> texi2pdf -> texi2dvi
    Execution halted
Flavor: r-release-osx-x86_64