CRAN Package Check Results for Package ggfan

Last updated on 2018-05-28 01:46:35 CEST.

Flavor Version Tinstall Tcheck Ttotal Status Flags
r-devel-linux-x86_64-debian-clang 0.1.1 3.87 75.25 79.12 OK
r-devel-linux-x86_64-debian-gcc 0.1.1 3.68 64.58 68.26 OK
r-devel-linux-x86_64-fedora-clang 0.1.1 103.29 NOTE
r-devel-linux-x86_64-fedora-gcc 0.1.1 101.39 NOTE
r-devel-windows-ix86+x86_64 0.1.1 7.00 106.00 113.00 OK
r-patched-linux-x86_64 0.1.1 3.41 80.00 83.41 OK
r-patched-solaris-x86 0.1.1 137.90 NOTE
r-release-linux-x86_64 0.1.1 4.29 80.83 85.12 OK
r-release-windows-ix86+x86_64 0.1.1 9.00 123.00 132.00 OK
r-release-osx-x86_64 0.1.1 NOTE
r-oldrel-windows-ix86+x86_64 0.1.1 9.00 107.00 116.00 OK
r-oldrel-osx-x86_64 0.1.1 NOTE

Check Details

Version: 0.1.1
Check: dependencies in R code
Result: NOTE
    Namespaces in Imports field not imported from:
     ‘colorspace’ ‘grid’ ‘rstan’
     All declared Imports should be used.
Flavors: r-devel-linux-x86_64-fedora-clang, r-devel-linux-x86_64-fedora-gcc, r-patched-solaris-x86, r-release-osx-x86_64, r-oldrel-osx-x86_64