CRAN Package Check Results for Package ggfan

Last updated on 2018-02-25 01:50:43 CET.

Flavor Version Tinstall Tcheck Ttotal Status Flags
r-devel-linux-x86_64-debian-clang 0.1.1 3.67 80.77 84.44 OK
r-devel-linux-x86_64-debian-gcc 0.1.1 3.49 62.75 66.24 OK
r-devel-linux-x86_64-fedora-clang 0.1.1 97.75 NOTE
r-devel-linux-x86_64-fedora-gcc 0.1.1 98.05 NOTE
r-devel-windows-ix86+x86_64 0.1.1 10.00 138.00 148.00 OK
r-patched-linux-x86_64 0.1.1 4.19 101.06 105.25 OK
r-patched-solaris-x86 0.1.1 139.70 NOTE
r-release-linux-x86_64 0.1.1 4.36 93.74 98.10 OK
r-release-windows-ix86+x86_64 0.1.1 11.00 142.00 153.00 OK
r-release-osx-x86_64 0.1.1 NOTE
r-oldrel-windows-ix86+x86_64 0.1.1 6.00 92.00 98.00 OK
r-oldrel-osx-x86_64 0.1.1 NOTE

Check Details

Version: 0.1.1
Check: dependencies in R code
Result: NOTE
    Namespaces in Imports field not imported from:
     ‘colorspace’ ‘grid’ ‘rstan’
     All declared Imports should be used.
Flavors: r-devel-linux-x86_64-fedora-clang, r-devel-linux-x86_64-fedora-gcc, r-patched-solaris-x86, r-release-osx-x86_64, r-oldrel-osx-x86_64