CRAN Package Check Results for Package ggfan

Last updated on 2019-01-24 11:52:13 CET.

Flavor Version Tinstall Tcheck Ttotal Status Flags
r-devel-linux-x86_64-debian-clang 0.1.2 5.24 87.46 92.70 OK
r-devel-linux-x86_64-debian-gcc 0.1.2 3.83 66.61 70.44 OK
r-devel-linux-x86_64-fedora-clang 0.1.2 107.96 NOTE
r-devel-linux-x86_64-fedora-gcc 0.1.2 102.25 NOTE
r-devel-windows-ix86+x86_64 0.1.2 14.00 137.00 151.00 OK
r-patched-linux-x86_64 0.1.2 3.64 86.77 90.41 OK
r-patched-solaris-x86 0.1.2 154.00 NOTE
r-release-linux-x86_64 0.1.2 3.47 86.16 89.63 OK
r-release-windows-ix86+x86_64 0.1.2 8.00 141.00 149.00 OK
r-release-osx-x86_64 0.1.2 NOTE
r-oldrel-windows-ix86+x86_64 0.1.2 11.00 126.00 137.00 OK
r-oldrel-osx-x86_64 0.1.2 NOTE

Check Details

Version: 0.1.2
Check: dependencies in R code
Result: NOTE
    Namespaces in Imports field not imported from:
     ‘colorspace’ ‘grid’ ‘rstan’
     All declared Imports should be used.
Flavors: r-devel-linux-x86_64-fedora-clang, r-devel-linux-x86_64-fedora-gcc, r-patched-solaris-x86, r-release-osx-x86_64, r-oldrel-osx-x86_64