CRAN Package Check Results for Package ggfan

Last updated on 2018-10-19 08:48:55 CEST.

Flavor Version Tinstall Tcheck Ttotal Status Flags
r-devel-linux-x86_64-debian-clang 0.1.2 4.37 84.15 88.52 OK
r-devel-linux-x86_64-debian-gcc 0.1.2 4.42 65.62 70.04 OK
r-devel-linux-x86_64-fedora-clang 0.1.2 105.45 NOTE
r-devel-linux-x86_64-fedora-gcc 0.1.2 101.68 NOTE
r-devel-windows-ix86+x86_64 0.1.2 9.00 126.00 135.00 OK
r-patched-linux-x86_64 0.1.2 5.05 86.33 91.38 OK
r-patched-solaris-x86 0.1.2 148.30 NOTE
r-release-linux-x86_64 0.1.2 4.05 86.24 90.29 OK
r-release-windows-ix86+x86_64 0.1.2 10.00 102.00 112.00 OK
r-release-osx-x86_64 0.1.2 NOTE
r-oldrel-windows-ix86+x86_64 0.1.2 8.00 150.00 158.00 OK
r-oldrel-osx-x86_64 0.1.2 NOTE

Check Details

Version: 0.1.2
Check: dependencies in R code
Result: NOTE
    Namespaces in Imports field not imported from:
     ‘colorspace’ ‘grid’ ‘rstan’
     All declared Imports should be used.
Flavors: r-devel-linux-x86_64-fedora-clang, r-devel-linux-x86_64-fedora-gcc, r-patched-solaris-x86, r-release-osx-x86_64, r-oldrel-osx-x86_64