CRAN Package Check Results for Package ggfan

Last updated on 2018-08-17 07:47:32 CEST.

Flavor Version Tinstall Tcheck Ttotal Status Flags
r-devel-linux-x86_64-debian-clang 0.1.2 4.77 81.68 86.45 OK
r-devel-linux-x86_64-debian-gcc 0.1.2 4.07 64.31 68.38 OK
r-devel-linux-x86_64-fedora-clang 0.1.2 104.45 NOTE
r-devel-linux-x86_64-fedora-gcc 0.1.2 100.80 NOTE
r-devel-windows-ix86+x86_64 0.1.2 10.00 130.00 140.00 OK
r-patched-linux-x86_64 0.1.2 4.43 84.83 89.26 OK
r-patched-solaris-x86 0.1.2 146.20 NOTE
r-release-linux-x86_64 0.1.2 3.63 85.70 89.33 OK
r-release-windows-ix86+x86_64 0.1.2 10.00 131.00 141.00 OK
r-release-osx-x86_64 0.1.2 NOTE
r-oldrel-windows-ix86+x86_64 0.1.2 10.00 148.00 158.00 OK
r-oldrel-osx-x86_64 0.1.2 NOTE

Check Details

Version: 0.1.2
Check: dependencies in R code
Result: NOTE
    Namespaces in Imports field not imported from:
     ‘colorspace’ ‘grid’ ‘rstan’
     All declared Imports should be used.
Flavors: r-devel-linux-x86_64-fedora-clang, r-devel-linux-x86_64-fedora-gcc, r-patched-solaris-x86, r-release-osx-x86_64, r-oldrel-osx-x86_64