CRAN Package Check Results for Package ggforce

Last updated on 2018-02-19 04:47:57 CET.

Flavor Version Tinstall Tcheck Ttotal Status Flags
r-devel-linux-x86_64-debian-clang 0.1.1 24.09 99.31 123.40 NOTE
r-devel-linux-x86_64-debian-gcc 0.1.1 19.62 79.33 98.95 NOTE
r-devel-linux-x86_64-fedora-clang 0.1.1 165.25 NOTE
r-devel-linux-x86_64-fedora-gcc 0.1.1 155.60 NOTE
r-devel-windows-ix86+x86_64 0.1.1 49.00 152.00 201.00 OK
r-patched-linux-x86_64 0.1.1 21.53 117.98 139.51 NOTE
r-patched-solaris-x86 0.1.1 192.30 OK
r-release-linux-x86_64 0.1.1 19.59 118.08 137.67 NOTE
r-release-windows-ix86+x86_64 0.1.1 66.00 245.00 311.00 OK
r-release-osx-x86_64 0.1.1 OK
r-oldrel-windows-ix86+x86_64 0.1.1 48.00 216.00 264.00 OK
r-oldrel-osx-x86_64 0.1.1 OK

Check Details

Version: 0.1.1
Check: compiled code
Result: NOTE
    File ‘ggforce/libs/ggforce.so’:
     Found no calls to: ‘R_registerRoutines’, ‘R_useDynamicSymbols’
    
    It is good practice to register native routines and to disable symbol
    search.
    
    See ‘Writing portable packages’ in the ‘Writing R Extensions’ manual.
Flavors: r-devel-linux-x86_64-debian-clang, r-devel-linux-x86_64-debian-gcc, r-devel-linux-x86_64-fedora-clang, r-devel-linux-x86_64-fedora-gcc, r-patched-linux-x86_64, r-release-linux-x86_64