CRAN Package Check Results for Package ggforce

Last updated on 2018-05-26 08:49:30 CEST.

Flavor Version Tinstall Tcheck Ttotal Status Flags
r-devel-linux-x86_64-debian-clang 0.1.1 26.54 95.96 122.50 ERROR
r-devel-linux-x86_64-debian-gcc 0.1.1 22.08 72.85 94.93 ERROR
r-devel-linux-x86_64-fedora-clang 0.1.1 168.03 NOTE
r-devel-linux-x86_64-fedora-gcc 0.1.1 160.92 NOTE
r-devel-windows-ix86+x86_64 0.1.1 52.00 167.00 219.00 OK
r-patched-linux-x86_64 0.1.1 29.66 92.09 121.75 ERROR
r-patched-solaris-x86 0.1.1 202.90 OK
r-release-linux-x86_64 0.1.1 30.86 92.49 123.35 ERROR
r-release-windows-ix86+x86_64 0.1.1 73.00 222.00 295.00 OK
r-release-osx-x86_64 0.1.1 OK
r-oldrel-windows-ix86+x86_64 0.1.1 68.00 182.00 250.00 OK
r-oldrel-osx-x86_64 0.1.1 OK

Check Details

Version: 0.1.1
Check: compiled code
Result: NOTE
    File ‘ggforce/libs/ggforce.so’:
     Found no calls to: ‘R_registerRoutines’, ‘R_useDynamicSymbols’
    
    It is good practice to register native routines and to disable symbol
    search.
    
    See ‘Writing portable packages’ in the ‘Writing R Extensions’ manual.
Flavors: r-devel-linux-x86_64-debian-clang, r-devel-linux-x86_64-debian-gcc, r-devel-linux-x86_64-fedora-clang, r-devel-linux-x86_64-fedora-gcc, r-patched-linux-x86_64, r-release-linux-x86_64

Version: 0.1.1
Check: examples
Result: ERROR
    Running examples in ‘ggforce-Ex.R’ failed
    The error most likely occurred in:
    
    > base::assign(".ptime", proc.time(), pos = "CheckExEnv")
    > ### Name: scale_unit
    > ### Title: Position scales for units data
    > ### Aliases: scale_type.units scale_x_unit scale_y_unit
    >
    > ### ** Examples
    >
    > library(units)
    
    Attaching package: ‘units’
    
    The following object is masked from ‘package:base’:
    
     %*%
    
    > gallon <- make_unit('gallon')
    > mtcars$consumption <- mtcars$mpg * with(ud_units, mi/gallon)
    > mtcars$power <- mtcars$hp * with(ud_units, hp)
    >
    > # Use units encoded into the data
    > ggplot(mtcars) +
    + geom_point(aes(power, consumption))
    Don't know how to automatically pick scale for object of type units. Defaulting to continuous.
    Don't know how to automatically pick scale for object of type units. Defaulting to continuous.
    Error in Ops.units(x, range[1]) :
     both operands of the expression should be "units" objects
    Calls: <Anonymous> ... FUN -> <Anonymous> -> f -> <Anonymous> -> f -> Ops.units
    Execution halted
Flavors: r-devel-linux-x86_64-debian-clang, r-devel-linux-x86_64-debian-gcc, r-patched-linux-x86_64, r-release-linux-x86_64

Version: 0.1.1
Check: re-building of vignette outputs
Result: WARN
    Error in re-building vignettes:
     ...
    Quitting from lines 470-479 (Visual_Guide.Rmd)
    Error: processing vignette ‘Visual_Guide.Rmd’ failed with diagnostics:
    both operands of the expression should be "units" objects
    Execution halted
Flavors: r-devel-linux-x86_64-debian-clang, r-devel-linux-x86_64-debian-gcc, r-patched-linux-x86_64, r-release-linux-x86_64