CRAN Package Check Results for Package ggformula

Last updated on 2018-05-23 10:48:02 CEST.

Flavor Version Tinstall Tcheck Ttotal Status Flags
r-devel-linux-x86_64-debian-clang 0.6.2 11.86 173.23 185.09 OK
r-devel-linux-x86_64-debian-gcc 0.7.0 0.50 1.49 1.99 ERROR
r-devel-linux-x86_64-fedora-clang 0.7.0 196.83 OK
r-devel-linux-x86_64-fedora-gcc 0.7.0 137.43 OK
r-devel-windows-ix86+x86_64 0.7.0 17.00 183.00 200.00 OK
r-patched-linux-x86_64 0.6.2 10.43 162.68 173.11 OK
r-patched-solaris-x86 0.7.0 268.70 OK
r-release-linux-x86_64 0.6.2 9.72 159.39 169.11 OK
r-release-windows-ix86+x86_64 0.6.2 24.00 239.00 263.00 ERROR
r-release-osx-x86_64 0.6.2 OK
r-oldrel-windows-ix86+x86_64 0.6.2 13.00 264.00 277.00 OK
r-oldrel-osx-x86_64 0.6.2 OK

Check Details

Version: 0.7.0
Check: package dependencies
Result: ERROR
    Packages required but not available: ‘ggplot2’ ‘mosaicCore’ ‘tibble’
    
    Packages suggested but not available for checking:
     ‘mosaic’ ‘dplyr’ ‘mosaicModel’ ‘broom’ ‘ggthemes’
    
    See section ‘The DESCRIPTION file’ in the ‘Writing R Extensions’
    manual.
Flavor: r-devel-linux-x86_64-debian-gcc

Version: 0.6.2
Check: whether package can be installed
Result: ERROR
    Installation failed.
Flavor: r-release-windows-ix86+x86_64