CRAN Package Check Results for Package ggformula

Last updated on 2018-11-21 08:48:39 CET.

Flavor Version Tinstall Tcheck Ttotal Status Flags
r-devel-linux-x86_64-debian-clang 0.9.0 15.71 286.61 302.32 OK
r-devel-linux-x86_64-debian-gcc 0.9.0 14.95 215.55 230.50 OK
r-devel-linux-x86_64-fedora-clang 0.9.0 347.25 NOTE
r-devel-linux-x86_64-fedora-gcc 0.9.0 329.61 NOTE
r-devel-windows-ix86+x86_64 0.9.0 37.00 403.00 440.00 OK
r-patched-linux-x86_64 0.9.0 12.93 272.85 285.78 OK
r-patched-solaris-x86 0.9.0 469.80 NOTE
r-release-linux-x86_64 0.9.0 18.47 273.30 291.77 OK
r-release-windows-ix86+x86_64 0.9.0 25.00 371.00 396.00 OK
r-release-osx-x86_64 0.9.0 NOTE
r-oldrel-windows-ix86+x86_64 0.9.0 12.00 374.00 386.00 OK
r-oldrel-osx-x86_64 0.9.0 NOTE

Check Details

Version: 0.9.0
Check: installed package size
Result: NOTE
     installed size is 5.0Mb
     sub-directories of 1Mb or more:
     doc 2.7Mb
Flavors: r-devel-linux-x86_64-fedora-clang, r-patched-solaris-x86

Version: 0.9.0
Check: dependencies in R code
Result: NOTE
    Namespace in Imports field not imported from: ‘tidyr’
     All declared Imports should be used.
Flavors: r-devel-linux-x86_64-fedora-clang, r-devel-linux-x86_64-fedora-gcc, r-patched-solaris-x86, r-release-osx-x86_64, r-oldrel-osx-x86_64