Last updated on 2019-02-20 11:51:30 CET.
Flavor | Version | Tinstall | Tcheck | Ttotal | Status | Flags |
---|---|---|---|---|---|---|
r-devel-linux-x86_64-debian-clang | 0.9.1 | 18.91 | 321.02 | 339.93 | OK | |
r-devel-linux-x86_64-debian-gcc | 0.9.1 | 14.22 | 236.84 | 251.06 | OK | |
r-devel-linux-x86_64-fedora-clang | 0.9.1 | 417.59 | NOTE | |||
r-devel-linux-x86_64-fedora-gcc | 0.9.1 | 381.89 | NOTE | |||
r-devel-windows-ix86+x86_64 | 0.9.1 | 33.00 | 511.00 | 544.00 | OK | |
r-patched-linux-x86_64 | 0.9.1 | OK | ||||
r-patched-solaris-x86 | 0.9.1 | 536.90 | NOTE | |||
r-release-linux-x86_64 | 0.9.1 | 13.09 | 299.65 | 312.74 | OK | |
r-release-windows-ix86+x86_64 | 0.9.1 | 25.00 | 453.00 | 478.00 | OK | |
r-release-osx-x86_64 | 0.9.1 | NOTE | ||||
r-oldrel-windows-ix86+x86_64 | 0.9.1 | 11.00 | 374.00 | 385.00 | OK | |
r-oldrel-osx-x86_64 | 0.9.1 | NOTE |
Version: 0.9.1
Check: installed package size
Result: NOTE
installed size is 5.0Mb
sub-directories of 1Mb or more:
doc 2.7Mb
Flavors: r-devel-linux-x86_64-fedora-clang, r-patched-solaris-x86
Version: 0.9.1
Check: dependencies in R code
Result: NOTE
Namespace in Imports field not imported from: ‘tidyr’
All declared Imports should be used.
Flavors: r-devel-linux-x86_64-fedora-clang, r-devel-linux-x86_64-fedora-gcc, r-patched-solaris-x86, r-release-osx-x86_64, r-oldrel-osx-x86_64