CRAN Package Check Results for Package ggformula

Last updated on 2018-08-19 04:46:54 CEST.

Flavor Version Tinstall Tcheck Ttotal Status Flags
r-devel-linux-x86_64-debian-clang 0.9.0 15.95 279.38 295.33 OK
r-devel-linux-x86_64-debian-gcc 0.9.0 13.09 215.54 228.63 OK
r-devel-linux-x86_64-fedora-clang 0.9.0 355.94 NOTE
r-devel-linux-x86_64-fedora-gcc 0.9.0 351.68 NOTE
r-devel-windows-ix86+x86_64 0.9.0 33.00 396.00 429.00 OK
r-patched-linux-x86_64 0.9.0 17.72 272.69 290.41 OK
r-patched-solaris-x86 0.9.0 465.40 NOTE
r-release-linux-x86_64 0.9.0 15.99 270.74 286.73 OK
r-release-windows-ix86+x86_64 0.9.0 35.00 421.00 456.00 OK
r-release-osx-x86_64 0.9.0 NOTE
r-oldrel-windows-ix86+x86_64 0.9.0 12.00 316.00 328.00 OK
r-oldrel-osx-x86_64 0.9.0 NOTE

Check Details

Version: 0.9.0
Check: installed package size
Result: NOTE
     installed size is 5.0Mb
     sub-directories of 1Mb or more:
     doc 2.7Mb
Flavors: r-devel-linux-x86_64-fedora-clang, r-patched-solaris-x86

Version: 0.9.0
Check: dependencies in R code
Result: NOTE
    Namespace in Imports field not imported from: ‘tidyr’
     All declared Imports should be used.
Flavors: r-devel-linux-x86_64-fedora-clang, r-devel-linux-x86_64-fedora-gcc, r-patched-solaris-x86, r-release-osx-x86_64, r-oldrel-osx-x86_64