CRAN Package Check Results for Package ggfortify

Last updated on 2019-03-23 02:52:02 CET.

Flavor Version Tinstall Tcheck Ttotal Status Flags
r-devel-linux-x86_64-debian-clang 0.4.6 10.59 216.21 226.80 OK
r-devel-linux-x86_64-debian-gcc 0.4.6 9.03 158.97 168.00 OK
r-devel-linux-x86_64-fedora-clang 0.4.6 215.60 OK
r-devel-linux-x86_64-fedora-gcc 0.4.6 222.68 OK
r-devel-windows-ix86+x86_64 0.4.5 27.00 363.00 390.00 ERROR
r-patched-linux-x86_64 0.4.6 8.11 197.83 205.94 OK
r-patched-solaris-x86 0.4.6 338.80 OK
r-release-linux-x86_64 0.4.6 9.87 196.88 206.75 OK
r-release-windows-ix86+x86_64 0.4.6 17.00 231.00 248.00 OK
r-release-osx-x86_64 0.4.5 OK
r-oldrel-windows-ix86+x86_64 0.4.6 10.00 267.00 277.00 OK
r-oldrel-osx-x86_64 0.4.5 OK

Check Details

Version: 0.4.5
Check: tests
Result: ERROR
     Running 'test-all.R' [82s]
    Running the tests in 'tests/test-all.R' failed.
    Complete output:
     > library(testthat)
     >
     > test_check('ggfortify')
     Loading required package: ggfortify
     Loading required package: ggplot2
     initial value 7.505733
     final value 7.505688
     converged
     Initial stress : 0.01705
     stress after 10 iters: 0.00951, magic = 0.500
     stress after 20 iters: 0.00941, magic = 0.500
     initial value 7.505733
     final value 7.505688
     converged
     Initial stress : 0.01705
     stress after 10 iters: 0.00951, magic = 0.500
     stress after 20 iters: 0.00941, magic = 0.500
     -- 1. Failure: fortify.glmnet works for Orange (@test-glmnet.R#33) ------------
     dim(fortified) not equal to c(57, 5).
     1/2 mismatches
     [1] 56 - 57 == -1
    
     == testthat results ===========================================================
     OK: 1451 SKIPPED: 9 FAILED: 1
     1. Failure: fortify.glmnet works for Orange (@test-glmnet.R#33)
    
     Error: testthat unit tests failed
     Execution halted
Flavor: r-devel-windows-ix86+x86_64