CRAN Package Check Results for Package gggenes

Last updated on 2018-08-20 15:51:39 CEST.

Flavor Version Tinstall Tcheck Ttotal Status Flags
r-devel-linux-x86_64-debian-clang 0.3.1 1.85 56.96 58.81 OK
r-devel-linux-x86_64-debian-gcc 0.3.1 1.59 45.99 47.58 OK
r-devel-linux-x86_64-fedora-clang 0.3.1 72.21 NOTE
r-devel-linux-x86_64-fedora-gcc 0.3.1 69.93 NOTE
r-devel-windows-ix86+x86_64 0.3.1 8.00 89.00 97.00 OK
r-patched-linux-x86_64 0.3.1 1.71 53.58 55.29 OK
r-patched-solaris-x86 0.3.1 93.90 NOTE
r-release-linux-x86_64 0.3.1 1.89 55.36 57.25 OK
r-release-windows-ix86+x86_64 0.3.1 7.00 106.00 113.00 OK
r-release-osx-x86_64 0.3.1 NOTE
r-oldrel-windows-ix86+x86_64 0.3.1 3.00 78.00 81.00 OK
r-oldrel-osx-x86_64 0.3.1 NOTE

Check Details

Version: 0.3.1
Check: dependencies in R code
Result: NOTE
    Namespace in Imports field not imported from: ‘rlang’
     All declared Imports should be used.
Flavors: r-devel-linux-x86_64-fedora-clang, r-devel-linux-x86_64-fedora-gcc, r-patched-solaris-x86, r-release-osx-x86_64, r-oldrel-osx-x86_64