CRAN Package Check Results for Package gggenes

Last updated on 2018-02-23 14:49:25 CET.

Flavor Version Tinstall Tcheck Ttotal Status Flags
r-devel-linux-x86_64-debian-clang 0.2.0 1.46 42.04 43.50 NOTE
r-devel-linux-x86_64-debian-gcc 0.2.0 1.39 32.02 33.41 NOTE
r-devel-linux-x86_64-fedora-clang 0.2.0 50.98 NOTE
r-devel-linux-x86_64-fedora-gcc 0.2.0 50.86 NOTE
r-devel-windows-ix86+x86_64 0.2.0 6.00 84.00 90.00 OK
r-patched-linux-x86_64 0.2.0 1.03 49.93 50.96 OK
r-patched-solaris-x86 0.2.0 72.40 OK
r-release-linux-x86_64 0.2.0 1.15 51.65 52.80 OK
r-release-windows-ix86+x86_64 0.2.0 4.00 82.00 86.00 OK
r-release-osx-x86_64 0.2.0 OK
r-oldrel-windows-ix86+x86_64 0.2.0 1.00 5.00 6.00 ERROR
r-oldrel-osx-x86_64 0.2.0 ERROR

Check Details

Version: 0.2.0
Check: DESCRIPTION meta-information
Result: NOTE
    Dependence on R version ‘3.3.2’ not with patchlevel 0
Flavors: r-devel-linux-x86_64-debian-clang, r-devel-linux-x86_64-debian-gcc, r-devel-linux-x86_64-fedora-clang, r-devel-linux-x86_64-fedora-gcc

Version: 0.2.0
Check: package dependencies
Result: ERROR
    Package required and available but unsuitable version: 'grid'
    
    See section 'The DESCRIPTION file' in the 'Writing R Extensions'
    manual.
Flavors: r-oldrel-windows-ix86+x86_64, r-oldrel-osx-x86_64