CRAN Package Check Results for Package gggenes

Last updated on 2018-05-24 11:49:37 CEST.

Flavor Version Tinstall Tcheck Ttotal Status Flags
r-devel-linux-x86_64-debian-clang 0.2.0 1.80 37.16 38.96 OK
r-devel-linux-x86_64-debian-gcc 0.2.0 1.51 33.06 34.57 OK
r-devel-linux-x86_64-fedora-clang 0.2.0 53.04 OK
r-devel-linux-x86_64-fedora-gcc 0.2.0 51.16 OK
r-devel-windows-ix86+x86_64 0.2.0 5.00 56.00 61.00 OK
r-patched-linux-x86_64 0.2.0 1.83 40.77 42.60 NOTE
r-patched-solaris-x86 0.2.0 74.90 OK
r-release-linux-x86_64 0.2.0 1.51 40.52 42.03 NOTE
r-release-windows-ix86+x86_64 0.2.0 5.00 73.00 78.00 OK
r-release-osx-x86_64 0.2.0 OK
r-oldrel-windows-ix86+x86_64 0.2.0 8.00 85.00 93.00 OK
r-oldrel-osx-x86_64 0.2.0 OK

Check Details

Version: 0.2.0
Check: DESCRIPTION meta-information
Result: NOTE
    Dependence on R version ‘3.3.2’ not with patchlevel 0
Flavors: r-patched-linux-x86_64, r-release-linux-x86_64