CRAN Package Check Results for Package ggguitar

Last updated on 2018-08-17 07:47:32 CEST.

Flavor Version Tinstall Tcheck Ttotal Status Flags
r-devel-linux-x86_64-debian-clang 0.1.1 1.02 31.48 32.50 OK
r-devel-linux-x86_64-debian-gcc 0.1.1 0.79 25.32 26.11 OK
r-devel-linux-x86_64-fedora-clang 0.1.1 40.19 NOTE
r-devel-linux-x86_64-fedora-gcc 0.1.1 37.23 NOTE
r-devel-windows-ix86+x86_64 0.1.1 4.00 66.00 70.00 OK
r-patched-linux-x86_64 0.1.1 1.04 29.03 30.07 OK
r-patched-solaris-x86 0.1.1 55.20 NOTE
r-release-linux-x86_64 0.1.1 1.07 29.27 30.34 OK
r-release-windows-ix86+x86_64 0.1.1 3.00 54.00 57.00 OK
r-release-osx-x86_64 0.1.1 NOTE
r-oldrel-windows-ix86+x86_64 0.1.1 4.00 50.00 54.00 OK
r-oldrel-osx-x86_64 0.1.1 NOTE

Check Details

Version: 0.1.1
Check: dependencies in R code
Result: NOTE
    Namespaces in Imports field not imported from:
     ‘gridExtra’ ‘lazyeval’ ‘readr’
     All declared Imports should be used.
Flavors: r-devel-linux-x86_64-fedora-clang, r-devel-linux-x86_64-fedora-gcc, r-patched-solaris-x86, r-release-osx-x86_64, r-oldrel-osx-x86_64