CRAN Package Check Results for Package ggguitar

Last updated on 2018-10-18 14:47:22 CEST.

Flavor Version Tinstall Tcheck Ttotal Status Flags
r-devel-linux-x86_64-debian-clang 0.1.1 0.93 31.74 32.67 OK
r-devel-linux-x86_64-debian-gcc 0.1.1 OK
r-devel-linux-x86_64-fedora-clang 0.1.1 39.62 NOTE
r-devel-linux-x86_64-fedora-gcc 0.1.1 37.46 NOTE
r-devel-windows-ix86+x86_64 0.1.1 4.00 59.00 63.00 OK
r-patched-linux-x86_64 0.1.1 1.06 28.73 29.79 OK
r-patched-solaris-x86 0.1.1 53.20 NOTE
r-release-linux-x86_64 0.1.1 1.01 29.36 30.37 OK
r-release-windows-ix86+x86_64 0.1.1 4.00 42.00 46.00 OK
r-release-osx-x86_64 0.1.1 NOTE
r-oldrel-windows-ix86+x86_64 0.1.1 4.00 60.00 64.00 OK
r-oldrel-osx-x86_64 0.1.1 NOTE

Check Details

Version: 0.1.1
Check: dependencies in R code
Result: NOTE
    Namespaces in Imports field not imported from:
     ‘gridExtra’ ‘lazyeval’ ‘readr’
     All declared Imports should be used.
Flavors: r-devel-linux-x86_64-fedora-clang, r-devel-linux-x86_64-fedora-gcc, r-patched-solaris-x86, r-release-osx-x86_64, r-oldrel-osx-x86_64