CRAN Package Check Results for Package ggguitar

Last updated on 2018-02-19 06:46:35 CET.

Flavor Version Tinstall Tcheck Ttotal Status Flags
r-devel-linux-x86_64-debian-clang 0.1.1 0.90 25.45 26.35 OK
r-devel-linux-x86_64-debian-gcc 0.1.1 0.72 22.79 23.51 OK
r-devel-linux-x86_64-fedora-clang 0.1.1 35.65 NOTE
r-devel-linux-x86_64-fedora-gcc 0.1.1 33.56 NOTE
r-devel-windows-ix86+x86_64 0.1.1 3.00 37.00 40.00 OK
r-patched-linux-x86_64 0.1.1 0.87 34.51 35.38 OK
r-patched-solaris-x86 0.1.1 54.10 NOTE
r-release-linux-x86_64 0.1.1 0.88 35.48 36.36 OK
r-release-windows-ix86+x86_64 0.1.1 5.00 60.00 65.00 OK
r-release-osx-x86_64 0.1.1 NOTE
r-oldrel-windows-ix86+x86_64 0.1.1 3.00 49.00 52.00 OK
r-oldrel-osx-x86_64 0.1.1 NOTE

Check Details

Version: 0.1.1
Check: dependencies in R code
Result: NOTE
    Namespaces in Imports field not imported from:
     ‘gridExtra’ ‘lazyeval’ ‘readr’
     All declared Imports should be used.
Flavors: r-devel-linux-x86_64-fedora-clang, r-devel-linux-x86_64-fedora-gcc, r-patched-solaris-x86, r-release-osx-x86_64, r-oldrel-osx-x86_64