CRAN Package Check Results for Package ggimage

Last updated on 2018-11-20 13:46:24 CET.

Flavor Version Tinstall Tcheck Ttotal Status Flags
r-devel-linux-x86_64-debian-clang 0.1.7 2.12 51.06 53.18 OK
r-devel-linux-x86_64-debian-gcc 0.1.7 2.16 40.31 42.47 OK
r-devel-linux-x86_64-fedora-clang 0.1.7 67.74 NOTE
r-devel-linux-x86_64-fedora-gcc 0.1.7 61.45 NOTE
r-devel-windows-ix86+x86_64 0.1.7 11.00 95.00 106.00 OK
r-patched-linux-x86_64 0.1.7 2.13 49.07 51.20 OK
r-patched-solaris-x86 0.1.7 102.50 NOTE
r-release-linux-x86_64 0.1.7 2.49 48.45 50.94 OK
r-release-windows-ix86+x86_64 0.1.7 6.00 95.00 101.00 WARN
r-release-osx-x86_64 0.1.7 NOTE
r-oldrel-windows-ix86+x86_64 0.1.7 11.00 86.00 97.00 OK
r-oldrel-osx-x86_64 0.1.7 NOTE

Check Details

Version: 0.1.7
Check: dependencies in R code
Result: NOTE
    Namespaces in Imports field not imported from:
     ‘gridGraphics’ ‘scales’
     All declared Imports should be used.
Flavors: r-devel-linux-x86_64-fedora-clang, r-devel-linux-x86_64-fedora-gcc, r-patched-solaris-x86, r-release-osx-x86_64, r-oldrel-osx-x86_64

Version: 0.1.7
Check: re-building of vignette outputs
Result: WARN
    Error in re-building vignettes:
     ...
    Warning: Ignoring unknown parameters: image_colour
    Quitting from lines 35-54 (ggimage.Rmd)
    Error: processing vignette 'ggimage.Rmd' failed with diagnostics:
    Timeout was reached: Operation timed out after 10015 milliseconds with 0 out of 0 bytes received
    Execution halted
Flavor: r-release-windows-ix86+x86_64