CRAN Package Check Results for Package ggimage

Last updated on 2018-05-23 18:52:37 CEST.

Flavor Version Tinstall Tcheck Ttotal Status Flags
r-devel-linux-x86_64-debian-clang 0.1.5 2.55 42.75 45.30 WARN
r-devel-linux-x86_64-debian-gcc 0.1.5 0.34 1.45 1.79 ERROR
r-devel-linux-x86_64-fedora-clang 0.1.5 55.40 WARN
r-devel-linux-x86_64-fedora-gcc 0.1.5 51.46 WARN
r-devel-windows-ix86+x86_64 0.1.5 5.00 84.00 89.00 WARN
r-patched-linux-x86_64 0.1.5 1.63 40.17 41.80 WARN
r-patched-solaris-x86 0.1.5 95.80 WARN
r-release-linux-x86_64 0.1.5 2.22 40.18 42.40 WARN
r-release-windows-ix86+x86_64 0.1.5 7.00 79.00 86.00 WARN
r-release-osx-x86_64 0.1.5 WARN
r-oldrel-windows-ix86+x86_64 0.1.5 13.00 95.00 108.00 WARN
r-oldrel-osx-x86_64 0.1.4 NOTE

Check Details

Version: 0.1.5
Check: re-building of vignette outputs
Result: WARN
    Error in re-building vignettes:
     ...
    Quitting from lines 101-103 (ggimage.Rmd)
    Error: processing vignette ‘ggimage.Rmd’ failed with diagnostics:
    Failed to download https://raw.githubusercontent.com/ionic-team/ionicons/master/png/512/pie-graph.png (HTTP 404)
    Execution halted
Flavors: r-devel-linux-x86_64-debian-clang, r-devel-linux-x86_64-fedora-clang, r-devel-linux-x86_64-fedora-gcc, r-devel-windows-ix86+x86_64, r-patched-linux-x86_64, r-release-linux-x86_64, r-release-windows-ix86+x86_64, r-oldrel-windows-ix86+x86_64

Version: 0.1.5
Check: package dependencies
Result: ERROR
    Packages required but not available: ‘ggplot2’ ‘ggplotify’ ‘tibble’
    
    Package suggested but not available for checking: ‘ggtree’
    
    See section ‘The DESCRIPTION file’ in the ‘Writing R Extensions’
    manual.
Flavor: r-devel-linux-x86_64-debian-gcc

Version: 0.1.5
Check: dependencies in R code
Result: NOTE
    Namespaces in Imports field not imported from:
     ‘gridGraphics’ ‘rvcheck’ ‘scales’
     All declared Imports should be used.
Flavors: r-devel-linux-x86_64-fedora-clang, r-devel-linux-x86_64-fedora-gcc, r-patched-solaris-x86, r-release-osx-x86_64

Version: 0.1.5
Check: re-building of vignette outputs
Result: WARN
    Error in re-building vignettes:
     ...
    Warning in engine$weave(file, quiet = quiet, encoding = enc) :
     Pandoc (>= 1.12.3) and/or pandoc-citeproc not available. Falling back to R Markdown v1.
    Quitting from lines 101-103 (ggimage.Rmd)
    Error: processing vignette 'ggimage.Rmd' failed with diagnostics:
    Failed to download https://raw.githubusercontent.com/ionic-team/ionicons/master/png/512/pie-graph.png (HTTP 404)
    Execution halted
Flavor: r-patched-solaris-x86

Version: 0.1.5
Check: re-building of vignette outputs
Result: WARN
    Error in re-building vignettes:
     ...
    Warning in engine$weave(file, quiet = quiet, encoding = enc) :
     Pandoc (>= 1.12.3) and/or pandoc-citeproc not available. Falling back to R Markdown v1.
    OMP: Error #15: Initializing libomp.dylib, but found libomp.dylib already initialized.
    OMP: Hint This means that multiple copies of the OpenMP runtime have been linked into the program. That is dangerous, since it can degrade performance or cause incorrect results. The best thing to do is to ensure that only a single OpenMP runtime is linked into the process, e.g. by avoiding static linking of the OpenMP runtime in any library. As an unsafe, unsupported, undocumented workaround you can set the environment variable KMP_DUPLICATE_LIB_OK=TRUE to allow the program to continue to execute, but that may cause crashes or silently produce incorrect results. For more information, please see http://openmp.llvm.org/
Flavor: r-release-osx-x86_64

Version: 0.1.4
Check: dependencies in R code
Result: NOTE
    Namespaces in Imports field not imported from:
     ‘gridGraphics’ ‘scales’
     All declared Imports should be used.
Flavor: r-oldrel-osx-x86_64