CRAN Package Check Results for Package ggimage

Last updated on 2018-08-21 21:51:05 CEST.

Flavor Version Tinstall Tcheck Ttotal Status Flags
r-devel-linux-x86_64-debian-clang 0.1.7 2.69 53.82 56.51 OK
r-devel-linux-x86_64-debian-gcc 0.1.7 2.29 42.36 44.65 OK
r-devel-linux-x86_64-fedora-clang 0.1.7 71.29 NOTE
r-devel-linux-x86_64-fedora-gcc 0.1.7 66.25 NOTE
r-devel-windows-ix86+x86_64 0.1.7 10.00 100.00 110.00 OK
r-patched-linux-x86_64 0.1.7 2.38 48.21 50.59 OK
r-patched-solaris-x86 0.1.7 105.40 NOTE
r-release-linux-x86_64 0.1.7 2.40 49.65 52.05 OK
r-release-windows-ix86+x86_64 0.1.7 11.00 74.00 85.00 OK
r-release-osx-x86_64 0.1.7 NOTE
r-oldrel-windows-ix86+x86_64 0.1.7 6.00 108.00 114.00 OK
r-oldrel-osx-x86_64 0.1.7 NOTE

Check Details

Version: 0.1.7
Check: dependencies in R code
Result: NOTE
    Namespaces in Imports field not imported from:
     ‘gridGraphics’ ‘scales’
     All declared Imports should be used.
Flavors: r-devel-linux-x86_64-fedora-clang, r-devel-linux-x86_64-fedora-gcc, r-patched-solaris-x86, r-release-osx-x86_64, r-oldrel-osx-x86_64