Last updated on 2021-04-10 23:48:02 CEST.
Flavor | Version | Tinstall | Tcheck | Ttotal | Status | Flags |
---|---|---|---|---|---|---|
r-devel-linux-x86_64-debian-clang | 0.2.8 | 5.64 | 57.38 | 63.02 | NOTE | |
r-devel-linux-x86_64-debian-gcc | 0.2.8 | 4.43 | 43.51 | 47.94 | NOTE | |
r-devel-linux-x86_64-fedora-clang | 0.2.8 | 90.74 | NOTE | |||
r-devel-linux-x86_64-fedora-gcc | 0.2.8 | 75.42 | NOTE | |||
r-devel-windows-ix86+x86_64 | 0.2.8 | 13.00 | 62.00 | 75.00 | NOTE | |
r-devel-windows-x86_64-gcc10-UCRT | 0.2.8 | NOTE | ||||
r-patched-linux-x86_64 | 0.2.8 | 5.28 | 52.91 | 58.19 | OK | |
r-patched-solaris-x86 | 0.2.8 | 111.30 | NOTE | |||
r-release-linux-x86_64 | 0.2.8 | 5.48 | 52.48 | 57.96 | OK | |
r-release-macos-x86_64 | 0.2.8 | NOTE | ||||
r-release-windows-ix86+x86_64 | 0.2.8 | 14.00 | 84.00 | 98.00 | OK | |
r-oldrel-macos-x86_64 | 0.2.8 | OK | ||||
r-oldrel-windows-ix86+x86_64 | 0.2.8 | 14.00 | 59.00 | 73.00 | OK |
Version: 0.2.8
Check: package dependencies
Result: NOTE
Package suggested but not available for checking: 'ggtree'
Flavors: r-devel-linux-x86_64-debian-clang, r-release-macos-x86_64
Version: 0.2.8
Check: LazyData
Result: NOTE
'LazyData' is specified without a 'data' directory
Flavors: r-devel-linux-x86_64-debian-clang, r-devel-linux-x86_64-debian-gcc, r-devel-linux-x86_64-fedora-clang, r-devel-linux-x86_64-fedora-gcc, r-devel-windows-ix86+x86_64, r-devel-windows-x86_64-gcc10-UCRT
Version: 0.2.8
Check: package dependencies
Result: NOTE
Package suggested but not available for checking: ‘rsvg’
Flavor: r-patched-solaris-x86