CRAN Package Check Results for Package ggimage

Last updated on 2018-02-18 08:47:54 CET.

Flavor Version Tinstall Tcheck Ttotal Status Flags
r-devel-linux-x86_64-debian-clang 0.1.0 1.89 43.09 44.98 OK
r-devel-linux-x86_64-debian-gcc 0.1.0 1.38 34.86 36.24 OK
r-devel-linux-x86_64-fedora-clang 0.1.0 54.23 NOTE
r-devel-linux-x86_64-fedora-gcc 0.1.0 50.51 NOTE
r-devel-windows-ix86+x86_64 0.1.0 5.00 56.00 61.00 OK
r-patched-linux-x86_64 0.1.0 2.13 48.75 50.88 OK
r-patched-solaris-x86 0.1.0 3.70 ERROR
r-release-linux-x86_64 0.1.0 2.29 49.32 51.61 OK
r-release-windows-ix86+x86_64 0.1.0 7.00 84.00 91.00 OK
r-release-osx-x86_64 0.1.0 ERROR
r-oldrel-windows-ix86+x86_64 0.1.0 5.00 74.00 79.00 OK
r-oldrel-osx-x86_64 0.1.0 NOTE

Check Details

Version: 0.1.0
Check: dependencies in R code
Result: NOTE
    Namespace in Imports field not imported from: ‘scales’
     All declared Imports should be used.
Flavors: r-devel-linux-x86_64-fedora-clang, r-devel-linux-x86_64-fedora-gcc, r-oldrel-osx-x86_64

Version: 0.1.0
Check: package dependencies
Result: ERROR
    Package required but not available: ‘magick’
    
    See section ‘The DESCRIPTION file’ in the ‘Writing R Extensions’
    manual.
Flavor: r-patched-solaris-x86

Version: 0.1.0
Check: package dependencies
Result: ERROR
    Package required but not available: ‘gridGraphics’
    
    See section ‘The DESCRIPTION file’ in the ‘Writing R Extensions’
    manual.
Flavor: r-release-osx-x86_64