CRAN Package Check Results for Package ggimage

Last updated on 2019-02-16 19:47:28 CET.

Flavor Version Tinstall Tcheck Ttotal Status Flags
r-devel-linux-x86_64-debian-clang 0.2.1 3.01 54.51 57.52 OK
r-devel-linux-x86_64-debian-gcc 0.2.1 2.51 41.95 44.46 OK
r-devel-linux-x86_64-fedora-clang 0.2.1 76.34 OK
r-devel-linux-x86_64-fedora-gcc 0.2.1 66.18 OK
r-devel-windows-ix86+x86_64 0.2.1 9.00 100.00 109.00 OK
r-patched-linux-x86_64 0.2.1 2.11 51.63 53.74 OK
r-patched-solaris-x86 0.2.1 104.10 WARN
r-release-linux-x86_64 0.2.1 OK
r-release-windows-ix86+x86_64 0.2.1 9.00 63.00 72.00 OK
r-release-osx-x86_64 0.2.1 OK
r-oldrel-windows-ix86+x86_64 0.2.1 13.00 129.00 142.00 ERROR
r-oldrel-osx-x86_64 0.2.1 OK

Check Details

Version: 0.2.1
Check: package dependencies
Result: NOTE
    Package suggested but not available for checking: ‘rsvg’
Flavor: r-patched-solaris-x86

Version: 0.2.1
Check: re-building of vignette outputs
Result: WARN
    Error in re-building vignettes:
     ...
    Warning in engine$weave(file, quiet = quiet, encoding = enc) :
     Pandoc (>= 1.12.3) and/or pandoc-citeproc not available. Falling back to R Markdown v1.
    Quitting from lines 99-101 (ggimage.Rmd)
    Error: processing vignette 'ggimage.Rmd' failed with diagnostics:
    there is no package called 'rsvg'
    Execution halted
Flavor: r-patched-solaris-x86

Version: 0.2.1
Check: examples
Result: ERROR
    Running examples in 'ggimage-Ex.R' failed
    The error most likely occurred in:
    
    > ### Name: geom_image
    > ### Title: geom_image
    > ### Aliases: geom_image
    >
    > ### ** Examples
    >
    > library("ggplot2")
    > library("ggimage")
    > set.seed(2017-02-21)
    > d <- data.frame(x = rnorm(10),
    + y = rnorm(10),
    + image = sample(c("https://www.r-project.org/logo/Rlogo.png",
    + "https://jeroenooms.github.io/images/frink.png"),
    + size=10, replace = TRUE)
    + )
    > ggplot(d, aes(x, y)) + geom_image(aes(image=image))
    Error in curl::curl_fetch_memory(url) :
     Timeout was reached: Connection timed out after 10000 milliseconds
    Calls: <Anonymous> ... FUN -> paste0 -> download_url -> <Anonymous> -> .Call
    Execution halted
Flavor: r-oldrel-windows-ix86+x86_64

Version: 0.2.1
Check: re-building of vignette outputs
Result: WARN
    Error in re-building vignettes:
     ...
    Quitting from lines 35-54 (ggimage.Rmd)
    Error: processing vignette 'ggimage.Rmd' failed with diagnostics:
    Timeout was reached: Connection timed out after 10015 milliseconds
    Execution halted
Flavor: r-oldrel-windows-ix86+x86_64