CRAN Package Check Results for Package gglogo

Last updated on 2018-08-21 06:50:07 CEST.

Flavor Version Tinstall Tcheck Ttotal Status Flags
r-devel-linux-x86_64-debian-clang 0.1.3 3.70 641.77 645.47 OK
r-devel-linux-x86_64-debian-gcc 0.1.3 2.95 488.57 491.52 OK
r-devel-linux-x86_64-fedora-clang 0.1.3 760.98 NOTE
r-devel-linux-x86_64-fedora-gcc 0.1.3 739.06 NOTE
r-devel-windows-ix86+x86_64 0.1.3 10.00 80.00 90.00 OK --no-vignettes
r-patched-linux-x86_64 0.1.3 2.45 641.69 644.14 WARN
r-patched-solaris-x86 0.1.3 1143.20 NOTE
r-release-linux-x86_64 0.1.3 3.27 623.99 627.26 OK
r-release-windows-ix86+x86_64 0.1.3 11.00 61.00 72.00 OK --no-vignettes
r-release-osx-x86_64 0.1.3 WARN
r-oldrel-windows-ix86+x86_64 0.1.3 6.00 88.00 94.00 OK --no-vignettes
r-oldrel-osx-x86_64 0.1.3 WARN

Check Details

Version: 0.1.3
Check: dependencies in R code
Result: NOTE
    Namespace in Imports field not imported from: ‘knitr’
     All declared Imports should be used.
Flavors: r-devel-linux-x86_64-fedora-clang, r-devel-linux-x86_64-fedora-gcc, r-patched-solaris-x86, r-release-osx-x86_64, r-oldrel-osx-x86_64

Version: 0.1.3
Check: re-building of vignette outputs
Result: WARN
    Error in re-building vignettes:
     ...
    Warning in engine$weave(file, quiet = quiet, encoding = enc) :
     The vignette engine knitr::rmarkdown is not available, because the rmarkdown package is not installed. Please install it.
    
    Attaching package: 'gglogo'
    
    The following object is masked from 'package:ggplot2':
    
     fortify
    
    Killed
Flavor: r-patched-linux-x86_64

Version: 0.1.3
Check: re-building of vignette outputs
Result: WARN
    Error in re-building vignettes:
     ...
    Warning in engine$weave(file, quiet = quiet, encoding = enc) :
     Pandoc (>= 1.12.3) and/or pandoc-citeproc not available. Falling back to R Markdown v1.
    
    Attaching package: 'gglogo'
    
    The following object is masked from 'package:ggplot2':
    
     fortify
    
    Warning in grid.Call.graphics(C_text, as.graphicsAnnot(x$label), x$x, x$y, :
     no font could be found for family "Garamond"
    Warning in grid.Call.graphics(C_text, as.graphicsAnnot(x$label), x$x, x$y, :
     no font could be found for family "Garamond"
    Warning in grid.Call.graphics(C_text, as.graphicsAnnot(x$label), x$x, x$y, :
     no font could be found for family "Garamond"
    Quitting from lines 46-52 (gglogo-alphabet.Rmd)
    Error: processing vignette 'gglogo-alphabet.Rmd' failed with diagnostics:
    replacement has 1 row, data has 0
    Execution halted
Flavors: r-release-osx-x86_64, r-oldrel-osx-x86_64