CRAN Package Check Results for Package gglogo

Last updated on 2018-11-21 13:48:27 CET.

Flavor Version Tinstall Tcheck Ttotal Status Flags
r-devel-linux-x86_64-debian-clang 0.1.3 3.34 643.80 647.14 WARN
r-devel-linux-x86_64-debian-gcc 0.1.3 3.05 493.64 496.69 OK
r-devel-linux-x86_64-fedora-clang 0.1.3 760.39 NOTE
r-devel-linux-x86_64-fedora-gcc 0.1.3 726.04 NOTE
r-devel-windows-ix86+x86_64 0.1.3 13.00 56.00 69.00 OK --no-vignettes
r-patched-linux-x86_64 0.1.3 3.61 640.49 644.10 WARN
r-patched-solaris-x86 0.1.3 1131.20 NOTE
r-release-linux-x86_64 0.1.3 3.05 641.00 644.05 WARN
r-release-windows-ix86+x86_64 0.1.3 8.00 99.00 107.00 OK --no-vignettes
r-release-osx-x86_64 0.1.3 WARN
r-oldrel-windows-ix86+x86_64 0.1.3 7.00 80.00 87.00 OK --no-vignettes
r-oldrel-osx-x86_64 0.1.3 WARN

Check Details

Version: 0.1.3
Check: re-building of vignette outputs
Result: WARN
    Error in re-building vignettes:
     ...
    Warning in engine$weave(file, quiet = quiet, encoding = enc) :
     The vignette engine knitr::rmarkdown is not available, because the rmarkdown package is not installed. Please install it.
    
    Attaching package: 'gglogo'
    
    The following object is masked from 'package:ggplot2':
    
     fortify
    
    Killed
Flavors: r-devel-linux-x86_64-debian-clang, r-patched-linux-x86_64, r-release-linux-x86_64

Version: 0.1.3
Check: dependencies in R code
Result: NOTE
    Namespace in Imports field not imported from: ‘knitr’
     All declared Imports should be used.
Flavors: r-devel-linux-x86_64-fedora-clang, r-devel-linux-x86_64-fedora-gcc, r-patched-solaris-x86, r-release-osx-x86_64, r-oldrel-osx-x86_64

Version: 0.1.3
Check: re-building of vignette outputs
Result: WARN
    Error in re-building vignettes:
     ...
    Warning in engine$weave(file, quiet = quiet, encoding = enc) :
     Pandoc (>= 1.12.3) and/or pandoc-citeproc not available. Falling back to R Markdown v1.
    
    Attaching package: 'gglogo'
    
    The following object is masked from 'package:ggplot2':
    
     fortify
    
    Warning in grid.Call.graphics(C_text, as.graphicsAnnot(x$label), x$x, x$y, :
     no font could be found for family "Garamond"
    Warning in grid.Call.graphics(C_text, as.graphicsAnnot(x$label), x$x, x$y, :
     no font could be found for family "Garamond"
    Warning in grid.Call.graphics(C_text, as.graphicsAnnot(x$label), x$x, x$y, :
     no font could be found for family "Garamond"
    Quitting from lines 46-52 (gglogo-alphabet.Rmd)
    Error: processing vignette 'gglogo-alphabet.Rmd' failed with diagnostics:
    replacement has 1 row, data has 0
    Execution halted
Flavors: r-release-osx-x86_64, r-oldrel-osx-x86_64