CRAN Package Check Results for Package gglogo

Last updated on 2018-02-25 23:50:22 CET.

Flavor Version Tinstall Tcheck Ttotal Status Flags
r-devel-linux-x86_64-debian-clang 0.1.3 3.16 543.73 546.89 OK
r-devel-linux-x86_64-debian-gcc 0.1.3 2.50 486.76 489.26 OK
r-devel-linux-x86_64-fedora-clang 0.1.3 724.87 NOTE
r-devel-linux-x86_64-fedora-gcc 0.1.3 698.94 NOTE
r-devel-windows-ix86+x86_64 0.1.3 11.00 54.00 65.00 OK --no-vignettes
r-patched-linux-x86_64 0.1.3 1.99 636.44 638.43 WARN
r-patched-solaris-x86 0.1.3 912.80 NOTE
r-release-linux-x86_64 0.1.3 1.66 635.77 637.43 WARN
r-release-windows-ix86+x86_64 0.1.3 10.00 74.00 84.00 OK --no-vignettes
r-release-osx-x86_64 0.1.3 WARN
r-oldrel-windows-ix86+x86_64 0.1.3 6.00 53.00 59.00 OK --no-vignettes
r-oldrel-osx-x86_64 0.1.3 NOTE

Check Details

Version: 0.1.3
Check: dependencies in R code
Result: NOTE
    Namespace in Imports field not imported from: ‘knitr’
     All declared Imports should be used.
Flavors: r-devel-linux-x86_64-fedora-clang, r-devel-linux-x86_64-fedora-gcc, r-patched-solaris-x86, r-release-osx-x86_64, r-oldrel-osx-x86_64

Version: 0.1.3
Check: re-building of vignette outputs
Result: WARN
    Error in re-building vignettes:
     ...
    
    Attaching package: 'gglogo'
    
    The following object is masked from 'package:ggplot2':
    
     fortify
    
    Killed
Flavors: r-patched-linux-x86_64, r-release-linux-x86_64

Version: 0.1.3
Check: re-building of vignette outputs
Result: WARN
    Error in re-building vignettes:
     ...
    Warning in engine$weave(file, quiet = quiet, encoding = enc) :
     Pandoc (>= 1.12.3) and/or pandoc-citeproc not available. Falling back to R Markdown v1.
    
    Attaching package: 'gglogo'
    
    The following object is masked from 'package:ggplot2':
    
     fortify
    
    Warning in grid.Call.graphics(C_text, as.graphicsAnnot(x$label), x$x, x$y, :
     no font could be found for family "Garamond"
    Warning in grid.Call.graphics(C_text, as.graphicsAnnot(x$label), x$x, x$y, :
     no font could be found for family "Garamond"
    Warning in grid.Call.graphics(C_text, as.graphicsAnnot(x$label), x$x, x$y, :
     no font could be found for family "Garamond"
    Quitting from lines 46-52 (gglogo-alphabet.Rmd)
    Error: processing vignette 'gglogo-alphabet.Rmd' failed with diagnostics:
    replacement has 1 row, data has 0
    Execution halted
Flavor: r-release-osx-x86_64