CRAN Package Check Results for Package ggloop

Last updated on 2018-02-22 08:48:39 CET.

Flavor Version Tinstall Tcheck Ttotal Status Flags
r-devel-linux-x86_64-debian-clang 0.1.0 1.31 28.89 30.20 OK
r-devel-linux-x86_64-debian-gcc 0.1.0 1.16 24.46 25.62 OK
r-devel-linux-x86_64-fedora-clang 0.1.0 40.12 OK
r-devel-linux-x86_64-fedora-gcc 0.1.0 39.61 OK
r-devel-windows-ix86+x86_64 0.1.0 5.00 45.00 50.00 OK
r-patched-linux-x86_64 0.1.0 1.13 37.48 38.61 OK
r-patched-solaris-x86 0.1.0 53.80 OK
r-release-linux-x86_64 0.1.0 1.09 37.48 38.57 OK
r-release-windows-ix86+x86_64 0.1.0 7.00 64.00 71.00 ERROR
r-release-osx-x86_64 0.1.0 OK
r-oldrel-windows-ix86+x86_64 0.1.0 3.00 41.00 44.00 ERROR
r-oldrel-osx-x86_64 0.1.0 OK

Check Details

Version: 0.1.0
Check: tests
Result: ERROR
     Running 'testthat.R' [5s]
    Running the tests in 'tests/testthat.R' failed.
    Last 13 lines of output:
     == testthat results ===========================================================
     OK: 88 SKIPPED: 0 FAILED: 18
     1. Error: Test xydot.TF names (@test2.R#36)
     2. Error: Test xydot.TT names (@test2.R#81)
     3. Error: Teest xydot.FF names (@test2.R#126)
     4. Error: Test xydot.FT names (@test2.R#162)
     5. Error: Test xydot.NAT names (@test2.R#195)
     6. Error: Test xydot.NAF names (@test2.R#225)
     7. Error: Test xydots.TF names (@test2.R#258)
     8. Error: Test xydots.TT names (@test2.R#291)
     9. Error: Test xydots.FF names (@test2.R#322)
     1. ...
    
     Error: testthat unit tests failed
     Execution halted
Flavor: r-release-windows-ix86+x86_64

Version: 0.1.0
Check: tests
Result: ERROR
     Running 'testthat.R' [3s]
    Running the tests in 'tests/testthat.R' failed.
    Last 13 lines of output:
     == testthat results ===========================================================
     OK: 88 SKIPPED: 0 FAILED: 18
     1. Error: Test xydot.TF names (@test2.R#36)
     2. Error: Test xydot.TT names (@test2.R#81)
     3. Error: Teest xydot.FF names (@test2.R#126)
     4. Error: Test xydot.FT names (@test2.R#162)
     5. Error: Test xydot.NAT names (@test2.R#195)
     6. Error: Test xydot.NAF names (@test2.R#225)
     7. Error: Test xydots.TF names (@test2.R#258)
     8. Error: Test xydots.TT names (@test2.R#291)
     9. Error: Test xydots.FF names (@test2.R#322)
     1. ...
    
     Error: testthat unit tests failed
     Execution halted
Flavor: r-oldrel-windows-ix86+x86_64