Last updated on 2019-02-15 20:46:50 CET.
Flavor | Version | Tinstall | Tcheck | Ttotal | Status | Flags |
---|---|---|---|---|---|---|
r-devel-linux-x86_64-debian-clang | 3.0.0 | 9.51 | 59.30 | 68.81 | OK | |
r-devel-linux-x86_64-debian-gcc | 3.0.0 | 7.00 | 46.03 | 53.03 | OK | |
r-devel-linux-x86_64-fedora-clang | 3.0.0 | 85.21 | OK | |||
r-devel-linux-x86_64-fedora-gcc | 3.0.0 | 78.21 | OK | |||
r-devel-windows-ix86+x86_64 | 3.0.0 | 18.00 | 136.00 | 154.00 | OK | |
r-patched-linux-x86_64 | 3.0.0 | 8.79 | 56.33 | 65.12 | OK | |
r-patched-solaris-x86 | 3.0.0 | 116.20 | NOTE | |||
r-release-linux-x86_64 | 3.0.0 | 7.89 | 56.10 | 63.99 | OK | |
r-release-windows-ix86+x86_64 | 3.0.0 | 12.00 | 113.00 | 125.00 | OK | |
r-release-osx-x86_64 | 3.0.0 | OK | ||||
r-oldrel-windows-ix86+x86_64 | 3.0.0 | 19.00 | 111.00 | 130.00 | OK | |
r-oldrel-osx-x86_64 | 3.0.0 | OK |
Version: 3.0.0
Check: installed package size
Result: NOTE
installed size is 5.1Mb
sub-directories of 1Mb or more:
data 4.5Mb
Flavor: r-patched-solaris-x86