CRAN Package Check Results for Package ggmap

Last updated on 2018-05-23 03:48:23 CEST.

Flavor Version Tinstall Tcheck Ttotal Status Flags
r-devel-linux-x86_64-debian-clang 2.6.1 9.23 56.37 65.60 OK
r-devel-linux-x86_64-debian-gcc 2.6.1 7.91 39.55 47.46 ERROR
r-devel-linux-x86_64-fedora-clang 2.6.1 82.22 OK
r-devel-linux-x86_64-fedora-gcc 2.6.1 84.65 OK
r-devel-windows-ix86+x86_64 2.6.1 15.00 126.00 141.00 OK
r-patched-linux-x86_64 2.6.1 8.82 53.48 62.30 OK
r-patched-solaris-x86 2.6.1 122.60 NOTE
r-release-linux-x86_64 2.6.1 8.20 53.57 61.77 OK
r-release-windows-ix86+x86_64 2.6.1 18.00 91.00 109.00 OK
r-release-osx-x86_64 2.6.1 OK
r-oldrel-windows-ix86+x86_64 2.6.1 17.00 102.00 119.00 OK
r-oldrel-osx-x86_64 2.6.1 OK

Check Details

Version: 2.6.1
Check: examples
Result: ERROR
    Running examples in ‘ggmap-Ex.R’ failed
    The error most likely occurred in:
    
    > base::assign(".ptime", proc.time(), pos = "CheckExEnv")
    > ### Name: get_map
    > ### Title: Grab a map.
    > ### Aliases: get_map
    >
    > ### ** Examples
    >
    > map <- get_map()
    Warning in download.file(url, destfile = tmp, quiet = !messaging, mode = "wb") :
     cannot open URL 'http://maps.googleapis.com/maps/api/staticmap?center=29.763284,-95.363271&zoom=10&size=640x640&scale=2&maptype=terrain&language=en-EN&sensor=false': HTTP status was '403 Forbidden'
    Error in download.file(url, destfile = tmp, quiet = !messaging, mode = "wb") :
     cannot open URL 'http://maps.googleapis.com/maps/api/staticmap?center=29.763284,-95.363271&zoom=10&size=640x640&scale=2&maptype=terrain&language=en-EN&sensor=false'
    Calls: get_map -> get_googlemap -> download.file
    Execution halted
Flavor: r-devel-linux-x86_64-debian-gcc

Version: 2.6.1
Check: installed package size
Result: NOTE
     installed size is 5.0Mb
     sub-directories of 1Mb or more:
     data 4.5Mb
Flavor: r-patched-solaris-x86