CRAN Package Check Results for Package ggmap

Last updated on 2018-08-22 06:46:48 CEST.

Flavor Version Tinstall Tcheck Ttotal Status Flags
r-devel-linux-x86_64-debian-clang 2.6.1 9.47 62.86 72.33 ERROR
r-devel-linux-x86_64-debian-gcc 2.6.1 9.18 49.64 58.82 ERROR
r-devel-linux-x86_64-fedora-clang 2.6.1 88.74 ERROR
r-devel-linux-x86_64-fedora-gcc 2.6.1 83.84 ERROR
r-devel-windows-ix86+x86_64 2.6.1 15.00 80.00 95.00 ERROR
r-patched-linux-x86_64 2.6.1 8.04 57.13 65.17 ERROR
r-patched-solaris-x86 2.6.1 129.00 ERROR
r-release-linux-x86_64 2.6.1 8.67 52.25 60.92 ERROR
r-release-windows-ix86+x86_64 2.6.1 20.00 73.00 93.00 ERROR
r-release-osx-x86_64 2.6.1 OK
r-oldrel-windows-ix86+x86_64 2.6.1 12.00 112.00 124.00 ERROR
r-oldrel-osx-x86_64 2.6.1 OK

Check Details

Version: 2.6.1
Check: examples
Result: ERROR
    Running examples in ‘ggmap-Ex.R’ failed
    The error most likely occurred in:
    
    > base::assign(".ptime", proc.time(), pos = "CheckExEnv")
    > ### Name: theme_nothing
    > ### Title: Make a blank ggplot2 theme.
    > ### Aliases: theme_nothing
    >
    > ### ** Examples
    >
    >
    >
    > # no legend example
    > n <- 50
    > df <- expand.grid(x = 1:n,y = 1:n)[sample(n^2,.5*n^2),]
    > p <- qplot(x, y, data = df, geom = 'tile')
    > p
    > p + theme_nothing()
    Warning: `panel.margin` is deprecated. Please use `panel.spacing` property instead
    > p + theme_nothing(legend = TRUE) # no difference
    Warning: `panel.margin` is deprecated. Please use `panel.spacing` property instead
    Theme element panel.border missing
    Theme element axis.line.x.bottom missing
    Theme element axis.ticks.x.bottom missing
    Theme element axis.line.y.left missing
    Theme element axis.ticks.y.left missing
    Theme element plot.title missing
    Theme element plot.subtitle missing
    Theme element plot.tag missing
    Theme element plot.caption missing
    > p +
    + scale_x_continuous(expand = c(0,0)) +
    + scale_y_continuous(expand = c(0,0)) +
    + theme_nothing()
    Warning: `panel.margin` is deprecated. Please use `panel.spacing` property instead
    >
    >
    >
    > # legend example
    > df$class <- factor(sample(0:1, .5*n^2, replace = TRUE))
    > p <- qplot(x, y, data = df, geom = "tile", fill = class)
    > p
    > p + theme_nothing()
    Warning: `panel.margin` is deprecated. Please use `panel.spacing` property instead
    > p + theme_nothing(legend = TRUE)
    Warning: `panel.margin` is deprecated. Please use `panel.spacing` property instead
    Theme element panel.border missing
    Theme element axis.line.x.bottom missing
    Theme element axis.ticks.x.bottom missing
    Theme element axis.line.y.left missing
    Theme element axis.ticks.y.left missing
    Error in UseMethod("element_grob") :
     no applicable method for 'element_grob' applied to an object of class "NULL"
    Calls: <Anonymous> ... guide_gengrob.legend -> ggname -> grobName -> element_grob
    Execution halted
Flavors: r-devel-linux-x86_64-debian-clang, r-devel-linux-x86_64-debian-gcc, r-patched-linux-x86_64

Version: 2.6.1
Check: examples
Result: ERROR
    Running examples in ‘ggmap-Ex.R’ failed
    The error most likely occurred in:
    
    > ### Name: theme_nothing
    > ### Title: Make a blank ggplot2 theme.
    > ### Aliases: theme_nothing
    >
    > ### ** Examples
    >
    >
    >
    > # no legend example
    > n <- 50
    > df <- expand.grid(x = 1:n,y = 1:n)[sample(n^2,.5*n^2),]
    > p <- qplot(x, y, data = df, geom = 'tile')
    > p
    > p + theme_nothing()
    Warning: `panel.margin` is deprecated. Please use `panel.spacing` property instead
    > p + theme_nothing(legend = TRUE) # no difference
    Warning: `panel.margin` is deprecated. Please use `panel.spacing` property instead
    Theme element panel.border missing
    Theme element axis.line.x.bottom missing
    Theme element axis.ticks.x.bottom missing
    Theme element axis.line.y.left missing
    Theme element axis.ticks.y.left missing
    Theme element plot.title missing
    Theme element plot.subtitle missing
    Theme element plot.tag missing
    Theme element plot.caption missing
    > p +
    + scale_x_continuous(expand = c(0,0)) +
    + scale_y_continuous(expand = c(0,0)) +
    + theme_nothing()
    Warning: `panel.margin` is deprecated. Please use `panel.spacing` property instead
    >
    >
    >
    > # legend example
    > df$class <- factor(sample(0:1, .5*n^2, replace = TRUE))
    > p <- qplot(x, y, data = df, geom = "tile", fill = class)
    > p
    > p + theme_nothing()
    Warning: `panel.margin` is deprecated. Please use `panel.spacing` property instead
    > p + theme_nothing(legend = TRUE)
    Warning: `panel.margin` is deprecated. Please use `panel.spacing` property instead
    Theme element panel.border missing
    Theme element axis.line.x.bottom missing
    Theme element axis.ticks.x.bottom missing
    Theme element axis.line.y.left missing
    Theme element axis.ticks.y.left missing
    Error in UseMethod("element_grob") :
     no applicable method for 'element_grob' applied to an object of class "NULL"
    Calls: <Anonymous> ... guide_gengrob.legend -> ggname -> grobName -> element_grob
    Execution halted
Flavors: r-devel-linux-x86_64-fedora-clang, r-devel-linux-x86_64-fedora-gcc, r-devel-windows-ix86+x86_64, r-patched-solaris-x86, r-release-windows-ix86+x86_64, r-oldrel-windows-ix86+x86_64

Version: 2.6.1
Check: installed package size
Result: NOTE
     installed size is 5.0Mb
     sub-directories of 1Mb or more:
     data 4.5Mb
Flavor: r-patched-solaris-x86

Version: 2.6.1
Check: examples
Result: ERROR
    Running examples in ‘ggmap-Ex.R’ failed
    The error most likely occurred in:
    
    > base::assign(".ptime", proc.time(), pos = "CheckExEnv")
    > ### Name: get_map
    > ### Title: Grab a map.
    > ### Aliases: get_map
    >
    > ### ** Examples
    >
    > map <- get_map()
    Warning in download.file(url, destfile = tmp, quiet = !messaging, mode = "wb") :
     cannot open URL 'http://maps.googleapis.com/maps/api/staticmap?center=29.763284,-95.363271&zoom=10&size=640x640&scale=2&maptype=terrain&language=en-EN&sensor=false': HTTP status was '403 Forbidden'
    Error in download.file(url, destfile = tmp, quiet = !messaging, mode = "wb") :
     cannot open URL 'http://maps.googleapis.com/maps/api/staticmap?center=29.763284,-95.363271&zoom=10&size=640x640&scale=2&maptype=terrain&language=en-EN&sensor=false'
    Calls: get_map -> get_googlemap -> download.file
    Execution halted
Flavor: r-release-linux-x86_64