CRAN Package Check Results for Package ggmap

Last updated on 2018-11-12 22:51:14 CET.

Flavor Version Tinstall Tcheck Ttotal Status Flags
r-devel-linux-x86_64-debian-clang 2.6.1 10.39 54.63 65.02 OK --no-examples
r-devel-linux-x86_64-debian-gcc 2.6.1 7.50 43.32 50.82 OK --no-examples
r-devel-linux-x86_64-fedora-clang 2.6.1 77.61 OK --no-examples
r-devel-linux-x86_64-fedora-gcc 2.6.1 75.43 OK --no-examples
r-devel-windows-ix86+x86_64 2.6.1 14.00 96.00 110.00 ERROR
r-patched-linux-x86_64 2.6.1 9.62 48.96 58.58 OK --no-examples
r-patched-solaris-x86 2.6.1 108.70 NOTE --no-examples
r-release-linux-x86_64 2.6.1 9.30 49.11 58.41 OK --no-examples
r-release-windows-ix86+x86_64 2.6.1 19.00 91.00 110.00 ERROR
r-release-osx-x86_64 2.6.1 OK
r-oldrel-windows-ix86+x86_64 2.6.1 7.00 5.00 12.00 ERROR
r-oldrel-osx-x86_64 2.6.1 OK

Check Details

Version: 2.6.1
Check: examples
Result: ERROR
    Running examples in 'ggmap-Ex.R' failed
    The error most likely occurred in:
    
    > ### Name: get_map
    > ### Title: Grab a map.
    > ### Aliases: get_map
    >
    > ### ** Examples
    >
    > map <- get_map()
    Warning in download.file(url, destfile = tmp, quiet = !messaging, mode = "wb") :
     cannot open URL 'http://maps.googleapis.com/maps/api/staticmap?center=29.763284,-95.363271&zoom=10&size=640x640&scale=2&maptype=terrain&language=en-EN&sensor=false': HTTP status was '403 Forbidden'
    Error in download.file(url, destfile = tmp, quiet = !messaging, mode = "wb") :
     cannot open URL 'http://maps.googleapis.com/maps/api/staticmap?center=29.763284,-95.363271&zoom=10&size=640x640&scale=2&maptype=terrain&language=en-EN&sensor=false'
    Calls: get_map -> get_googlemap -> download.file
    Execution halted
Flavors: r-devel-windows-ix86+x86_64, r-release-windows-ix86+x86_64

Version: 2.6.1
Flags: --no-examples
Check: installed package size
Result: NOTE
     installed size is 5.0Mb
     sub-directories of 1Mb or more:
     data 4.5Mb
Flavor: r-patched-solaris-x86

Version: 2.6.1
Check: whether package can be installed
Result: ERROR
    Installation failed.
Flavor: r-oldrel-windows-ix86+x86_64