CRAN Package Check Results for Package ggmosaic

Last updated on 2018-02-23 00:47:38 CET.

Flavor Version Tinstall Tcheck Ttotal Status Flags
r-devel-linux-x86_64-debian-clang 0.1.2 3.91 49.11 53.02 OK
r-devel-linux-x86_64-debian-gcc 0.1.2 2.59 44.46 47.05 OK
r-devel-linux-x86_64-fedora-clang 0.1.2 70.85 NOTE
r-devel-linux-x86_64-fedora-gcc 0.1.2 74.58 NOTE
r-devel-windows-ix86+x86_64 0.1.2 9.00 76.00 85.00 OK
r-patched-linux-x86_64 0.1.2 2.98 63.36 66.34 OK
r-patched-solaris-x86 0.1.2 105.00 NOTE
r-release-linux-x86_64 0.1.2 1.97 65.45 67.42 OK
r-release-windows-ix86+x86_64 0.1.2 18.00 110.00 128.00 OK
r-release-osx-x86_64 0.1.2 NOTE
r-oldrel-windows-ix86+x86_64 0.1.2 7.00 70.00 77.00 OK
r-oldrel-osx-x86_64 0.1.2 NOTE

Check Details

Version: 0.1.2
Check: dependencies in R code
Result: NOTE
    Namespaces in Imports field not imported from:
     ‘NHANES’ ‘gridExtra’
     All declared Imports should be used.
Flavors: r-devel-linux-x86_64-fedora-clang, r-devel-linux-x86_64-fedora-gcc, r-patched-solaris-x86, r-release-osx-x86_64, r-oldrel-osx-x86_64