CRAN Package Check Results for Package ggmosaic

Last updated on 2022-06-27 16:51:55 CEST.

Flavor Version Tinstall Tcheck Ttotal Status Flags
r-devel-linux-x86_64-debian-clang 0.3.3 9.97 105.64 115.61 OK
r-devel-linux-x86_64-debian-gcc 0.3.3 8.11 76.57 84.68 OK
r-devel-linux-x86_64-fedora-clang 0.3.3 142.29 NOTE
r-devel-linux-x86_64-fedora-gcc 0.3.3 141.19 NOTE
r-devel-windows-x86_64 0.3.3 38.00 132.00 170.00 OK
r-patched-linux-x86_64 0.3.3 7.75 97.72 105.47 OK
r-release-linux-x86_64 0.3.3 8.75 95.17 103.92 OK
r-release-macos-arm64 0.3.3 41.00 NOTE
r-release-macos-x86_64 0.3.3 72.00 NOTE
r-release-windows-x86_64 0.3.3 40.00 128.00 168.00 OK
r-oldrel-macos-arm64 0.3.3 56.00 NOTE
r-oldrel-macos-x86_64 0.3.3 55.00 NOTE
r-oldrel-windows-ix86+x86_64 0.3.3 23.00 121.00 144.00 OK

Check Details

Version: 0.3.3
Check: dependencies in R code
Result: NOTE
    Namespaces in Imports field not imported from:
     ‘productplots’ ‘scales’
     All declared Imports should be used.
Flavors: r-devel-linux-x86_64-fedora-clang, r-devel-linux-x86_64-fedora-gcc, r-release-macos-arm64, r-release-macos-x86_64, r-oldrel-macos-arm64, r-oldrel-macos-x86_64