CRAN Package Check Results for Package ggmosaic

Last updated on 2018-05-27 09:48:01 CEST.

Flavor Version Tinstall Tcheck Ttotal Status Flags
r-devel-linux-x86_64-debian-clang 0.1.2 4.98 43.55 48.53 ERROR
r-devel-linux-x86_64-debian-gcc 0.1.2 3.87 34.30 38.17 ERROR
r-devel-linux-x86_64-fedora-clang 0.1.2 80.65 NOTE
r-devel-linux-x86_64-fedora-gcc 0.1.2 80.49 NOTE
r-devel-windows-ix86+x86_64 0.1.2 11.00 79.00 90.00 OK
r-patched-linux-x86_64 0.1.2 3.71 38.48 42.19 ERROR
r-patched-solaris-x86 0.1.2 106.00 NOTE
r-release-linux-x86_64 0.1.2 3.73 38.88 42.61 ERROR
r-release-windows-ix86+x86_64 0.1.2 13.00 111.00 124.00 OK
r-release-osx-x86_64 0.1.2 NOTE
r-oldrel-windows-ix86+x86_64 0.1.2 13.00 71.00 84.00 OK
r-oldrel-osx-x86_64 0.1.2 NOTE

Check Details

Version: 0.1.2
Check: examples
Result: ERROR
    Running examples in ‘ggmosaic-Ex.R’ failed
    The error most likely occurred in:
    
    > base::assign(".ptime", proc.time(), pos = "CheckExEnv")
    > ### Name: geom_mosaic
    > ### Title: Mosaic plots.
    > ### Aliases: geom_mosaic stat_mosaic
    >
    > ### ** Examples
    >
    >
    > data(Titanic)
    > titanic <- as.data.frame(Titanic)
    > titanic$Survived <- factor(titanic$Survived, levels=c("Yes", "No"))
    >
    >
    > ggplot(data=titanic) +
    + geom_mosaic(aes(weight=Freq, x=product(Class), fill=Survived))
    Don't know how to automatically pick scale for object of type productlist. Defaulting to continuous.
    Error: Discrete value supplied to continuous scale
    Execution halted
Flavors: r-devel-linux-x86_64-debian-clang, r-devel-linux-x86_64-debian-gcc, r-patched-linux-x86_64, r-release-linux-x86_64

Version: 0.1.2
Check: re-building of vignette outputs
Result: WARN
    Error in re-building vignettes:
     ...
    Loading required package: ggplot2
    Loading required package: productplots
    
    Attaching package: 'ggmosaic'
    
    The following objects are masked from 'package:productplots':
    
     ddecker, hspine, mosaic, prodcalc, spine, vspine
    
    
    Attaching package: 'plotly'
    
    The following object is masked from 'package:ggplot2':
    
     last_plot
    
    The following object is masked from 'package:stats':
    
     filter
    
    The following object is masked from 'package:graphics':
    
     layout
    
    
    Attaching package: 'dplyr'
    
    The following objects are masked from 'package:stats':
    
     filter, lag
    
    The following objects are masked from 'package:base':
    
     intersect, setdiff, setequal, union
    
    
    Attaching package: 'gridExtra'
    
    The following object is masked from 'package:dplyr':
    
     combine
    
    Don't know how to automatically pick scale for object of type productlist. Defaulting to continuous.
    Quitting from lines 171-175 (ggmosaic.Rmd)
    Error: processing vignette ‘ggmosaic.Rmd’ failed with diagnostics:
    Discrete value supplied to continuous scale
    Execution halted
Flavors: r-devel-linux-x86_64-debian-clang, r-devel-linux-x86_64-debian-gcc, r-patched-linux-x86_64, r-release-linux-x86_64

Version: 0.1.2
Check: dependencies in R code
Result: NOTE
    Namespaces in Imports field not imported from:
     ‘NHANES’ ‘gridExtra’
     All declared Imports should be used.
Flavors: r-devel-linux-x86_64-fedora-clang, r-devel-linux-x86_64-fedora-gcc, r-patched-solaris-x86, r-release-osx-x86_64, r-oldrel-osx-x86_64