CRAN Package Check Results for Package ggmosaic

Last updated on 2018-08-17 00:49:47 CEST.

Flavor Version Tinstall Tcheck Ttotal Status Flags
r-devel-linux-x86_64-debian-clang 0.1.2 4.94 45.61 50.55 ERROR
r-devel-linux-x86_64-debian-gcc 0.1.2 3.37 36.19 39.56 ERROR
r-devel-linux-x86_64-fedora-clang 0.1.2 60.11 ERROR
r-devel-linux-x86_64-fedora-gcc 0.1.2 56.78 ERROR
r-devel-windows-ix86+x86_64 0.1.2 17.00 84.00 101.00 ERROR
r-patched-linux-x86_64 0.1.2 4.17 39.27 43.44 ERROR
r-patched-solaris-x86 0.1.2 80.60 ERROR
r-release-linux-x86_64 0.1.2 4.07 40.06 44.13 ERROR
r-release-windows-ix86+x86_64 0.1.2 16.00 98.00 114.00 ERROR
r-release-osx-x86_64 0.1.2 NOTE
r-oldrel-windows-ix86+x86_64 0.1.2 15.00 79.00 94.00 ERROR
r-oldrel-osx-x86_64 0.1.2 NOTE

Check Details

Version: 0.1.2
Check: S3 generic/method consistency
Result: NOTE
    Found the following apparent S3 methods exported but not registered:
     scale_type.product scale_type.productlist
    See section ‘Registering S3 methods’ in the ‘Writing R Extensions’
    manual.
Flavors: r-devel-linux-x86_64-debian-clang, r-devel-linux-x86_64-debian-gcc, r-devel-linux-x86_64-fedora-clang, r-devel-linux-x86_64-fedora-gcc, r-patched-linux-x86_64, r-patched-solaris-x86, r-release-linux-x86_64

Version: 0.1.2
Check: Rd \usage sections
Result: NOTE
    S3 methods shown with full name in documentation object 'scale_type.product':
     ‘scale_type.product’
    
    S3 methods shown with full name in documentation object 'scale_type.productlist':
     ‘scale_type.productlist’
    
    The \usage entries for S3 methods should use the \method markup and not
    their full name.
    See chapter ‘Writing R documentation files’ in the ‘Writing R
    Extensions’ manual.
Flavors: r-devel-linux-x86_64-debian-clang, r-devel-linux-x86_64-debian-gcc, r-devel-linux-x86_64-fedora-clang, r-devel-linux-x86_64-fedora-gcc, r-devel-windows-ix86+x86_64, r-patched-linux-x86_64, r-patched-solaris-x86, r-release-linux-x86_64, r-release-windows-ix86+x86_64, r-oldrel-windows-ix86+x86_64

Version: 0.1.2
Check: examples
Result: ERROR
    Running examples in ‘ggmosaic-Ex.R’ failed
    The error most likely occurred in:
    
    > base::assign(".ptime", proc.time(), pos = "CheckExEnv")
    > ### Name: geom_mosaic
    > ### Title: Mosaic plots.
    > ### Aliases: geom_mosaic stat_mosaic
    >
    > ### ** Examples
    >
    >
    > data(Titanic)
    > titanic <- as.data.frame(Titanic)
    > titanic$Survived <- factor(titanic$Survived, levels=c("Yes", "No"))
    >
    >
    > ggplot(data=titanic) +
    + geom_mosaic(aes(weight=Freq, x=product(Class), fill=Survived))
    Don't know how to automatically pick scale for object of type productlist. Defaulting to continuous.
    Error in is.finite(x) : default method not implemented for type 'list'
    Calls: <Anonymous> ... lapply -> FUN -> <Anonymous> -> f -> lapply -> FUN -> f
    Execution halted
Flavors: r-devel-linux-x86_64-debian-clang, r-devel-linux-x86_64-debian-gcc, r-patched-linux-x86_64, r-release-linux-x86_64

Version: 0.1.2
Check: re-building of vignette outputs
Result: WARN
    Error in re-building vignettes:
     ...
    Loading required package: ggplot2
    Loading required package: productplots
    
    Attaching package: 'ggmosaic'
    
    The following objects are masked from 'package:productplots':
    
     ddecker, hspine, mosaic, prodcalc, spine, vspine
    
    
    Attaching package: 'plotly'
    
    The following object is masked from 'package:ggplot2':
    
     last_plot
    
    The following object is masked from 'package:stats':
    
     filter
    
    The following object is masked from 'package:graphics':
    
     layout
    
    
    Attaching package: 'dplyr'
    
    The following objects are masked from 'package:stats':
    
     filter, lag
    
    The following objects are masked from 'package:base':
    
     intersect, setdiff, setequal, union
    
    
    Attaching package: 'gridExtra'
    
    The following object is masked from 'package:dplyr':
    
     combine
    
    Don't know how to automatically pick scale for object of type productlist. Defaulting to continuous.
    Quitting from lines 171-175 (ggmosaic.Rmd)
    Error: processing vignette ‘ggmosaic.Rmd’ failed with diagnostics:
    default method not implemented for type ‘list’
    Execution halted
Flavors: r-devel-linux-x86_64-debian-clang, r-devel-linux-x86_64-debian-gcc, r-patched-linux-x86_64, r-release-linux-x86_64

Version: 0.1.2
Check: dependencies in R code
Result: NOTE
    Namespaces in Imports field not imported from:
     ‘NHANES’ ‘gridExtra’
     All declared Imports should be used.
Flavors: r-devel-linux-x86_64-fedora-clang, r-devel-linux-x86_64-fedora-gcc, r-patched-solaris-x86, r-release-osx-x86_64, r-oldrel-osx-x86_64

Version: 0.1.2
Check: examples
Result: ERROR
    Running examples in ‘ggmosaic-Ex.R’ failed
    The error most likely occurred in:
    
    > ### Name: geom_mosaic
    > ### Title: Mosaic plots.
    > ### Aliases: geom_mosaic stat_mosaic
    >
    > ### ** Examples
    >
    >
    > data(Titanic)
    > titanic <- as.data.frame(Titanic)
    > titanic$Survived <- factor(titanic$Survived, levels=c("Yes", "No"))
    >
    >
    > ggplot(data=titanic) +
    + geom_mosaic(aes(weight=Freq, x=product(Class), fill=Survived))
    Error in is.finite(x) : default method not implemented for type 'list'
    Calls: <Anonymous> ... lapply -> FUN -> <Anonymous> -> f -> lapply -> FUN -> f
    Execution halted
Flavors: r-devel-linux-x86_64-fedora-clang, r-devel-linux-x86_64-fedora-gcc, r-devel-windows-ix86+x86_64, r-patched-solaris-x86, r-release-windows-ix86+x86_64, r-oldrel-windows-ix86+x86_64

Version: 0.1.2
Check: re-building of vignette outputs
Result: WARN
    Error in re-building vignettes:
     ...
    Loading required package: ggplot2
    Loading required package: productplots
    
    Attaching package: 'ggmosaic'
    
    The following objects are masked from 'package:productplots':
    
     ddecker, hspine, mosaic, prodcalc, spine, vspine
    
    
    Attaching package: 'plotly'
    
    The following object is masked from 'package:ggplot2':
    
     last_plot
    
    The following object is masked from 'package:stats':
    
     filter
    
    The following object is masked from 'package:graphics':
    
     layout
    
    
    Attaching package: 'dplyr'
    
    The following objects are masked from 'package:stats':
    
     filter, lag
    
    The following objects are masked from 'package:base':
    
     intersect, setdiff, setequal, union
    
    
    Attaching package: 'gridExtra'
    
    The following object is masked from 'package:dplyr':
    
     combine
    
    Quitting from lines 171-175 (ggmosaic.Rmd)
    Error: processing vignette 'ggmosaic.Rmd' failed with diagnostics:
    default method not implemented for type 'list'
    Execution halted
Flavors: r-devel-linux-x86_64-fedora-clang, r-devel-linux-x86_64-fedora-gcc, r-devel-windows-ix86+x86_64, r-release-windows-ix86+x86_64, r-oldrel-windows-ix86+x86_64

Version: 0.1.2
Check: re-building of vignette outputs
Result: WARN
    Error in re-building vignettes:
     ...
    Warning in engine$weave(file, quiet = quiet, encoding = enc) :
     Pandoc (>= 1.12.3) and/or pandoc-citeproc not available. Falling back to R Markdown v1.
    Loading required package: ggplot2
    Loading required package: productplots
    
    Attaching package: 'ggmosaic'
    
    The following objects are masked from 'package:productplots':
    
     ddecker, hspine, mosaic, prodcalc, spine, vspine
    
    
    Attaching package: 'plotly'
    
    The following object is masked from 'package:ggplot2':
    
     last_plot
    
    The following object is masked from 'package:stats':
    
     filter
    
    The following object is masked from 'package:graphics':
    
     layout
    
    
    Attaching package: 'dplyr'
    
    The following objects are masked from 'package:stats':
    
     filter, lag
    
    The following objects are masked from 'package:base':
    
     intersect, setdiff, setequal, union
    
    
    Attaching package: 'gridExtra'
    
    The following object is masked from 'package:dplyr':
    
     combine
    
    Quitting from lines 171-175 (ggmosaic.Rmd)
    Error: processing vignette 'ggmosaic.Rmd' failed with diagnostics:
    default method not implemented for type 'list'
    Execution halted
Flavor: r-patched-solaris-x86