Last updated on 2021-04-11 18:47:31 CEST.
Flavor | Version | Tinstall | Tcheck | Ttotal | Status | Flags |
---|---|---|---|---|---|---|
r-devel-linux-x86_64-debian-clang | 0.4.5 | 3.92 | 49.29 | 53.21 | NOTE | |
r-devel-linux-x86_64-debian-gcc | 0.4.5 | 3.28 | 37.06 | 40.34 | NOTE | |
r-devel-linux-x86_64-fedora-clang | 0.4.5 | 72.51 | NOTE | |||
r-devel-linux-x86_64-fedora-gcc | 0.4.5 | 63.87 | NOTE | |||
r-devel-windows-ix86+x86_64 | 0.4.5 | 8.00 | 54.00 | 62.00 | NOTE | |
r-devel-windows-x86_64-gcc10-UCRT | 0.4.5 | NOTE | ||||
r-patched-linux-x86_64 | 0.4.5 | 3.67 | 45.70 | 49.37 | OK | |
r-patched-solaris-x86 | 0.4.5 | 89.80 | OK | |||
r-release-linux-x86_64 | 0.4.5 | 3.99 | 45.65 | 49.64 | OK | |
r-release-macos-x86_64 | 0.4.5 | OK | ||||
r-release-windows-ix86+x86_64 | 0.4.5 | 11.00 | 73.00 | 84.00 | OK | |
r-oldrel-macos-x86_64 | 0.4.5 | OK | ||||
r-oldrel-windows-ix86+x86_64 | 0.4.5 | 10.00 | 49.00 | 59.00 | OK |
Version: 0.4.5
Check: LazyData
Result: NOTE
'LazyData' is specified without a 'data' directory
Flavors: r-devel-linux-x86_64-debian-clang, r-devel-linux-x86_64-debian-gcc, r-devel-linux-x86_64-fedora-clang, r-devel-linux-x86_64-fedora-gcc, r-devel-windows-ix86+x86_64, r-devel-windows-x86_64-gcc10-UCRT