CRAN Package Check Results for Package ggnormalviolin

Last updated on 2024-02-28 10:14:03 CET.

Flavor Version Tinstall Tcheck Ttotal Status Flags
r-devel-linux-x86_64-debian-clang 0.1.2 4.37 32.38 36.75 NOTE
r-devel-linux-x86_64-debian-gcc 0.1.2 3.88 24.85 28.73 NOTE
r-devel-linux-x86_64-fedora-clang 0.1.2 45.30 NOTE
r-devel-linux-x86_64-fedora-gcc 0.1.2 42.98 NOTE
r-devel-windows-x86_64 0.1.2 6.00 44.00 50.00 NOTE
r-patched-linux-x86_64 0.1.2 9.42 31.14 40.56 NOTE
r-release-linux-x86_64 0.1.2 3.58 31.77 35.35 NOTE
r-release-macos-arm64 0.1.2 20.00 NOTE
r-release-macos-x86_64 0.1.2 26.00 NOTE
r-release-windows-x86_64 0.1.2 7.00 46.00 53.00 NOTE
r-oldrel-macos-arm64 0.1.2 17.00 NOTE
r-oldrel-windows-x86_64 0.1.2 7.00 52.00 59.00 NOTE

Check Details

Version: 0.1.2
Check: LazyData
Result: NOTE 'LazyData' is specified without a 'data' directory Flavors: r-devel-linux-x86_64-debian-clang, r-devel-linux-x86_64-debian-gcc, r-devel-linux-x86_64-fedora-clang, r-devel-linux-x86_64-fedora-gcc, r-devel-windows-x86_64, r-patched-linux-x86_64, r-release-linux-x86_64, r-release-macos-arm64, r-release-macos-x86_64, r-release-windows-x86_64, r-oldrel-macos-arm64, r-oldrel-windows-x86_64

Version: 0.1.2
Check: dependencies in R code
Result: NOTE Namespaces in Imports field not imported from: ‘dplyr’ ‘grid’ ‘scales’ All declared Imports should be used. Flavors: r-devel-linux-x86_64-fedora-clang, r-devel-linux-x86_64-fedora-gcc, r-oldrel-macos-arm64