CRAN Package Check Results for Package ggpacman

Last updated on 2021-03-05 13:48:24 CET.

Flavor Version Tinstall Tcheck Ttotal Status Flags
r-devel-linux-x86_64-debian-clang 0.1.0 2.73 26.76 29.49 OK
r-devel-linux-x86_64-debian-gcc 0.1.0 2.36 20.82 23.18 OK
r-devel-linux-x86_64-fedora-clang 0.1.0 45.61 OK
r-devel-linux-x86_64-fedora-gcc 0.1.0 34.82 OK
r-devel-windows-ix86+x86_64 0.1.0 7.00 41.00 48.00 WARN
r-patched-linux-x86_64 0.1.0 OK
r-patched-solaris-x86 0.1.0 52.40 OK
r-release-linux-x86_64 0.1.0 3.02 25.84 28.86 OK
r-release-macos-x86_64 0.1.0 OK
r-release-windows-ix86+x86_64 0.1.0 5.00 31.00 36.00 OK
r-oldrel-macos-x86_64 0.1.0 OK
r-oldrel-windows-ix86+x86_64 0.1.0 4.00 30.00 34.00 OK

Check Details

Version: 0.1.0
Check: for code/documentation mismatches
Result: WARN
    Codoc mismatches from documentation object 'animate_pacman':
    animate_pacman
     Code: function(pacman, ghosts, file = NULL, caption = iconv("©
     Mickaël 'Coeos' Canouil", "UTF-8"), font_family = "")
     Docs: function(pacman, ghosts, file = NULL, caption = iconv("©
     Mickaël 'Coeos' Canouil", "UTF-8"), font_family = "")
     Mismatches in argument default values:
     Name: 'caption' Code: iconv("© Mickaël 'Coeos' Canouil", "UTF-8") Docs: iconv("© Mickaël 'Coeos' Canouil", "UTF-8")
Flavor: r-devel-windows-ix86+x86_64