Last updated on 2023-09-29 01:56:06 CEST.
Flavor | Version | Tinstall | Tcheck | Ttotal | Status | Flags |
---|---|---|---|---|---|---|
r-devel-linux-x86_64-debian-clang | 1.7.2 | 10.22 | 84.75 | 94.97 | OK | |
r-devel-linux-x86_64-debian-gcc | 1.7.2 | 8.52 | 63.04 | 71.56 | OK | |
r-devel-linux-x86_64-fedora-clang | 1.7.2 | 118.42 | OK | |||
r-devel-linux-x86_64-fedora-gcc | 1.7.2 | 128.38 | OK | |||
r-devel-windows-x86_64 | 1.7.2 | 11.00 | 82.00 | 93.00 | OK | |
r-patched-linux-x86_64 | 1.7.2 | 9.19 | 80.33 | 89.52 | OK | |
r-release-linux-x86_64 | 1.7.2 | 8.68 | 81.50 | 90.18 | OK | |
r-release-macos-arm64 | 1.7.2 | 5.00 | ERROR | |||
r-release-macos-x86_64 | 1.7.2 | 7.00 | ERROR | |||
r-release-windows-x86_64 | 1.7.2 | 15.00 | 97.00 | 112.00 | OK | |
r-oldrel-macos-arm64 | 1.7.2 | 8.00 | ERROR | |||
r-oldrel-macos-x86_64 | 1.7.2 | 12.00 | ERROR | |||
r-oldrel-windows-x86_64 | 1.7.2 | 14.00 | 100.00 | 114.00 | OK |
Version: 1.7.2
Check: package dependencies
Result: ERROR
Package required but not available: ‘MicrobiomeStat’
See section ‘The DESCRIPTION file’ in the ‘Writing R Extensions’
manual.
Flavors: r-release-macos-arm64, r-release-macos-x86_64
Version: 1.7.2
Check: package dependencies
Result: ERROR
Packages required but not available: 'lefser', 'Maaslin2'
See section ‘The DESCRIPTION file’ in the ‘Writing R Extensions’
manual.
Flavor: r-oldrel-macos-arm64
Version: 1.7.2
Check: package dependencies
Result: ERROR
Packages required but not available: 'lefser', 'Maaslin2', 'metagenomeSeq'
See section ‘The DESCRIPTION file’ in the ‘Writing R Extensions’
manual.
Flavor: r-oldrel-macos-x86_64