CRAN Package Check Results for Package ggplot2

Last updated on 2018-01-18 03:49:23 CET.

Flavor Version Tinstall Tcheck Ttotal Status Flags
r-devel-linux-x86_64-debian-clang 2.2.1 4.49 290.10 294.59 OK
r-devel-linux-x86_64-debian-gcc 2.2.1 4.64 237.44 242.08 OK
r-devel-linux-x86_64-fedora-clang 2.2.1 345.62 NOTE
r-devel-linux-x86_64-fedora-gcc 2.2.1 341.31 NOTE
r-devel-windows-ix86+x86_64 2.2.1 14.00 262.00 276.00 OK
r-patched-linux-x86_64 2.2.1 4.70 292.73 297.43 OK
r-patched-solaris-x86 2.2.1 426.70 ERROR
r-release-linux-x86_64 2.2.1 5.40 308.81 314.21 OK
r-release-windows-ix86+x86_64 2.2.1 13.00 290.00 303.00 OK
r-release-osx-x86_64 2.2.1 NOTE
r-oldrel-windows-ix86+x86_64 2.2.1 14.00 372.00 386.00 OK
r-oldrel-osx-x86_64 2.2.1 NOTE

Check Details

Version: 2.2.1
Check: dependencies in R code
Result: NOTE
    Namespace in Imports field not imported from: ‘reshape2’
     All declared Imports should be used.
Flavors: r-devel-linux-x86_64-fedora-clang, r-devel-linux-x86_64-fedora-gcc, r-patched-solaris-x86, r-release-osx-x86_64, r-oldrel-osx-x86_64

Version: 2.2.1
Check: tests
Result: ERROR
     Running ‘testthat.R’ [37s/43s]
    Running the tests in ‘tests/testthat.R’ failed.
    Complete output:
     > library(testthat)
     > library(ggplot2)
     >
     > test_check("ggplot2")
     ── 1. Failure: inherits timezone from data (@test-scale-date.R#18) ────────────
     sc$timezone not equal to NULL.
     Types not compatible: character is not NULL
    
     ══ testthat results ═══════════════════════════════════════════════════════════
     OK: 804 SKIPPED: 1 FAILED: 1
     1. Failure: inherits timezone from data (@test-scale-date.R#18)
    
     Error: testthat unit tests failed
     Execution halted
Flavor: r-patched-solaris-x86